{"id":13296,"date":"2024-10-08T09:29:28","date_gmt":"2024-10-08T07:29:28","guid":{"rendered":"https:\/\/moianesturisme.cat\/agendacultural\/?post_type=tribe_events&#038;p=13296"},"modified":"2024-10-08T09:29:28","modified_gmt":"2024-10-08T07:29:28","slug":"concert-ana-rossi","status":"publish","type":"tribe_events","link":"https:\/\/moianesturisme.cat\/agendacultural\/activitat\/concert-ana-rossi\/","title":{"rendered":"Concert Ana Rossi"},"content":{"rendered":"<p><strong>Concert Ana Rossi\u00a0<\/strong><br \/>\n<strong>15 de novembre de 2024,\u00a0<\/strong>21:30h<br \/>\nAna Rossi \u00e9s cantant i recent compositora. Despr\u00e9s d&#8217;anys de participar en diversos projectes, presenta el seu primer disc de composicions pr\u00f2pies (Una casa, Whataboutmusic 2023) en un directe on\u00a0<span class=\"il\">la<\/span>\u00a0m\u00fasica i\u00a0<span class=\"il\">la<\/span>\u00a0paraula s\u00f3n protagonistes, i \u00e9s en\u00a0<span class=\"il\">la<\/span>\u00a0comunicaci\u00f3 amb el p\u00fablic i amb\u00a0<span class=\"il\">la<\/span>\u00a0frescor del moment on s&#8217;expandeixen. Can\u00e7ons amb perfums de llatinoam\u00e8rica, perles populars d&#8217;aqu\u00ed i d&#8217;all\u00e0 sonaran a conson\u00e0ncia amb les seves pr\u00f2pies creacions.<br \/>\nEns oferir\u00e0 un concert de les seves can\u00e7ons (algunes van brotar fa anys, a\u00a0<span class=\"il\">La<\/span>\u00a0<span class=\"il\">Plana<\/span>) i un grapat de can\u00e7ons populars que l&#8217;emocionen. Hi haur\u00e0 convidats sorpresa per compartir i celebrar\u00a0<span class=\"il\">la<\/span>\u00a0trobada.<br \/>\nPer m\u00e9s informaci\u00f3 i reserves ens podeu escriure a\u00a0<a href=\"mailto:info@fundaci%25C3%25B3laplana.org\" target=\"_blank\" rel=\"noopener\">info@fundaci\u00f3<span class=\"il\">laplana<\/span>.org<\/a><\/p>\n","protected":false},"excerpt":{"rendered":"<p>Concert Ana Rossi\u00a0 15 de novembre de 2024,\u00a021:30h Ana Rossi \u00e9s cantant i recent compositora. Despr\u00e9s d&#8217;anys de participar en diversos projectes, presenta el seu primer disc de composicions pr\u00f2pies (Una casa, Whataboutmusic 2023) en un directe on\u00a0la\u00a0m\u00fasica i\u00a0la\u00a0paraula s\u00f3n protagonistes, i \u00e9s en\u00a0la\u00a0comunicaci\u00f3 amb el p\u00fablic i amb\u00a0la\u00a0frescor del moment on s&#8217;expandeixen. Can\u00e7ons amb<\/p>\n","protected":false},"author":40,"featured_media":0,"template":"","meta":{"_acf_changed":false,"_tribe_events_status":"","_tribe_events_status_reason":"","_tribe_events_is_hybrid":"","_tribe_events_is_virtual":"","_tribe_events_virtual_video_source":"","_tribe_events_virtual_embed_video":"","_tribe_events_virtual_linked_button_text":"","_tribe_events_virtual_linked_button":"","_tribe_events_virtual_show_embed_at":"","_tribe_events_virtual_show_embed_to":[],"_tribe_events_virtual_show_on_event":"","_tribe_events_virtual_show_on_views":"","_tribe_events_virtual_url":"","footnotes":""},"tags":[],"tribe_events_cat":[85,124,71,76],"class_list":["post-13296","tribe_events","type-tribe_events","status-publish","hentry","tribe_events_cat-arts-esceniques","tribe_events_cat-cultura","tribe_events_cat-espectacles","tribe_events_cat-musica","cat_arts-esceniques","cat_cultura","cat_espectacles","cat_musica"],"acf":[],"_links":{"self":[{"href":"https:\/\/moianesturisme.cat\/agendacultural\/wp-json\/wp\/v2\/tribe_events\/13296","targetHints":{"allow":["GET"]}}],"collection":[{"href":"https:\/\/moianesturisme.cat\/agendacultural\/wp-json\/wp\/v2\/tribe_events"}],"about":[{"href":"https:\/\/moianesturisme.cat\/agendacultural\/wp-json\/wp\/v2\/types\/tribe_events"}],"author":[{"embeddable":true,"href":"https:\/\/moianesturisme.cat\/agendacultural\/wp-json\/wp\/v2\/users\/40"}],"version-history":[{"count":1,"href":"https:\/\/moianesturisme.cat\/agendacultural\/wp-json\/wp\/v2\/tribe_events\/13296\/revisions"}],"predecessor-version":[{"id":13297,"href":"https:\/\/moianesturisme.cat\/agendacultural\/wp-json\/wp\/v2\/tribe_events\/13296\/revisions\/13297"}],"wp:attachment":[{"href":"https:\/\/moianesturisme.cat\/agendacultural\/wp-json\/wp\/v2\/media?parent=13296"}],"wp:term":[{"taxonomy":"post_tag","embeddable":true,"href":"https:\/\/moianesturisme.cat\/agendacultural\/wp-json\/wp\/v2\/tags?post=13296"},{"taxonomy":"tribe_events_cat","embeddable":true,"href":"https:\/\/moianesturisme.cat\/agendacultural\/wp-json\/wp\/v2\/tribe_events_cat?post=13296"}],"curies":[{"name":"wp","href":"https:\/\/api.w.org\/{rel}","templated":true}]}}

<p><strong>Concert Ana Rossi </strong><br />
<strong>15 de novembre de 2024, </strong>21:30h<br />
Ana Rossi és cantant i recent compositora. Després d&#8217;anys de participar en diversos projectes, presenta el seu primer disc de composicions pròpies (Una casa, Whataboutmusic 2023) en un directe on <span class="il">la</span> música i <span class="il">la</span> paraula són protagonistes, i és en <span class="il">la</span> comunicació amb el públic i amb <span class="il">la</span> frescor del moment on s&#8217;expandeixen. Cançons amb perfums de llatinoamèrica, perles populars d&#8217;aquí i d&#8217;allà sonaran a consonància amb les seves pròpies creacions.<br />
Ens oferirà un concert de les seves cançons (algunes van brotar fa anys, a <span class="il">La</span> <span class="il">Plana</span>) i un grapat de cançons populars que l&#8217;emocionen. Hi haurà convidats sorpresa per compartir i celebrar <span class="il">la</span> trobada.<br />
Per més informació i reserves ens podeu escriure a <a href="mailto:info@fundaci%25C3%25B3laplana.org" target="_blank" rel="noopener">info@fundació<span class="il">laplana</span>.org</a></p>

<p>Concert Ana Rossi  15 de novembre de 2024, 21:30h Ana Rossi és cantant i recent compositora. Després d&#8217;anys de participar en diversos projectes, presenta el seu primer disc de composicions pròpies (Una casa, Whataboutmusic 2023) en un directe on la música i la paraula són protagonistes, i és en la comunicació amb el públic i amb la frescor del moment on s&#8217;expandeixen. Cançons amb</p>
