{"id":11837,"date":"2024-07-16T10:19:37","date_gmt":"2024-07-16T08:19:37","guid":{"rendered":"https:\/\/moianesturisme.cat\/agendacultural\/?post_type=tribe_events&#038;p=11837"},"modified":"2024-07-16T10:19:37","modified_gmt":"2024-07-16T08:19:37","slug":"9e-concurs-de-fotografia","status":"publish","type":"tribe_events","link":"https:\/\/moianesturisme.cat\/agendacultural\/activitat\/9e-concurs-de-fotografia\/","title":{"rendered":"9\u00e8 Concurs de fotografia"},"content":{"rendered":"<div class=\"fusion-fullwidth fullwidth-box fusion-builder-row-1 fusion-flex-container has-pattern-background has-mask-background nonhundred-percent-fullwidth non-hundred-percent-height-scrolling\" style=\"--awb-border-radius-top-left:0px;--awb-border-radius-top-right:0px;--awb-border-radius-bottom-right:0px;--awb-border-radius-bottom-left:0px;--awb-flex-wrap:wrap;\" ><div class=\"fusion-builder-row fusion-row fusion-flex-align-items-flex-start fusion-flex-content-wrap\" style=\"max-width:1216.8px;margin-left: calc(-4% \/ 2 );margin-right: calc(-4% \/ 2 );\"><div class=\"fusion-layout-column fusion_builder_column fusion-builder-column-0 fusion_builder_column_1_1 1_1 fusion-flex-column\" style=\"--awb-bg-size:cover;--awb-width-large:100%;--awb-margin-top-large:0px;--awb-spacing-right-large:1.92%;--awb-margin-bottom-large:20px;--awb-spacing-left-large:1.92%;--awb-width-medium:100%;--awb-order-medium:0;--awb-spacing-right-medium:1.92%;--awb-spacing-left-medium:1.92%;--awb-width-small:100%;--awb-order-small:0;--awb-spacing-right-small:1.92%;--awb-spacing-left-small:1.92%;\"><div class=\"fusion-column-wrapper fusion-column-has-shadow fusion-flex-justify-content-flex-start fusion-content-layout-column\"><div class=\"fusion-text fusion-text-1\"><p>L\u2019Ajuntament de Castellter\u00e7ol convoca un concurs de fotografia amb la finalitat d\u2019il\u00b7lustrar el calendari del municipi per l\u2019any 2025. El concurs\u00a0<strong>&#8220;Castellter\u00e7ol, un poble en moviment&#8221;<\/strong>\u00a0est\u00e0 obert a totes les persones aficionades a la fotografia, de qualsevol edat i proced\u00e8ncia, i cadasc\u00fa pot presentar un m\u00e0xim de 5 fotografies in\u00e8dites, que no s&#8217;hagin presentat a cap altre concurs.<br \/>\nAix\u00ed que treu la pols de la teva c\u00e0mera i atrapa els millors moments esportius de\u00a0Castellter\u00e7ol participant en el\u00a0<strong>9\u00e8 Concurs de Fotos<\/strong>.<\/p>\n<p><strong>Qu\u00e8 busquem?<\/strong><br \/>\nImatges de gent practicant esport, sigui individual o en equip. A dins d&#8217;instal\u00b7lacions equipades o a l&#8217;aire lliure.<br \/>\nBusquem jugades disputades, el millor &#8220;swing&#8221; del Moian\u00e8s o bicicletes recorrent senders del poble. Potser us atreviu amb la postura invertida de ioga, domineu els pals del Nordic Walking o sou uns cracks del roc\u00f2drom. Tamb\u00e9 volem explicar esdeveniments esportius que ens representen: el campionat de Futbol Sala d&#8217;estiu, la Kedada Trail, les caminades populars o la cursa de Festa Major, per posar exemples. I aquest any hi ha hagut moltes celebracions al poble, blaves i verdes. Segur que en guardeu bones imatges! En definitiva, qualsevol fotografia que su\u00ef la samarreta pot participar en aquest concurs.<\/p>\n<p lang=\"CA-ES\" xml:lang=\"CA-ES\"><strong>Com concursar?\u00a0<\/strong><br \/>\nCada participant podr\u00e0 presentar un m\u00e0xim de\u00a0<strong>5 fotos in\u00e8dites\u00a0<\/strong>que haur\u00e0 d&#8217;enviar a trav\u00e9s del correu calendaricastell@gmail.com. Les imatges han de ser\u00a0<strong>apa\u00efsades (horitzontals)<\/strong>\u00a0i de bona qualitat; a m\u00e9s a m\u00e9s, caldr\u00e0\u00a0<strong>especificar el lloc del municipi on s&#8217;ha fet la fotografia<\/strong>. Si a les imatges hi surten persones que es puguin identificar clarament, s&#8217;haur\u00e0 de tenir la seva autoritzaci\u00f3 per poder presentar la foto al concurs. El document s&#8217;adjuntar\u00e0 amb la resta de dades de la fotografia.<br \/>\nEn cas de no complir aquests requisits, la fotografia seri\u00e0 autom\u00e0ticament descartada.<\/p>\n<p>Molta sort a tots i totes!<\/p>\n<\/div><\/div><\/div><\/div><\/div>\n","protected":false},"excerpt":{"rendered":"","protected":false},"author":2,"featured_media":0,"template":"","meta":{"_acf_changed":false,"_tribe_events_status":"","_tribe_events_status_reason":"","_tribe_events_is_hybrid":"","_tribe_events_is_virtual":"","_tribe_events_virtual_video_source":"","_tribe_events_virtual_embed_video":"","_tribe_events_virtual_linked_button_text":"","_tribe_events_virtual_linked_button":"","_tribe_events_virtual_show_embed_at":"","_tribe_events_virtual_show_embed_to":[],"_tribe_events_virtual_show_on_event":"","_tribe_events_virtual_show_on_views":"","_tribe_events_virtual_url":"","footnotes":""},"tags":[],"tribe_events_cat":[72,170],"class_list":["post-11837","tribe_events","type-tribe_events","status-publish","hentry","tribe_events_cat-esports","tribe_events_cat-fotografia","cat_esports","cat_fotografia"],"acf":[],"_links":{"self":[{"href":"https:\/\/moianesturisme.cat\/agendacultural\/wp-json\/wp\/v2\/tribe_events\/11837","targetHints":{"allow":["GET"]}}],"collection":[{"href":"https:\/\/moianesturisme.cat\/agendacultural\/wp-json\/wp\/v2\/tribe_events"}],"about":[{"href":"https:\/\/moianesturisme.cat\/agendacultural\/wp-json\/wp\/v2\/types\/tribe_events"}],"author":[{"embeddable":true,"href":"https:\/\/moianesturisme.cat\/agendacultural\/wp-json\/wp\/v2\/users\/2"}],"version-history":[{"count":2,"href":"https:\/\/moianesturisme.cat\/agendacultural\/wp-json\/wp\/v2\/tribe_events\/11837\/revisions"}],"predecessor-version":[{"id":11840,"href":"https:\/\/moianesturisme.cat\/agendacultural\/wp-json\/wp\/v2\/tribe_events\/11837\/revisions\/11840"}],"wp:attachment":[{"href":"https:\/\/moianesturisme.cat\/agendacultural\/wp-json\/wp\/v2\/media?parent=11837"}],"wp:term":[{"taxonomy":"post_tag","embeddable":true,"href":"https:\/\/moianesturisme.cat\/agendacultural\/wp-json\/wp\/v2\/tags?post=11837"},{"taxonomy":"tribe_events_cat","embeddable":true,"href":"https:\/\/moianesturisme.cat\/agendacultural\/wp-json\/wp\/v2\/tribe_events_cat?post=11837"}],"curies":[{"name":"wp","href":"https:\/\/api.w.org\/{rel}","templated":true}]}}

9è Concurs de fotografia

<div class="fusion-fullwidth fullwidth-box fusion-builder-row-1 fusion-flex-container has-pattern-background has-mask-background nonhundred-percent-fullwidth non-hundred-percent-height-scrolling" style="--awb-border-radius-top-left:0px;--awb-border-radius-top-right:0px;--awb-border-radius-bottom-right:0px;--awb-border-radius-bottom-left:0px;--awb-flex-wrap:wrap;" ><div class="fusion-builder-row fusion-row fusion-flex-align-items-flex-start fusion-flex-content-wrap" style="max-width:1216.8px;margin-left: calc(-4% / 2 );margin-right: calc(-4% / 2 );"><div class="fusion-layout-column fusion_builder_column fusion-builder-column-0 fusion_builder_column_1_1 1_1 fusion-flex-column" style="--awb-bg-size:cover;--awb-width-large:100%;--awb-margin-top-large:0px;--awb-spacing-right-large:1.92%;--awb-margin-bottom-large:20px;--awb-spacing-left-large:1.92%;--awb-width-medium:100%;--awb-order-medium:0;--awb-spacing-right-medium:1.92%;--awb-spacing-left-medium:1.92%;--awb-width-small:100%;--awb-order-small:0;--awb-spacing-right-small:1.92%;--awb-spacing-left-small:1.92%;"><div class="fusion-column-wrapper fusion-column-has-shadow fusion-flex-justify-content-flex-start fusion-content-layout-column"><div class="fusion-text fusion-text-1"><p>L’Ajuntament de Castellterçol convoca un concurs de fotografia amb la finalitat d’il·lustrar el calendari del municipi per l’any 2025. El concurs <strong>&#8220;Castellterçol, un poble en moviment&#8221;</strong> està obert a totes les persones aficionades a la fotografia, de qualsevol edat i procedència, i cadascú pot presentar un màxim de 5 fotografies inèdites, que no s&#8217;hagin presentat a cap altre concurs.<br />
Així que treu la pols de la teva càmera i atrapa els millors moments esportius de Castellterçol participant en el <strong>9è Concurs de Fotos</strong>.</p>
<p><strong>Què busquem?</strong><br />
Imatges de gent practicant esport, sigui individual o en equip. A dins d&#8217;instal·lacions equipades o a l&#8217;aire lliure.<br />
Busquem jugades disputades, el millor &#8220;swing&#8221; del Moianès o bicicletes recorrent senders del poble. Potser us atreviu amb la postura invertida de ioga, domineu els pals del Nordic Walking o sou uns cracks del rocòdrom. També volem explicar esdeveniments esportius que ens representen: el campionat de Futbol Sala d&#8217;estiu, la Kedada Trail, les caminades populars o la cursa de Festa Major, per posar exemples. I aquest any hi ha hagut moltes celebracions al poble, blaves i verdes. Segur que en guardeu bones imatges! En definitiva, qualsevol fotografia que suï la samarreta pot participar en aquest concurs.</p>
<p lang="CA-ES" xml:lang="CA-ES"><strong>Com concursar? </strong><br />
Cada participant podrà presentar un màxim de <strong>5 fotos inèdites </strong>que haurà d&#8217;enviar a través del correu calendaricastell@gmail.com. Les imatges han de ser <strong>apaïsades (horitzontals)</strong> i de bona qualitat; a més a més, caldrà <strong>especificar el lloc del municipi on s&#8217;ha fet la fotografia</strong>. Si a les imatges hi surten persones que es puguin identificar clarament, s&#8217;haurà de tenir la seva autorització per poder presentar la foto al concurs. El document s&#8217;adjuntarà amb la resta de dades de la fotografia.<br />
En cas de no complir aquests requisits, la fotografia serià automàticament descartada.</p>
<p>Molta sort a tots i totes!</p>
</div></div></div></div></div>
