{"id":11463,"date":"2024-06-26T09:56:30","date_gmt":"2024-06-26T07:56:30","guid":{"rendered":"https:\/\/moianesturisme.cat\/agendacultural\/?post_type=tribe_events&#038;p=11463"},"modified":"2024-06-26T10:02:14","modified_gmt":"2024-06-26T08:02:14","slug":"11a-edicio-moianes-empren","status":"publish","type":"tribe_events","link":"https:\/\/moianesturisme.cat\/agendacultural\/activitat\/11a-edicio-moianes-empren\/","title":{"rendered":"11\u00e0 Edici\u00f3. Moian\u00e8s Empr\u00e8n"},"content":{"rendered":"<div class=\"fusion-fullwidth fullwidth-box fusion-builder-row-1 fusion-flex-container has-pattern-background has-mask-background nonhundred-percent-fullwidth non-hundred-percent-height-scrolling\" style=\"--awb-border-radius-top-left:0px;--awb-border-radius-top-right:0px;--awb-border-radius-bottom-right:0px;--awb-border-radius-bottom-left:0px;--awb-flex-wrap:wrap;\" ><div class=\"fusion-builder-row fusion-row fusion-flex-align-items-flex-start fusion-flex-content-wrap\" style=\"max-width:1216.8px;margin-left: calc(-4% \/ 2 );margin-right: calc(-4% \/ 2 );\"><div class=\"fusion-layout-column fusion_builder_column fusion-builder-column-0 fusion_builder_column_1_1 1_1 fusion-flex-column\" style=\"--awb-bg-size:cover;--awb-width-large:100%;--awb-margin-top-large:0px;--awb-spacing-right-large:1.92%;--awb-margin-bottom-large:20px;--awb-spacing-left-large:1.92%;--awb-width-medium:100%;--awb-order-medium:0;--awb-spacing-right-medium:1.92%;--awb-spacing-left-medium:1.92%;--awb-width-small:100%;--awb-order-small:0;--awb-spacing-right-small:1.92%;--awb-spacing-left-small:1.92%;\"><div class=\"fusion-column-wrapper fusion-column-has-shadow fusion-flex-justify-content-flex-start fusion-content-layout-column\"><div class=\"fusion-text fusion-text-1\"><p>No \u00e9s necessari tenir una idea clara del projecte per a poder participar, si la tens doncs hi traur\u00e0s el m\u00e0xim profit per a la seva aplicaci\u00f3.<\/p>\n<p>Si ja tens el teu projecte en marxa i vols revisar que estigui en conson\u00e0ncia amb tu i potenciar-ho amb les teves compet\u00e8ncies, l&#8217;Escola d&#8217;emprenedoria \u00e9s tamb\u00e9 per a tu.<\/p>\n<ul>\n<li>Dilluns 01\/07\/2024 de 9.30 a 12.30h (3 hores) Mapa del Talent<\/li>\n<li>Dijous 04\/07\/2024 de 9.30 a 12.30h (3 hores)\u00a0 Mapa del Talent<\/li>\n<li>Divendres 05\/07\/2024 de 9.30 a 13.30h (4 hores)\u00a0 Emprenedoria Samurai<\/li>\n<li>Dilluns 08\/07\/2024 de 9.30 a 12.30h (3 hores)\u00a0 Flor dels Talents<\/li>\n<\/ul>\n<p>Modalitat: presencial<\/p>\n<p>Lloc: Can Carner \u00b7 Moi\u00e0<\/p>\n<p>Expert: Carlos Bella (Talento y Punto\u00ae) i David Tugu\u00e9s<\/p>\n<p>Calendari: 9 i 10 de juliol Entrevistes individuals i entrega de l&#8217;informe (hores concertades)<\/p>\n<p>Pots fer la teva inscripci\u00f3 <strong><a href=\"https:\/\/forms.gle\/VoocpNTRy9YsgURU9\">AQU\u00cd<\/a><\/strong><\/p>\n<\/div><\/div><\/div><\/div><\/div>\n","protected":false},"excerpt":{"rendered":"","protected":false},"author":2,"featured_media":0,"template":"","meta":{"_acf_changed":false,"_tribe_events_status":"","_tribe_events_status_reason":"","_tribe_events_is_hybrid":"","_tribe_events_is_virtual":"","_tribe_events_virtual_video_source":"","_tribe_events_virtual_embed_video":"","_tribe_events_virtual_linked_button_text":"","_tribe_events_virtual_linked_button":"","_tribe_events_virtual_show_embed_at":"","_tribe_events_virtual_show_embed_to":[],"_tribe_events_virtual_show_on_event":"","_tribe_events_virtual_show_on_views":"","_tribe_events_virtual_url":"","footnotes":""},"tags":[],"tribe_events_cat":[129],"class_list":["post-11463","tribe_events","type-tribe_events","status-publish","hentry","tribe_events_cat-empresa","cat_empresa"],"acf":[],"_links":{"self":[{"href":"https:\/\/moianesturisme.cat\/agendacultural\/wp-json\/wp\/v2\/tribe_events\/11463","targetHints":{"allow":["GET"]}}],"collection":[{"href":"https:\/\/moianesturisme.cat\/agendacultural\/wp-json\/wp\/v2\/tribe_events"}],"about":[{"href":"https:\/\/moianesturisme.cat\/agendacultural\/wp-json\/wp\/v2\/types\/tribe_events"}],"author":[{"embeddable":true,"href":"https:\/\/moianesturisme.cat\/agendacultural\/wp-json\/wp\/v2\/users\/2"}],"version-history":[{"count":3,"href":"https:\/\/moianesturisme.cat\/agendacultural\/wp-json\/wp\/v2\/tribe_events\/11463\/revisions"}],"predecessor-version":[{"id":11471,"href":"https:\/\/moianesturisme.cat\/agendacultural\/wp-json\/wp\/v2\/tribe_events\/11463\/revisions\/11471"}],"wp:attachment":[{"href":"https:\/\/moianesturisme.cat\/agendacultural\/wp-json\/wp\/v2\/media?parent=11463"}],"wp:term":[{"taxonomy":"post_tag","embeddable":true,"href":"https:\/\/moianesturisme.cat\/agendacultural\/wp-json\/wp\/v2\/tags?post=11463"},{"taxonomy":"tribe_events_cat","embeddable":true,"href":"https:\/\/moianesturisme.cat\/agendacultural\/wp-json\/wp\/v2\/tribe_events_cat?post=11463"}],"curies":[{"name":"wp","href":"https:\/\/api.w.org\/{rel}","templated":true}]}}

11à Edició. Moianès Emprèn

<div class="fusion-fullwidth fullwidth-box fusion-builder-row-1 fusion-flex-container has-pattern-background has-mask-background nonhundred-percent-fullwidth non-hundred-percent-height-scrolling" style="--awb-border-radius-top-left:0px;--awb-border-radius-top-right:0px;--awb-border-radius-bottom-right:0px;--awb-border-radius-bottom-left:0px;--awb-flex-wrap:wrap;" ><div class="fusion-builder-row fusion-row fusion-flex-align-items-flex-start fusion-flex-content-wrap" style="max-width:1216.8px;margin-left: calc(-4% / 2 );margin-right: calc(-4% / 2 );"><div class="fusion-layout-column fusion_builder_column fusion-builder-column-0 fusion_builder_column_1_1 1_1 fusion-flex-column" style="--awb-bg-size:cover;--awb-width-large:100%;--awb-margin-top-large:0px;--awb-spacing-right-large:1.92%;--awb-margin-bottom-large:20px;--awb-spacing-left-large:1.92%;--awb-width-medium:100%;--awb-order-medium:0;--awb-spacing-right-medium:1.92%;--awb-spacing-left-medium:1.92%;--awb-width-small:100%;--awb-order-small:0;--awb-spacing-right-small:1.92%;--awb-spacing-left-small:1.92%;"><div class="fusion-column-wrapper fusion-column-has-shadow fusion-flex-justify-content-flex-start fusion-content-layout-column"><div class="fusion-text fusion-text-1"><p>No és necessari tenir una idea clara del projecte per a poder participar, si la tens doncs hi trauràs el màxim profit per a la seva aplicació.</p>
<p>Si ja tens el teu projecte en marxa i vols revisar que estigui en consonància amb tu i potenciar-ho amb les teves competències, l&#8217;Escola d&#8217;emprenedoria és també per a tu.</p>
<ul>
<li>Dilluns 01/07/2024 de 9.30 a 12.30h (3 hores) Mapa del Talent</li>
<li>Dijous 04/07/2024 de 9.30 a 12.30h (3 hores)  Mapa del Talent</li>
<li>Divendres 05/07/2024 de 9.30 a 13.30h (4 hores)  Emprenedoria Samurai</li>
<li>Dilluns 08/07/2024 de 9.30 a 12.30h (3 hores)  Flor dels Talents</li>
</ul>
<p>Modalitat: presencial</p>
<p>Lloc: Can Carner · Moià</p>
<p>Expert: Carlos Bella (Talento y Punto®) i David Tugués</p>
<p>Calendari: 9 i 10 de juliol Entrevistes individuals i entrega de l&#8217;informe (hores concertades)</p>
<p>Pots fer la teva inscripció <strong><a href="https://forms.gle/VoocpNTRy9YsgURU9">AQUÍ</a></strong></p>
</div></div></div></div></div>
