{"id":11151,"date":"2024-05-31T10:36:41","date_gmt":"2024-05-31T08:36:41","guid":{"rendered":"https:\/\/moianesturisme.cat\/agendacultural\/?post_type=tribe_events&#038;p=11151"},"modified":"2024-06-21T13:33:38","modified_gmt":"2024-06-21T11:33:38","slug":"universitat-destiu-del-moianes","status":"publish","type":"tribe_events","link":"https:\/\/moianesturisme.cat\/agendacultural\/activitat\/universitat-destiu-del-moianes\/","title":{"rendered":"Universitat d&#8217;Estiu del Moian\u00e8s"},"content":{"rendered":"<div class=\"fusion-fullwidth fullwidth-box fusion-builder-row-1 fusion-flex-container has-pattern-background has-mask-background nonhundred-percent-fullwidth non-hundred-percent-height-scrolling\" style=\"--awb-border-radius-top-left:0px;--awb-border-radius-top-right:0px;--awb-border-radius-bottom-right:0px;--awb-border-radius-bottom-left:0px;--awb-flex-wrap:wrap;\" ><div class=\"fusion-builder-row fusion-row fusion-flex-align-items-flex-start fusion-flex-content-wrap\" style=\"max-width:1216.8px;margin-left: calc(-4% \/ 2 );margin-right: calc(-4% \/ 2 );\"><div class=\"fusion-layout-column fusion_builder_column fusion-builder-column-0 fusion_builder_column_1_1 1_1 fusion-flex-column\" style=\"--awb-bg-size:cover;--awb-width-large:100%;--awb-margin-top-large:0px;--awb-spacing-right-large:1.92%;--awb-margin-bottom-large:20px;--awb-spacing-left-large:1.92%;--awb-width-medium:100%;--awb-order-medium:0;--awb-spacing-right-medium:1.92%;--awb-spacing-left-medium:1.92%;--awb-width-small:100%;--awb-order-small:0;--awb-spacing-right-small:1.92%;--awb-spacing-left-small:1.92%;\"><div class=\"fusion-column-wrapper fusion-column-has-shadow fusion-flex-justify-content-flex-start fusion-content-layout-column\"><div class=\"fusion-text fusion-text-1\"><p>Programaci\u00f3:<\/p>\n<p>&#8211; Curs de Patrimoni i Hist\u00f2ria: El Moian\u00e8s en temps de guerres<\/p>\n<p>&#8211; Curs Eines de millora per a la vida emocional<\/p>\n<p>&#8211; Jornada: La Ci\u00e8ncia (tamb\u00e9) \u00e9s cosa de Dones<\/p>\n<p>&#8211; i en col\u00b7laboraci\u00f3 amb l&#8217;Ag\u00e8ncia Catalana del Patrimoni Cultural: abonaments De BAT a BAT i Visites narrades a la casa Museu Prat de la Riba (Castellter\u00e7ol)<\/p>\n<p>Per consultar el programa complet, feu clic<strong><a href=\"https:\/\/www.ccmoianes.cat\/media\/repository\/noticies\/2024\/programa_Definitiu_UEM_2024.pdf\"> AQU\u00cd<\/a><\/strong><\/p>\n<p>Per inscripcions, feu clic <a href=\"https:\/\/forms.gle\/Av3GjvrU6XnVjPhp6\"><strong>AQU\u00cd<\/strong><\/a><\/p>\n<p>Us hi esperem!<\/p>\n<\/div><\/div><\/div><\/div><\/div>\n","protected":false},"excerpt":{"rendered":"","protected":false},"author":2,"featured_media":0,"template":"","meta":{"_acf_changed":false,"_tribe_events_status":"","_tribe_events_status_reason":"","_tribe_events_is_hybrid":"","_tribe_events_is_virtual":"","_tribe_events_virtual_video_source":"","_tribe_events_virtual_embed_video":"","_tribe_events_virtual_linked_button_text":"","_tribe_events_virtual_linked_button":"","_tribe_events_virtual_show_embed_at":"","_tribe_events_virtual_show_embed_to":[],"_tribe_events_virtual_show_on_event":"","_tribe_events_virtual_show_on_views":"","_tribe_events_virtual_url":"","footnotes":""},"tags":[],"tribe_events_cat":[124,69,83],"class_list":["post-11151","tribe_events","type-tribe_events","status-publish","hentry","tribe_events_cat-cultura","tribe_events_cat-cursos-i-tallers","tribe_events_cat-llocs-dinteres","cat_cultura","cat_cursos-i-tallers","cat_llocs-dinteres"],"acf":[],"_links":{"self":[{"href":"https:\/\/moianesturisme.cat\/agendacultural\/wp-json\/wp\/v2\/tribe_events\/11151","targetHints":{"allow":["GET"]}}],"collection":[{"href":"https:\/\/moianesturisme.cat\/agendacultural\/wp-json\/wp\/v2\/tribe_events"}],"about":[{"href":"https:\/\/moianesturisme.cat\/agendacultural\/wp-json\/wp\/v2\/types\/tribe_events"}],"author":[{"embeddable":true,"href":"https:\/\/moianesturisme.cat\/agendacultural\/wp-json\/wp\/v2\/users\/2"}],"version-history":[{"count":4,"href":"https:\/\/moianesturisme.cat\/agendacultural\/wp-json\/wp\/v2\/tribe_events\/11151\/revisions"}],"predecessor-version":[{"id":11415,"href":"https:\/\/moianesturisme.cat\/agendacultural\/wp-json\/wp\/v2\/tribe_events\/11151\/revisions\/11415"}],"wp:attachment":[{"href":"https:\/\/moianesturisme.cat\/agendacultural\/wp-json\/wp\/v2\/media?parent=11151"}],"wp:term":[{"taxonomy":"post_tag","embeddable":true,"href":"https:\/\/moianesturisme.cat\/agendacultural\/wp-json\/wp\/v2\/tags?post=11151"},{"taxonomy":"tribe_events_cat","embeddable":true,"href":"https:\/\/moianesturisme.cat\/agendacultural\/wp-json\/wp\/v2\/tribe_events_cat?post=11151"}],"curies":[{"name":"wp","href":"https:\/\/api.w.org\/{rel}","templated":true}]}}

Universitat d&#8217;Estiu del Moianès

<div class="fusion-fullwidth fullwidth-box fusion-builder-row-1 fusion-flex-container has-pattern-background has-mask-background nonhundred-percent-fullwidth non-hundred-percent-height-scrolling" style="--awb-border-radius-top-left:0px;--awb-border-radius-top-right:0px;--awb-border-radius-bottom-right:0px;--awb-border-radius-bottom-left:0px;--awb-flex-wrap:wrap;" ><div class="fusion-builder-row fusion-row fusion-flex-align-items-flex-start fusion-flex-content-wrap" style="max-width:1216.8px;margin-left: calc(-4% / 2 );margin-right: calc(-4% / 2 );"><div class="fusion-layout-column fusion_builder_column fusion-builder-column-0 fusion_builder_column_1_1 1_1 fusion-flex-column" style="--awb-bg-size:cover;--awb-width-large:100%;--awb-margin-top-large:0px;--awb-spacing-right-large:1.92%;--awb-margin-bottom-large:20px;--awb-spacing-left-large:1.92%;--awb-width-medium:100%;--awb-order-medium:0;--awb-spacing-right-medium:1.92%;--awb-spacing-left-medium:1.92%;--awb-width-small:100%;--awb-order-small:0;--awb-spacing-right-small:1.92%;--awb-spacing-left-small:1.92%;"><div class="fusion-column-wrapper fusion-column-has-shadow fusion-flex-justify-content-flex-start fusion-content-layout-column"><div class="fusion-text fusion-text-1"><p>Programació:</p>
<p>&#8211; Curs de Patrimoni i Història: El Moianès en temps de guerres</p>
<p>&#8211; Curs Eines de millora per a la vida emocional</p>
<p>&#8211; Jornada: La Ciència (també) és cosa de Dones</p>
<p>&#8211; i en col·laboració amb l&#8217;Agència Catalana del Patrimoni Cultural: abonaments De BAT a BAT i Visites narrades a la casa Museu Prat de la Riba (Castellterçol)</p>
<p>Per consultar el programa complet, feu clic<strong><a href="https://www.ccmoianes.cat/media/repository/noticies/2024/programa_Definitiu_UEM_2024.pdf"> AQUÍ</a></strong></p>
<p>Per inscripcions, feu clic <a href="https://forms.gle/Av3GjvrU6XnVjPhp6"><strong>AQUÍ</strong></a></p>
<p>Us hi esperem!</p>
</div></div></div></div></div>
