{"id":10619,"date":"2024-04-03T17:10:37","date_gmt":"2024-04-03T15:10:37","guid":{"rendered":"https:\/\/moianesturisme.cat\/agendacultural\/?post_type=tribe_events&#038;p=10619"},"modified":"2024-04-03T17:10:37","modified_gmt":"2024-04-03T15:10:37","slug":"llegir-opera-turandot","status":"publish","type":"tribe_events","link":"https:\/\/moianesturisme.cat\/agendacultural\/activitat\/llegir-opera-turandot\/","title":{"rendered":"Llegir \u00f2pera: &#8216;Turandot&#8217;"},"content":{"rendered":"<p>Llegir \u00f2pera: confer\u00e8ncia-audici\u00f3 sobre <em>Turandot<\/em> de Giacomo Puccini a c\u00e0rrec d\u2019Albert Ferrer, historiador de l\u2019art i music\u00f2graf.<\/p>\n<p>Amb col\u00b7laboraci\u00f3 de la FOC i Joventuts Musicals.<\/p>\n<p>Sortida al Teatre Kursaal de Manresa per veure l\u2019obra: dimecres 1 de maig.<\/p>\n","protected":false},"excerpt":{"rendered":"<p>Llegir \u00f2pera: confer\u00e8ncia-audici\u00f3 sobre Turandot de Giacomo Puccini a c\u00e0rrec d\u2019Albert Ferrer, historiador de l\u2019art i music\u00f2graf. Amb col\u00b7laboraci\u00f3 de la FOC i Joventuts Musicals. Sortida al Teatre Kursaal de Manresa per veure l\u2019obra: dimecres 1 de maig.<\/p>\n","protected":false},"author":16,"featured_media":10621,"template":"","meta":{"_acf_changed":false,"_tribe_events_status":"","_tribe_events_status_reason":"","_tribe_events_is_hybrid":"","_tribe_events_is_virtual":"","_tribe_events_virtual_video_source":"","_tribe_events_virtual_embed_video":"","_tribe_events_virtual_linked_button_text":"","_tribe_events_virtual_linked_button":"","_tribe_events_virtual_show_embed_at":"","_tribe_events_virtual_show_embed_to":[],"_tribe_events_virtual_show_on_event":"","_tribe_events_virtual_show_on_views":"","_tribe_events_virtual_url":"","footnotes":""},"tags":[],"tribe_events_cat":[85],"class_list":["post-10619","tribe_events","type-tribe_events","status-publish","has-post-thumbnail","hentry","tribe_events_cat-arts-esceniques","cat_arts-esceniques"],"acf":[],"_links":{"self":[{"href":"https:\/\/moianesturisme.cat\/agendacultural\/wp-json\/wp\/v2\/tribe_events\/10619","targetHints":{"allow":["GET"]}}],"collection":[{"href":"https:\/\/moianesturisme.cat\/agendacultural\/wp-json\/wp\/v2\/tribe_events"}],"about":[{"href":"https:\/\/moianesturisme.cat\/agendacultural\/wp-json\/wp\/v2\/types\/tribe_events"}],"author":[{"embeddable":true,"href":"https:\/\/moianesturisme.cat\/agendacultural\/wp-json\/wp\/v2\/users\/16"}],"version-history":[{"count":1,"href":"https:\/\/moianesturisme.cat\/agendacultural\/wp-json\/wp\/v2\/tribe_events\/10619\/revisions"}],"predecessor-version":[{"id":10620,"href":"https:\/\/moianesturisme.cat\/agendacultural\/wp-json\/wp\/v2\/tribe_events\/10619\/revisions\/10620"}],"wp:featuredmedia":[{"embeddable":true,"href":"https:\/\/moianesturisme.cat\/agendacultural\/wp-json\/wp\/v2\/media\/10621"}],"wp:attachment":[{"href":"https:\/\/moianesturisme.cat\/agendacultural\/wp-json\/wp\/v2\/media?parent=10619"}],"wp:term":[{"taxonomy":"post_tag","embeddable":true,"href":"https:\/\/moianesturisme.cat\/agendacultural\/wp-json\/wp\/v2\/tags?post=10619"},{"taxonomy":"tribe_events_cat","embeddable":true,"href":"https:\/\/moianesturisme.cat\/agendacultural\/wp-json\/wp\/v2\/tribe_events_cat?post=10619"}],"curies":[{"name":"wp","href":"https:\/\/api.w.org\/{rel}","templated":true}]}}

Llegir òpera: &#8216;Turandot&#8217;

<p>Llegir òpera: conferència-audició sobre <em>Turandot</em> de Giacomo Puccini a càrrec d’Albert Ferrer, historiador de l’art i musicògraf.</p>
<p>Amb col·laboració de la FOC i Joventuts Musicals.</p>
<p>Sortida al Teatre Kursaal de Manresa per veure l’obra: dimecres 1 de maig.</p>

<p>Llegir òpera: conferència-audició sobre Turandot de Giacomo Puccini a càrrec d’Albert Ferrer, historiador de l’art i musicògraf. Amb col·laboració de la FOC i Joventuts Musicals. Sortida al Teatre Kursaal de Manresa per veure l’obra: dimecres 1 de maig.</p>
