{"id":10033543,"date":"2026-04-27T12:37:31","date_gmt":"2026-04-27T10:37:31","guid":{"rendered":"https:\/\/moianesturisme.cat\/agendacultural\/?post_type=tribe_events&#038;p=18353"},"modified":"2026-04-27T12:37:31","modified_gmt":"2026-04-27T10:37:31","slug":"aula-activa-de-recerca-de-feina","status":"publish","type":"tribe_events","link":"https:\/\/moianesturisme.cat\/agendacultural\/activitat\/aula-activa-de-recerca-de-feina\/2026-05-04\/","title":{"rendered":"AULA ACTIVA DE RECERCA DE FEINA"},"content":{"rendered":"<p>Espai amb acc\u00e8s a ordinadors i connexi\u00f3 a internet per a realitzar recerca activa de feina acompanyats d&#8217;un t\u00e8cnic social que realitzar\u00e0 suport i resoldr\u00e0 dubtes durant el proc\u00e9s.<\/p>\n<p><strong>\u00c9s una activitat gratu\u00efta i que\u00a0 t\u00e9 per objectiu facilitar l&#8217;autonomia a l&#8217;hora de buscar feina.\u00a0<\/strong><\/p>\n<p>Es requereix un coneixement b\u00e0sic d&#8217;ordinador i estar inscrit\/a al SOM.<\/p>\n<p><em>Activitat quinzenal que es realitza els dilluns de 10:00 a 11:30 a Can Carner amb el suport d&#8217;una t\u00e8cnica social de la Creu Roja.\u00a0<\/em><\/p>\n","protected":false},"excerpt":{"rendered":"<p>Espai amb acc\u00e8s a ordinadors i connexi\u00f3 a internet per a realitzar recerca activa de feina acompanyats d&#8217;un t\u00e8cnic social que realitzar\u00e0 suport i resoldr\u00e0 dubtes durant el proc\u00e9s. \u00c9s una activitat gratu\u00efta i que\u00a0 t\u00e9 per objectiu facilitar l&#8217;autonomia a l&#8217;hora de buscar feina.\u00a0 Es requereix un coneixement b\u00e0sic d&#8217;ordinador i estar inscrit\/a al<\/p>\n","protected":false},"author":57,"featured_media":18356,"template":"","meta":{"_acf_changed":false,"_tribe_events_status":"","_tribe_events_status_reason":"","_tribe_events_is_hybrid":"","_tribe_events_is_virtual":"","_tribe_events_virtual_video_source":"","_tribe_events_virtual_embed_video":"","_tribe_events_virtual_linked_button_text":"","_tribe_events_virtual_linked_button":"","_tribe_events_virtual_show_embed_at":"","_tribe_events_virtual_show_embed_to":[],"_tribe_events_virtual_show_on_event":"","_tribe_events_virtual_show_on_views":"","_tribe_events_virtual_url":"","footnotes":""},"tags":[],"tribe_events_cat":[87],"class_list":["post-10033543","tribe_events","type-tribe_events","status-publish","has-post-thumbnail","hentry","tribe_events_cat-activitats-periodiques","cat_activitats-periodiques","tribe-recurring-event","tribe-recurring-event-parent"],"acf":[],"_links":{"self":[{"href":"https:\/\/moianesturisme.cat\/agendacultural\/wp-json\/wp\/v2\/tribe_events\/10033543","targetHints":{"allow":["GET"]}}],"collection":[{"href":"https:\/\/moianesturisme.cat\/agendacultural\/wp-json\/wp\/v2\/tribe_events"}],"about":[{"href":"https:\/\/moianesturisme.cat\/agendacultural\/wp-json\/wp\/v2\/types\/tribe_events"}],"author":[{"embeddable":true,"href":"https:\/\/moianesturisme.cat\/agendacultural\/wp-json\/wp\/v2\/users\/57"}],"version-history":[{"count":0,"href":"https:\/\/moianesturisme.cat\/agendacultural\/wp-json\/wp\/v2\/tribe_events\/10033543\/revisions"}],"wp:featuredmedia":[{"embeddable":true,"href":"https:\/\/moianesturisme.cat\/agendacultural\/wp-json\/wp\/v2\/media\/18356"}],"wp:attachment":[{"href":"https:\/\/moianesturisme.cat\/agendacultural\/wp-json\/wp\/v2\/media?parent=10033543"}],"wp:term":[{"taxonomy":"post_tag","embeddable":true,"href":"https:\/\/moianesturisme.cat\/agendacultural\/wp-json\/wp\/v2\/tags?post=10033543"},{"taxonomy":"tribe_events_cat","embeddable":true,"href":"https:\/\/moianesturisme.cat\/agendacultural\/wp-json\/wp\/v2\/tribe_events_cat?post=10033543"}],"curies":[{"name":"wp","href":"https:\/\/api.w.org\/{rel}","templated":true}]}}

<p>Espai amb accès a ordinadors i connexió a internet per a realitzar recerca activa de feina acompanyats d&#8217;un tècnic social que realitzarà suport i resoldrà dubtes durant el procés.</p>
<p><strong>És una activitat gratuïta i que  té per objectiu facilitar l&#8217;autonomia a l&#8217;hora de buscar feina. </strong></p>
<p>Es requereix un coneixement bàsic d&#8217;ordinador i estar inscrit/a al SOM.</p>
<p><em>Activitat quinzenal que es realitza els dilluns de 10:00 a 11:30 a Can Carner amb el suport d&#8217;una tècnica social de la Creu Roja. </em></p>

<p>Espai amb accès a ordinadors i connexió a internet per a realitzar recerca activa de feina acompanyats d&#8217;un tècnic social que realitzarà suport i resoldrà dubtes durant el procés. És una activitat gratuïta i que  té per objectiu facilitar l&#8217;autonomia a l&#8217;hora de buscar feina.  Es requereix un coneixement bàsic d&#8217;ordinador i estar inscrit/a al</p>
