{"id":10033325,"date":"2026-01-22T16:51:55","date_gmt":"2026-01-22T14:51:55","guid":{"rendered":"https:\/\/moianesturisme.cat\/agendacultural\/?post_type=tribe_events&#038;p=17942"},"modified":"2026-01-22T16:51:55","modified_gmt":"2026-01-22T14:51:55","slug":"taller-de-pessebres-artistics","status":"publish","type":"tribe_events","link":"https:\/\/moianesturisme.cat\/agendacultural\/activitat\/taller-de-pessebres-artistics\/2026-04-27\/","title":{"rendered":"Taller de Pessebres Art\u00edstics"},"content":{"rendered":"<ul>\n<li>Places limitades<\/li>\n<li>Cal inscripci\u00f3 pr\u00e8via<\/li>\n<li>A partir de 14 anys<\/li>\n<li>M\u00e9s informaci\u00f3 i inscripcions: 621 239 002\n<p>Organitza: Ajuntament de Monistrol de Calders<br \/>\nCol\u00b7laboren: Diputaci\u00f3 de Barcelona i Agrupaci\u00f3 de Pessebristes de Sabadell<\/li>\n<\/ul>\n","protected":false},"excerpt":{"rendered":"<p>Places limitades Cal inscripci\u00f3 pr\u00e8via A partir de 14 anys M\u00e9s informaci\u00f3 i inscripcions: 621 239 002 Organitza: Ajuntament de Monistrol de Calders Col\u00b7laboren: Diputaci\u00f3 de Barcelona i Agrupaci\u00f3 de Pessebristes de Sabadell<\/p>\n","protected":false},"author":2,"featured_media":17943,"template":"","meta":{"_acf_changed":false,"_tribe_events_status":"","_tribe_events_status_reason":"","_tribe_events_is_hybrid":"","_tribe_events_is_virtual":"","_tribe_events_virtual_video_source":"","_tribe_events_virtual_embed_video":"","_tribe_events_virtual_linked_button_text":"","_tribe_events_virtual_linked_button":"","_tribe_events_virtual_show_embed_at":"","_tribe_events_virtual_show_embed_to":[],"_tribe_events_virtual_show_on_event":"","_tribe_events_virtual_show_on_views":"","_tribe_events_virtual_url":"","footnotes":""},"tags":[],"tribe_events_cat":[69],"class_list":["post-10033325","tribe_events","type-tribe_events","status-publish","has-post-thumbnail","hentry","tribe_events_cat-cursos-i-tallers","cat_cursos-i-tallers","tribe-recurring-event","tribe-recurring-event-parent"],"acf":[],"_links":{"self":[{"href":"https:\/\/moianesturisme.cat\/agendacultural\/wp-json\/wp\/v2\/tribe_events\/10033325","targetHints":{"allow":["GET"]}}],"collection":[{"href":"https:\/\/moianesturisme.cat\/agendacultural\/wp-json\/wp\/v2\/tribe_events"}],"about":[{"href":"https:\/\/moianesturisme.cat\/agendacultural\/wp-json\/wp\/v2\/types\/tribe_events"}],"author":[{"embeddable":true,"href":"https:\/\/moianesturisme.cat\/agendacultural\/wp-json\/wp\/v2\/users\/2"}],"version-history":[{"count":0,"href":"https:\/\/moianesturisme.cat\/agendacultural\/wp-json\/wp\/v2\/tribe_events\/10033325\/revisions"}],"wp:featuredmedia":[{"embeddable":true,"href":"https:\/\/moianesturisme.cat\/agendacultural\/wp-json\/wp\/v2\/media\/17943"}],"wp:attachment":[{"href":"https:\/\/moianesturisme.cat\/agendacultural\/wp-json\/wp\/v2\/media?parent=10033325"}],"wp:term":[{"taxonomy":"post_tag","embeddable":true,"href":"https:\/\/moianesturisme.cat\/agendacultural\/wp-json\/wp\/v2\/tags?post=10033325"},{"taxonomy":"tribe_events_cat","embeddable":true,"href":"https:\/\/moianesturisme.cat\/agendacultural\/wp-json\/wp\/v2\/tribe_events_cat?post=10033325"}],"curies":[{"name":"wp","href":"https:\/\/api.w.org\/{rel}","templated":true}]}}

Taller de Pessebres Artístics

<ul>
<li>Places limitades</li>
<li>Cal inscripció prèvia</li>
<li>A partir de 14 anys</li>
<li>Més informació i inscripcions: 621 239 002
<p>Organitza: Ajuntament de Monistrol de Calders<br />
Col·laboren: Diputació de Barcelona i Agrupació de Pessebristes de Sabadell</li>
</ul>

<p>Places limitades Cal inscripció prèvia A partir de 14 anys Més informació i inscripcions: 621 239 002 Organitza: Ajuntament de Monistrol de Calders Col·laboren: Diputació de Barcelona i Agrupació de Pessebristes de Sabadell</p>
