{"id":10033245,"date":"2026-01-14T15:21:24","date_gmt":"2026-01-14T13:21:24","guid":{"rendered":"https:\/\/moianesturisme.cat\/agendacultural\/?post_type=tribe_events&#038;p=17801"},"modified":"2026-01-14T15:22:12","modified_gmt":"2026-01-14T13:22:12","slug":"festa-major-dhivern-2026","status":"publish","type":"tribe_events","link":"https:\/\/moianesturisme.cat\/agendacultural\/activitat\/festa-major-dhivern-2026\/2026-01-22\/","title":{"rendered":"Festa Major d&#8217;Hivern 2026"},"content":{"rendered":"<div class=\"fusion-fullwidth fullwidth-box fusion-builder-row-1 fusion-flex-container nonhundred-percent-fullwidth non-hundred-percent-height-scrolling\" style=\"--awb-border-radius-top-left:0px;--awb-border-radius-top-right:0px;--awb-border-radius-bottom-right:0px;--awb-border-radius-bottom-left:0px;--awb-flex-wrap:wrap;\" ><div class=\"fusion-builder-row fusion-row fusion-flex-align-items-flex-start fusion-flex-content-wrap\" style=\"max-width:1216.8px;margin-left: calc(-4% \/ 2 );margin-right: calc(-4% \/ 2 );\"><div class=\"fusion-layout-column fusion_builder_column fusion-builder-column-0 fusion_builder_column_1_1 1_1 fusion-flex-column\" style=\"--awb-bg-size:cover;--awb-width-large:100%;--awb-margin-top-large:0px;--awb-spacing-right-large:1.92%;--awb-margin-bottom-large:0px;--awb-spacing-left-large:1.92%;--awb-width-medium:100%;--awb-spacing-right-medium:1.92%;--awb-spacing-left-medium:1.92%;--awb-width-small:100%;--awb-spacing-right-small:1.92%;--awb-spacing-left-small:1.92%;\"><div class=\"fusion-column-wrapper fusion-flex-justify-content-flex-start fusion-content-layout-column\"><div class=\"fusion-text fusion-text-1\"><p><strong>Dissabte 17 de gener<\/strong><br \/>\n8.30h | Pla\u00e7a Major. Caminada popular a c\u00e0rrec del <a class=\"x1i10hfl xjbqb8w x1ejq31n x18oe1m7 x1sy0etr xstzfhl x972fbf x10w94by x1qhh985 x14e42zd x9f619 x1ypdohk xt0psk2 x3ct3a4 xdj266r x14z9mp xat24cr x1lziwak xexx8yu xyri2b x18d9i69 x1c1uobl x16tdsg8 x1hl2dhg xggy1nq x1a2a7pz notranslate _a6hd\" tabindex=\"0\" role=\"link\" href=\"https:\/\/www.instagram.com\/cfcalders\/\">@cfcalders<\/a><br \/>\nPreu: 8\u20ac i 5\u20ac (menors de 7 anys)<\/p>\n<p>17.00h | Pla\u00e7a Major. Escape Room Caga ti\u00f3 a c\u00e0rrec d\u2019Espai Jove Calders<br \/>\nPreu: 3\u20ac i 2\u20ac (menors de 10 anys)<br \/>\nIncripcions: ja.cat\/escaperoomcalders<\/p>\n<p>18.00h | Casal. Inauguraci\u00f3 exposici\u00f3 Calders Fotog\u00e8nic a c\u00e0rrec de <a class=\"x1i10hfl xjbqb8w x1ejq31n x18oe1m7 x1sy0etr xstzfhl x972fbf x10w94by x1qhh985 x14e42zd x9f619 x1ypdohk xt0psk2 x3ct3a4 xdj266r x14z9mp xat24cr x1lziwak xexx8yu xyri2b x18d9i69 x1c1uobl x16tdsg8 x1hl2dhg xggy1nq x1a2a7pz notranslate _a6hd\" tabindex=\"0\" role=\"link\" href=\"https:\/\/www.instagram.com\/caldersart\/\">@caldersart<\/a><\/p>\n<p><strong>Dijous 22 de gener<\/strong><br \/>\n13.00h | Esgl\u00e9sia de Sant Vicen\u00e7. Missa solemne presidida per Mn Bernad\u00ed, vicari de Moi\u00e0. Al final cant dels goigs de Sant Vicen\u00e7<\/p>\n<p>Seguidament | Centre C\u00edvic. Escudellada popular._[Preu: 15 \u20ac per persona, amb inscripci\u00f3 pr\u00e8via fins el 19 de gener al Casal]<\/p>\n<p>16.30h | Centre c\u00edvic. Mon\u00f2leg per part del Quim Vila<\/p>\n<p>&nbsp;<\/p>\n<p><a href=\"https:\/\/www.calders.cat\/actualitat\/agenda\/festa-major-dhivern-sant-vicenc-2026.html#\"><strong>DESCARREGA EL PROGRAMA EN PDF<\/strong><\/a><\/p>\n<\/div><\/div><\/div><\/div><\/div>\n","protected":false},"excerpt":{"rendered":"","protected":false},"author":2,"featured_media":17802,"template":"","meta":{"_acf_changed":false,"_tribe_events_status":"","_tribe_events_status_reason":"","_tribe_events_is_hybrid":"","_tribe_events_is_virtual":"","_tribe_events_virtual_video_source":"","_tribe_events_virtual_embed_video":"","_tribe_events_virtual_linked_button_text":"","_tribe_events_virtual_linked_button":"","_tribe_events_virtual_show_embed_at":"","_tribe_events_virtual_show_embed_to":[],"_tribe_events_virtual_show_on_event":"","_tribe_events_virtual_show_on_views":"","_tribe_events_virtual_url":"","footnotes":""},"tags":[],"tribe_events_cat":[120],"class_list":["post-10033245","tribe_events","type-tribe_events","status-publish","has-post-thumbnail","hentry","tribe_events_cat-festa-major","cat_festa-major","tribe-recurring-event","tribe-recurring-event-parent"],"acf":[],"_links":{"self":[{"href":"https:\/\/moianesturisme.cat\/agendacultural\/wp-json\/wp\/v2\/tribe_events\/10033245","targetHints":{"allow":["GET"]}}],"collection":[{"href":"https:\/\/moianesturisme.cat\/agendacultural\/wp-json\/wp\/v2\/tribe_events"}],"about":[{"href":"https:\/\/moianesturisme.cat\/agendacultural\/wp-json\/wp\/v2\/types\/tribe_events"}],"author":[{"embeddable":true,"href":"https:\/\/moianesturisme.cat\/agendacultural\/wp-json\/wp\/v2\/users\/2"}],"version-history":[{"count":0,"href":"https:\/\/moianesturisme.cat\/agendacultural\/wp-json\/wp\/v2\/tribe_events\/10033245\/revisions"}],"wp:featuredmedia":[{"embeddable":true,"href":"https:\/\/moianesturisme.cat\/agendacultural\/wp-json\/wp\/v2\/media\/17802"}],"wp:attachment":[{"href":"https:\/\/moianesturisme.cat\/agendacultural\/wp-json\/wp\/v2\/media?parent=10033245"}],"wp:term":[{"taxonomy":"post_tag","embeddable":true,"href":"https:\/\/moianesturisme.cat\/agendacultural\/wp-json\/wp\/v2\/tags?post=10033245"},{"taxonomy":"tribe_events_cat","embeddable":true,"href":"https:\/\/moianesturisme.cat\/agendacultural\/wp-json\/wp\/v2\/tribe_events_cat?post=10033245"}],"curies":[{"name":"wp","href":"https:\/\/api.w.org\/{rel}","templated":true}]}}

<div class="fusion-fullwidth fullwidth-box fusion-builder-row-1 fusion-flex-container nonhundred-percent-fullwidth non-hundred-percent-height-scrolling" style="--awb-border-radius-top-left:0px;--awb-border-radius-top-right:0px;--awb-border-radius-bottom-right:0px;--awb-border-radius-bottom-left:0px;--awb-flex-wrap:wrap;" ><div class="fusion-builder-row fusion-row fusion-flex-align-items-flex-start fusion-flex-content-wrap" style="max-width:1216.8px;margin-left: calc(-4% / 2 );margin-right: calc(-4% / 2 );"><div class="fusion-layout-column fusion_builder_column fusion-builder-column-0 fusion_builder_column_1_1 1_1 fusion-flex-column" style="--awb-bg-size:cover;--awb-width-large:100%;--awb-margin-top-large:0px;--awb-spacing-right-large:1.92%;--awb-margin-bottom-large:0px;--awb-spacing-left-large:1.92%;--awb-width-medium:100%;--awb-spacing-right-medium:1.92%;--awb-spacing-left-medium:1.92%;--awb-width-small:100%;--awb-spacing-right-small:1.92%;--awb-spacing-left-small:1.92%;"><div class="fusion-column-wrapper fusion-flex-justify-content-flex-start fusion-content-layout-column"><div class="fusion-text fusion-text-1"><p><strong>Dissabte 17 de gener</strong><br />
8.30h | Plaça Major. Caminada popular a càrrec del <a class="x1i10hfl xjbqb8w x1ejq31n x18oe1m7 x1sy0etr xstzfhl x972fbf x10w94by x1qhh985 x14e42zd x9f619 x1ypdohk xt0psk2 x3ct3a4 xdj266r x14z9mp xat24cr x1lziwak xexx8yu xyri2b x18d9i69 x1c1uobl x16tdsg8 x1hl2dhg xggy1nq x1a2a7pz notranslate _a6hd" tabindex="0" role="link" href="https://www.instagram.com/cfcalders/">@cfcalders</a><br />
Preu: 8€ i 5€ (menors de 7 anys)</p>
<p>17.00h | Plaça Major. Escape Room Caga tió a càrrec d’Espai Jove Calders<br />
Preu: 3€ i 2€ (menors de 10 anys)<br />
Incripcions: ja.cat/escaperoomcalders</p>
<p>18.00h | Casal. Inauguració exposició Calders Fotogènic a càrrec de <a class="x1i10hfl xjbqb8w x1ejq31n x18oe1m7 x1sy0etr xstzfhl x972fbf x10w94by x1qhh985 x14e42zd x9f619 x1ypdohk xt0psk2 x3ct3a4 xdj266r x14z9mp xat24cr x1lziwak xexx8yu xyri2b x18d9i69 x1c1uobl x16tdsg8 x1hl2dhg xggy1nq x1a2a7pz notranslate _a6hd" tabindex="0" role="link" href="https://www.instagram.com/caldersart/">@caldersart</a></p>
<p><strong>Dijous 22 de gener</strong><br />
13.00h | Església de Sant Vicenç. Missa solemne presidida per Mn Bernadí, vicari de Moià. Al final cant dels goigs de Sant Vicenç</p>
<p>Seguidament | Centre Cívic. Escudellada popular._[Preu: 15 € per persona, amb inscripció prèvia fins el 19 de gener al Casal]</p>
<p>16.30h | Centre cívic. Monòleg per part del Quim Vila</p>
<p>&nbsp;</p>
<p><a href="https://www.calders.cat/actualitat/agenda/festa-major-dhivern-sant-vicenc-2026.html#"><strong>DESCARREGA EL PROGRAMA EN PDF</strong></a></p>
</div></div></div></div></div>
