{"id":10033224,"date":"2025-12-23T15:53:06","date_gmt":"2025-12-23T13:53:06","guid":{"rendered":"https:\/\/moianesturisme.cat\/agendacultural\/?post_type=tribe_events&#038;p=17731"},"modified":"2025-12-23T15:53:06","modified_gmt":"2025-12-23T13:53:06","slug":"repic-de-campanes-de-la-nit-de-nadal-i-nit-de-reis","status":"publish","type":"tribe_events","link":"https:\/\/moianesturisme.cat\/agendacultural\/activitat\/repic-de-campanes-de-la-nit-de-nadal-i-nit-de-reis\/2025-12-24\/","title":{"rendered":"Repic de campanes de la nit de Nadal i nit de Reis"},"content":{"rendered":"<p><strong>\ud83d\udcabEl repic de la Nit de Nadal tindr\u00e0 lloc el 24 de desembre a les 23:30h, pr\u00e8viament a la Missa del Gall, que comen\u00e7ar\u00e0 a les 12 de la nit.<\/p>\n<p>\ud83d\udc51 El dia 6 de gener a les 11:30h farem el tradicional repic de Reis.<\/p>\n<p>Qui vulgui venir a qualsevol dels dos repics ha d&#8217;adre\u00e7ar un correu electr\u00f2nic a campanardemoia@gmail.com.<\/strong><\/p>\n","protected":false},"excerpt":{"rendered":"<p>\ud83d\udcabEl repic de la Nit de Nadal tindr\u00e0 lloc el 24 de desembre a les 23:30h, pr\u00e8viament a la Missa del Gall, que comen\u00e7ar\u00e0 a les 12 de la nit. \ud83d\udc51 El dia 6 de gener a les 11:30h farem el tradicional repic de Reis. Qui vulgui venir a qualsevol dels dos repics ha d&#8217;adre\u00e7ar<\/p>\n","protected":false},"author":2,"featured_media":17732,"template":"","meta":{"_acf_changed":false,"_tribe_events_status":"","_tribe_events_status_reason":"","_tribe_events_is_hybrid":"","_tribe_events_is_virtual":"","_tribe_events_virtual_video_source":"","_tribe_events_virtual_embed_video":"","_tribe_events_virtual_linked_button_text":"","_tribe_events_virtual_linked_button":"","_tribe_events_virtual_show_embed_at":"","_tribe_events_virtual_show_embed_to":[],"_tribe_events_virtual_show_on_event":"","_tribe_events_virtual_show_on_views":"","_tribe_events_virtual_url":"","footnotes":""},"tags":[],"tribe_events_cat":[123],"class_list":["post-10033224","tribe_events","type-tribe_events","status-publish","has-post-thumbnail","hentry","tribe_events_cat-nadal","cat_nadal","tribe-recurring-event","tribe-recurring-event-parent"],"acf":[],"_links":{"self":[{"href":"https:\/\/moianesturisme.cat\/agendacultural\/wp-json\/wp\/v2\/tribe_events\/10033224","targetHints":{"allow":["GET"]}}],"collection":[{"href":"https:\/\/moianesturisme.cat\/agendacultural\/wp-json\/wp\/v2\/tribe_events"}],"about":[{"href":"https:\/\/moianesturisme.cat\/agendacultural\/wp-json\/wp\/v2\/types\/tribe_events"}],"author":[{"embeddable":true,"href":"https:\/\/moianesturisme.cat\/agendacultural\/wp-json\/wp\/v2\/users\/2"}],"version-history":[{"count":0,"href":"https:\/\/moianesturisme.cat\/agendacultural\/wp-json\/wp\/v2\/tribe_events\/10033224\/revisions"}],"wp:featuredmedia":[{"embeddable":true,"href":"https:\/\/moianesturisme.cat\/agendacultural\/wp-json\/wp\/v2\/media\/17732"}],"wp:attachment":[{"href":"https:\/\/moianesturisme.cat\/agendacultural\/wp-json\/wp\/v2\/media?parent=10033224"}],"wp:term":[{"taxonomy":"post_tag","embeddable":true,"href":"https:\/\/moianesturisme.cat\/agendacultural\/wp-json\/wp\/v2\/tags?post=10033224"},{"taxonomy":"tribe_events_cat","embeddable":true,"href":"https:\/\/moianesturisme.cat\/agendacultural\/wp-json\/wp\/v2\/tribe_events_cat?post=10033224"}],"curies":[{"name":"wp","href":"https:\/\/api.w.org\/{rel}","templated":true}]}}

<p><strong>💫El repic de la Nit de Nadal tindrà lloc el 24 de desembre a les 23:30h, prèviament a la Missa del Gall, que començarà a les 12 de la nit.</p>
<p>👑 El dia 6 de gener a les 11:30h farem el tradicional repic de Reis.</p>
<p>Qui vulgui venir a qualsevol dels dos repics ha d&#8217;adreçar un correu electrònic a campanardemoia@gmail.com.</strong></p>

<p>💫El repic de la Nit de Nadal tindrà lloc el 24 de desembre a les 23:30h, prèviament a la Missa del Gall, que començarà a les 12 de la nit. 👑 El dia 6 de gener a les 11:30h farem el tradicional repic de Reis. Qui vulgui venir a qualsevol dels dos repics ha d&#8217;adreçar</p>
