{"id":10032880,"date":"2025-09-19T13:37:04","date_gmt":"2025-09-19T11:37:04","guid":{"rendered":"https:\/\/moianesturisme.cat\/agendacultural\/?post_type=tribe_events&#038;p=16744"},"modified":"2025-09-19T13:37:04","modified_gmt":"2025-09-19T11:37:04","slug":"visites-guiades-a-la-casa-museu-prat-de-la-riba","status":"publish","type":"tribe_events","link":"https:\/\/moianesturisme.cat\/agendacultural\/activitat\/visites-guiades-a-la-casa-museu-prat-de-la-riba\/2025-11-09\/","title":{"rendered":"Visites guiades a la Casa Museu Prat de la Riba"},"content":{"rendered":"<p>T\u2019agradaria viatjar en el temps i con\u00e8ixer el Castellter\u00e7ol d\u2019entre els segles XIX i XX?<\/p>\n<p>Tens l\u2019oportunitat de descobrir on va n\u00e9ixer i morir el primer president de la Mancomunitat de Catalunya , en una visita que combina la hist\u00f2ria pol\u00edtica\u00a0 i la vida quotidiana del Moian\u00e8s !<\/p>\n<p>Cada segon diumenge del mes a les 12 h<br \/>\nPr\u00f2ximes dates:<br \/>\n14 de setembre<br \/>\n12 d\u2019octubre<br \/>\n9 de novembre<br \/>\n14 de desembre<br \/>\n11 de gener<br \/>\n8 de febrer<\/p>\n<p>On?<br \/>\nCasa Museu Prat de la Riba<br \/>\nPla\u00e7a Prat de la Riba, 7<br \/>\n08183 Castellter\u00e7ol (Moian\u00e8s)<\/p>\n<p>Preu: 8 \u20ac<br \/>\nReserva pr\u00e8via obligat\u00f2ria: entrades en l\u00ednia a Euromus.cultura.gencat.cat<\/p>\n<p>Contacte: 93 866 63 62<br \/>\npratdelariba.cultura@gencat.cat<\/p>\n","protected":false},"excerpt":{"rendered":"<p>T\u2019agradaria viatjar en el temps i con\u00e8ixer el Castellter\u00e7ol d\u2019entre els segles XIX i XX? Tens l\u2019oportunitat de descobrir on va n\u00e9ixer i morir el primer president de la Mancomunitat de Catalunya , en una visita que combina la hist\u00f2ria pol\u00edtica\u00a0 i la vida quotidiana del Moian\u00e8s ! Cada segon diumenge del mes a les<\/p>\n","protected":false},"author":2,"featured_media":16745,"template":"","meta":{"_acf_changed":false,"_tribe_events_status":"","_tribe_events_status_reason":"","_tribe_events_is_hybrid":"","_tribe_events_is_virtual":"","_tribe_events_virtual_video_source":"","_tribe_events_virtual_embed_video":"","_tribe_events_virtual_linked_button_text":"","_tribe_events_virtual_linked_button":"","_tribe_events_virtual_show_embed_at":"","_tribe_events_virtual_show_embed_to":[],"_tribe_events_virtual_show_on_event":"","_tribe_events_virtual_show_on_views":"","_tribe_events_virtual_url":"","footnotes":""},"tags":[],"tribe_events_cat":[81,82],"class_list":["post-10032880","tribe_events","type-tribe_events","status-publish","has-post-thumbnail","hentry","tribe_events_cat-turisme","tribe_events_cat-visites-i-rutes","cat_turisme","cat_visites-i-rutes","tribe-recurring-event","tribe-recurring-event-parent"],"acf":[],"_links":{"self":[{"href":"https:\/\/moianesturisme.cat\/agendacultural\/wp-json\/wp\/v2\/tribe_events\/10032880","targetHints":{"allow":["GET"]}}],"collection":[{"href":"https:\/\/moianesturisme.cat\/agendacultural\/wp-json\/wp\/v2\/tribe_events"}],"about":[{"href":"https:\/\/moianesturisme.cat\/agendacultural\/wp-json\/wp\/v2\/types\/tribe_events"}],"author":[{"embeddable":true,"href":"https:\/\/moianesturisme.cat\/agendacultural\/wp-json\/wp\/v2\/users\/2"}],"version-history":[{"count":0,"href":"https:\/\/moianesturisme.cat\/agendacultural\/wp-json\/wp\/v2\/tribe_events\/10032880\/revisions"}],"wp:featuredmedia":[{"embeddable":true,"href":"https:\/\/moianesturisme.cat\/agendacultural\/wp-json\/wp\/v2\/media\/16745"}],"wp:attachment":[{"href":"https:\/\/moianesturisme.cat\/agendacultural\/wp-json\/wp\/v2\/media?parent=10032880"}],"wp:term":[{"taxonomy":"post_tag","embeddable":true,"href":"https:\/\/moianesturisme.cat\/agendacultural\/wp-json\/wp\/v2\/tags?post=10032880"},{"taxonomy":"tribe_events_cat","embeddable":true,"href":"https:\/\/moianesturisme.cat\/agendacultural\/wp-json\/wp\/v2\/tribe_events_cat?post=10032880"}],"curies":[{"name":"wp","href":"https:\/\/api.w.org\/{rel}","templated":true}]}}

<p>T’agradaria viatjar en el temps i conèixer el Castellterçol d’entre els segles XIX i XX?</p>
<p>Tens l’oportunitat de descobrir on va néixer i morir el primer president de la Mancomunitat de Catalunya , en una visita que combina la història política  i la vida quotidiana del Moianès !</p>
<p>Cada segon diumenge del mes a les 12 h<br />
Pròximes dates:<br />
14 de setembre<br />
12 d’octubre<br />
9 de novembre<br />
14 de desembre<br />
11 de gener<br />
8 de febrer</p>
<p>On?<br />
Casa Museu Prat de la Riba<br />
Plaça Prat de la Riba, 7<br />
08183 Castellterçol (Moianès)</p>
<p>Preu: 8 €<br />
Reserva prèvia obligatòria: entrades en línia a Euromus.cultura.gencat.cat</p>
<p>Contacte: 93 866 63 62<br />
pratdelariba.cultura@gencat.cat</p>

<p>T’agradaria viatjar en el temps i conèixer el Castellterçol d’entre els segles XIX i XX? Tens l’oportunitat de descobrir on va néixer i morir el primer president de la Mancomunitat de Catalunya , en una visita que combina la història política  i la vida quotidiana del Moianès ! Cada segon diumenge del mes a les</p>
