{"id":10032204,"date":"2025-04-30T10:17:28","date_gmt":"2025-04-30T08:17:28","guid":{"rendered":"https:\/\/moianesturisme.cat\/agendacultural\/?post_type=tribe_events&#038;p=15342"},"modified":"2025-10-10T09:50:47","modified_gmt":"2025-10-10T07:50:47","slug":"fira-artesana-a-moia","status":"publish","type":"tribe_events","link":"https:\/\/moianesturisme.cat\/agendacultural\/activitat\/fira-artesana-a-moia\/2025-06-14\/","title":{"rendered":"Fira artesana a Moi\u00e0"},"content":{"rendered":"<div class=\"fusion-fullwidth fullwidth-box fusion-builder-row-1 fusion-flex-container nonhundred-percent-fullwidth non-hundred-percent-height-scrolling\" style=\"--awb-border-radius-top-left:0px;--awb-border-radius-top-right:0px;--awb-border-radius-bottom-right:0px;--awb-border-radius-bottom-left:0px;--awb-flex-wrap:wrap;\" ><div class=\"fusion-builder-row fusion-row fusion-flex-align-items-flex-start fusion-flex-content-wrap\" style=\"max-width:1216.8px;margin-left: calc(-4% \/ 2 );margin-right: calc(-4% \/ 2 );\"><div class=\"fusion-layout-column fusion_builder_column fusion-builder-column-0 fusion_builder_column_1_1 1_1 fusion-flex-column\" style=\"--awb-bg-size:cover;--awb-width-large:100%;--awb-margin-top-large:0px;--awb-spacing-right-large:1.92%;--awb-margin-bottom-large:0px;--awb-spacing-left-large:1.92%;--awb-width-medium:100%;--awb-spacing-right-medium:1.92%;--awb-spacing-left-medium:1.92%;--awb-width-small:100%;--awb-spacing-right-small:1.92%;--awb-spacing-left-small:1.92%;\"><div class=\"fusion-column-wrapper fusion-flex-justify-content-flex-start fusion-content-layout-column\"><div class=\"fusion-text fusion-text-1\"><p>Amb <a href=\"https:\/\/www.clandestinomarket.es\/ca\/\">clandestinomarkets.es<\/a>, arriba la Fira Artesana a Moi\u00e0.<\/p>\n<p>Durant diversos dissabtes la Fira Artesana aterra a la Pla\u00e7a del Cap amb producte artes\u00e0 i de proximitat.<\/p>\n<p>Embotits, formatges, sabons, cosm\u00e8tica, punt, cer\u00e0mica, fusta&#8230;.. i molt m\u00e9s.<\/p>\n<p>\ud83d\uddd3 10 de maig, 7 de juny, 12 de juliol, 20 de setembre, 4 d&#8217;octubre i 8 de novembre<br \/>\n\ud83d\udd56 De 10:00 a 20:00h<br \/>\n\ud83d\udccdPla\u00e7a del CAP<\/p>\n<p>Passeja pel centre de la vila i gaudeix de la fira d&#8217;artesania i del nostre comer\u00e7<\/p>\n<p>Hi vols posar una paradeta? Inscriu-te a trav\u00e9s d&#8217;aquest enlla\u00e7: <a href=\"https:\/\/docs.google.com\/forms\/d\/e\/1FAIpQLSelfqkFOW8Lox8gUqj0QSaN_r2MGXnGuoa-iNG12V55P8Fs3w\/viewform\">https:\/\/docs.google.com\/forms\/d\/e\/1FAIpQLSelfqkFOW8Lox8gUqj0QSaN_r2MGXnGuoa-iNG12V55P8Fs3w\/viewform<\/a><\/p>\n<\/div><\/div><\/div><\/div><\/div>\n","protected":false},"excerpt":{"rendered":"","protected":false},"author":2,"featured_media":15343,"template":"","meta":{"_acf_changed":false,"_tribe_events_status":"","_tribe_events_status_reason":"","_tribe_events_is_hybrid":"","_tribe_events_is_virtual":"","_tribe_events_virtual_video_source":"","_tribe_events_virtual_embed_video":"","_tribe_events_virtual_linked_button_text":"","_tribe_events_virtual_linked_button":"","_tribe_events_virtual_show_embed_at":"","_tribe_events_virtual_show_embed_to":[],"_tribe_events_virtual_show_on_event":"","_tribe_events_virtual_show_on_views":"","_tribe_events_virtual_url":"","footnotes":""},"tags":[],"tribe_events_cat":[75],"class_list":["post-10032204","tribe_events","type-tribe_events","status-publish","has-post-thumbnail","hentry","tribe_events_cat-gastronomia","cat_gastronomia","tribe-recurring-event","tribe-recurring-event-parent"],"acf":[],"_links":{"self":[{"href":"https:\/\/moianesturisme.cat\/agendacultural\/wp-json\/wp\/v2\/tribe_events\/10032204","targetHints":{"allow":["GET"]}}],"collection":[{"href":"https:\/\/moianesturisme.cat\/agendacultural\/wp-json\/wp\/v2\/tribe_events"}],"about":[{"href":"https:\/\/moianesturisme.cat\/agendacultural\/wp-json\/wp\/v2\/types\/tribe_events"}],"author":[{"embeddable":true,"href":"https:\/\/moianesturisme.cat\/agendacultural\/wp-json\/wp\/v2\/users\/2"}],"version-history":[{"count":0,"href":"https:\/\/moianesturisme.cat\/agendacultural\/wp-json\/wp\/v2\/tribe_events\/10032204\/revisions"}],"wp:featuredmedia":[{"embeddable":true,"href":"https:\/\/moianesturisme.cat\/agendacultural\/wp-json\/wp\/v2\/media\/15343"}],"wp:attachment":[{"href":"https:\/\/moianesturisme.cat\/agendacultural\/wp-json\/wp\/v2\/media?parent=10032204"}],"wp:term":[{"taxonomy":"post_tag","embeddable":true,"href":"https:\/\/moianesturisme.cat\/agendacultural\/wp-json\/wp\/v2\/tags?post=10032204"},{"taxonomy":"tribe_events_cat","embeddable":true,"href":"https:\/\/moianesturisme.cat\/agendacultural\/wp-json\/wp\/v2\/tribe_events_cat?post=10032204"}],"curies":[{"name":"wp","href":"https:\/\/api.w.org\/{rel}","templated":true}]}}

Fira artesana a Moià

<div class="fusion-fullwidth fullwidth-box fusion-builder-row-1 fusion-flex-container nonhundred-percent-fullwidth non-hundred-percent-height-scrolling" style="--awb-border-radius-top-left:0px;--awb-border-radius-top-right:0px;--awb-border-radius-bottom-right:0px;--awb-border-radius-bottom-left:0px;--awb-flex-wrap:wrap;" ><div class="fusion-builder-row fusion-row fusion-flex-align-items-flex-start fusion-flex-content-wrap" style="max-width:1216.8px;margin-left: calc(-4% / 2 );margin-right: calc(-4% / 2 );"><div class="fusion-layout-column fusion_builder_column fusion-builder-column-0 fusion_builder_column_1_1 1_1 fusion-flex-column" style="--awb-bg-size:cover;--awb-width-large:100%;--awb-margin-top-large:0px;--awb-spacing-right-large:1.92%;--awb-margin-bottom-large:0px;--awb-spacing-left-large:1.92%;--awb-width-medium:100%;--awb-spacing-right-medium:1.92%;--awb-spacing-left-medium:1.92%;--awb-width-small:100%;--awb-spacing-right-small:1.92%;--awb-spacing-left-small:1.92%;"><div class="fusion-column-wrapper fusion-flex-justify-content-flex-start fusion-content-layout-column"><div class="fusion-text fusion-text-1"><p>Amb <a href="https://www.clandestinomarket.es/ca/">clandestinomarkets.es</a>, arriba la Fira Artesana a Moià.</p>
<p>Durant diversos dissabtes la Fira Artesana aterra a la Plaça del Cap amb producte artesà i de proximitat.</p>
<p>Embotits, formatges, sabons, cosmètica, punt, ceràmica, fusta&#8230;.. i molt més.</p>
<p>🗓 10 de maig, 7 de juny, 12 de juliol, 20 de setembre, 4 d&#8217;octubre i 8 de novembre<br />
🕖 De 10:00 a 20:00h<br />
📍Plaça del CAP</p>
<p>Passeja pel centre de la vila i gaudeix de la fira d&#8217;artesania i del nostre comerç</p>
<p>Hi vols posar una paradeta? Inscriu-te a través d&#8217;aquest enllaç: <a href="https://docs.google.com/forms/d/e/1FAIpQLSelfqkFOW8Lox8gUqj0QSaN_r2MGXnGuoa-iNG12V55P8Fs3w/viewform">https://docs.google.com/forms/d/e/1FAIpQLSelfqkFOW8Lox8gUqj0QSaN_r2MGXnGuoa-iNG12V55P8Fs3w/viewform</a></p>
</div></div></div></div></div>
