{"id":10006494,"date":"2025-04-24T17:46:04","date_gmt":"2025-04-24T15:46:04","guid":{"rendered":"https:\/\/moianesturisme.cat\/agendacultural\/activitat\/passejades-trementinaires-per-granera-3\/2024-03-03\/"},"modified":"2025-04-24T18:29:05","modified_gmt":"2025-04-24T16:29:05","slug":"passejades-trementinaires-per-granera-2-2","status":"publish","type":"tribe_events","link":"https:\/\/moianesturisme.cat\/agendacultural\/activitat\/passejades-trementinaires-per-granera-2-2\/2025-06-01\/","title":{"rendered":"Passejades Trementinaires per Granera"},"content":{"rendered":"<div class=\"fusion-fullwidth fullwidth-box fusion-builder-row-1 fusion-flex-container nonhundred-percent-fullwidth non-hundred-percent-height-scrolling\" style=\"--awb-border-radius-top-left:0px;--awb-border-radius-top-right:0px;--awb-border-radius-bottom-right:0px;--awb-border-radius-bottom-left:0px;--awb-flex-wrap:wrap;\" ><div class=\"fusion-builder-row fusion-row fusion-flex-align-items-flex-start fusion-flex-content-wrap\" style=\"max-width:1216.8px;margin-left: calc(-4% \/ 2 );margin-right: calc(-4% \/ 2 );\"><div class=\"fusion-layout-column fusion_builder_column fusion-builder-column-0 fusion_builder_column_1_1 1_1 fusion-flex-column\" style=\"--awb-bg-size:cover;--awb-width-large:100%;--awb-margin-top-large:0px;--awb-spacing-right-large:1.92%;--awb-margin-bottom-large:0px;--awb-spacing-left-large:1.92%;--awb-width-medium:100%;--awb-spacing-right-medium:1.92%;--awb-spacing-left-medium:1.92%;--awb-width-small:100%;--awb-spacing-right-small:1.92%;--awb-spacing-left-small:1.92%;\"><div class=\"fusion-column-wrapper fusion-flex-justify-content-flex-start fusion-content-layout-column\"><div class=\"fusion-text fusion-text-1\"><div class=\"tribe-events-single-event-description tribe-events-content entry-content description\">\n<p>Recorregut a peu per diversos paratges de Granera (aproximadament 1.30 hora) tot reconeixent plantes silvestres i els seus usos.<br \/>\nAbans de sortir cada diumenge es far\u00e0 una explicaci\u00f3 detallada de les propietats d\u2019una planta determinada i es donaran receptes on en sigui l\u2019ingredient principal.<\/p>\n<p>S\u2019entregar\u00e0 una fitxa que recollir\u00e0 la descripci\u00f3 de la planta, les propietats, els usos medicinals i gastron\u00f2mics i receptes suggerides on s\u2019utilitzi la planta. A continuaci\u00f3 es far\u00e0 una passejada per diferents indrets de Granera durant la qual es podr\u00e0 anar identificant aquesta planta i d\u2019altres, tot gaudint del paisatge i visitant camins i masies de Granera.<\/p>\n<p>Requisits activitat:<\/p>\n<p>Cal inscripci\u00f3 pr\u00e8via per whatsapp al 639 640 434. Places limitades<\/p>\n<\/div>\n<\/div><\/div><\/div><\/div><\/div>\n","protected":false},"excerpt":{"rendered":"","protected":false},"author":15,"featured_media":15290,"template":"","meta":{"_acf_changed":false,"_tribe_events_status":"","_tribe_events_status_reason":"","_tribe_events_is_hybrid":"","_tribe_events_is_virtual":"","_tribe_events_virtual_video_source":"","_tribe_events_virtual_embed_video":"","_tribe_events_virtual_linked_button_text":"","_tribe_events_virtual_linked_button":"","_tribe_events_virtual_show_embed_at":"","_tribe_events_virtual_show_embed_to":[],"_tribe_events_virtual_show_on_event":"","_tribe_events_virtual_show_on_views":"","_tribe_events_virtual_url":"","footnotes":""},"tags":[],"tribe_events_cat":[87,69,75,78,81,82],"class_list":["post-10006494","tribe_events","type-tribe_events","status-publish","has-post-thumbnail","hentry","tribe_events_cat-activitats-periodiques","tribe_events_cat-cursos-i-tallers","tribe_events_cat-gastronomia","tribe_events_cat-salut","tribe_events_cat-turisme","tribe_events_cat-visites-i-rutes","cat_activitats-periodiques","cat_cursos-i-tallers","cat_gastronomia","cat_salut","cat_turisme","cat_visites-i-rutes","tribe-recurring-event","tribe-recurring-event-parent"],"acf":[],"_links":{"self":[{"href":"https:\/\/moianesturisme.cat\/agendacultural\/wp-json\/wp\/v2\/tribe_events\/10006494","targetHints":{"allow":["GET"]}}],"collection":[{"href":"https:\/\/moianesturisme.cat\/agendacultural\/wp-json\/wp\/v2\/tribe_events"}],"about":[{"href":"https:\/\/moianesturisme.cat\/agendacultural\/wp-json\/wp\/v2\/types\/tribe_events"}],"author":[{"embeddable":true,"href":"https:\/\/moianesturisme.cat\/agendacultural\/wp-json\/wp\/v2\/users\/15"}],"version-history":[{"count":0,"href":"https:\/\/moianesturisme.cat\/agendacultural\/wp-json\/wp\/v2\/tribe_events\/10006494\/revisions"}],"wp:featuredmedia":[{"embeddable":true,"href":"https:\/\/moianesturisme.cat\/agendacultural\/wp-json\/wp\/v2\/media\/15290"}],"wp:attachment":[{"href":"https:\/\/moianesturisme.cat\/agendacultural\/wp-json\/wp\/v2\/media?parent=10006494"}],"wp:term":[{"taxonomy":"post_tag","embeddable":true,"href":"https:\/\/moianesturisme.cat\/agendacultural\/wp-json\/wp\/v2\/tags?post=10006494"},{"taxonomy":"tribe_events_cat","embeddable":true,"href":"https:\/\/moianesturisme.cat\/agendacultural\/wp-json\/wp\/v2\/tribe_events_cat?post=10006494"}],"curies":[{"name":"wp","href":"https:\/\/api.w.org\/{rel}","templated":true}]}}

<div class="fusion-fullwidth fullwidth-box fusion-builder-row-1 fusion-flex-container nonhundred-percent-fullwidth non-hundred-percent-height-scrolling" style="--awb-border-radius-top-left:0px;--awb-border-radius-top-right:0px;--awb-border-radius-bottom-right:0px;--awb-border-radius-bottom-left:0px;--awb-flex-wrap:wrap;" ><div class="fusion-builder-row fusion-row fusion-flex-align-items-flex-start fusion-flex-content-wrap" style="max-width:1216.8px;margin-left: calc(-4% / 2 );margin-right: calc(-4% / 2 );"><div class="fusion-layout-column fusion_builder_column fusion-builder-column-0 fusion_builder_column_1_1 1_1 fusion-flex-column" style="--awb-bg-size:cover;--awb-width-large:100%;--awb-margin-top-large:0px;--awb-spacing-right-large:1.92%;--awb-margin-bottom-large:0px;--awb-spacing-left-large:1.92%;--awb-width-medium:100%;--awb-spacing-right-medium:1.92%;--awb-spacing-left-medium:1.92%;--awb-width-small:100%;--awb-spacing-right-small:1.92%;--awb-spacing-left-small:1.92%;"><div class="fusion-column-wrapper fusion-flex-justify-content-flex-start fusion-content-layout-column"><div class="fusion-text fusion-text-1"><div class="tribe-events-single-event-description tribe-events-content entry-content description">
<p>Recorregut a peu per diversos paratges de Granera (aproximadament 1.30 hora) tot reconeixent plantes silvestres i els seus usos.<br />
Abans de sortir cada diumenge es farà una explicació detallada de les propietats d’una planta determinada i es donaran receptes on en sigui l’ingredient principal.</p>
<p>S’entregarà una fitxa que recollirà la descripció de la planta, les propietats, els usos medicinals i gastronòmics i receptes suggerides on s’utilitzi la planta. A continuació es farà una passejada per diferents indrets de Granera durant la qual es podrà anar identificant aquesta planta i d’altres, tot gaudint del paisatge i visitant camins i masies de Granera.</p>
<p>Requisits activitat:</p>
<p>Cal inscripció prèvia per whatsapp al 639 640 434. Places limitades</p>
</div>
</div></div></div></div></div>
