{"id":10000632,"date":"2023-09-08T00:18:14","date_gmt":"2023-09-07T22:18:14","guid":{"rendered":"https:\/\/moianesturisme.cat\/agendacultural\/?post_type=tribe_events&#038;p=8775"},"modified":"2023-11-08T20:57:55","modified_gmt":"2023-11-08T18:57:55","slug":"passejades-trementinaires-per-granera","status":"publish","type":"tribe_events","link":"https:\/\/moianesturisme.cat\/agendacultural\/activitat\/passejades-trementinaires-per-granera\/2023-10-08\/","title":{"rendered":"Passejades Trementinaires per Granera"},"content":{"rendered":"<p>Recorregut a peu per diversos paratges de Granera (aproximadament 1.30 hora) tot reconeixent plantes silvestres i els seus usos.<br \/>\nAbans de sortir cada diumenge es far\u00e0 una explicaci\u00f3 detallada de les propietats d\u2019una planta determinada i es donaran receptes on en sigui l&#8217;ingredient principal.<\/p>\n<p>S&#8217;entregar\u00e0 una fitxa que recollir\u00e0 la descripci\u00f3 de la planta, les propietats, els usos medicinals i gastron\u00f2mics i receptes suggerides on s&#8217;utilitzi la planta. A continuaci\u00f3 es far\u00e0 una passejada per diferents indrets de Granera durant la qual es podr\u00e0 anar identificant aquesta planta i d&#8217;altres, tot gaudint del paisatge i visitant camins i masies de Granera.<\/p>\n<p>Requisits activitat:<\/p>\n<p>Cal inscripci\u00f3 pr\u00e8via per whatsapp al 639 640 434. Places limitades<\/p>\n","protected":false},"excerpt":{"rendered":"<p>Recorregut a peu per diversos paratges de Granera (aproximadament 1.30 hora) tot reconeixent plantes silvestres i els seus usos. Abans de sortir cada diumenge es far\u00e0 una explicaci\u00f3 detallada de les propietats d\u2019una planta determinada i es donaran receptes on en sigui l&#8217;ingredient principal. S&#8217;entregar\u00e0 una fitxa que recollir\u00e0 la descripci\u00f3 de la planta, les<\/p>\n","protected":false},"author":15,"featured_media":0,"template":"","meta":{"_acf_changed":false,"_tribe_events_status":"","_tribe_events_status_reason":"","_tribe_events_is_hybrid":"","_tribe_events_is_virtual":"","_tribe_events_virtual_video_source":"","_tribe_events_virtual_embed_video":"","_tribe_events_virtual_linked_button_text":"","_tribe_events_virtual_linked_button":"","_tribe_events_virtual_show_embed_at":"","_tribe_events_virtual_show_embed_to":[],"_tribe_events_virtual_show_on_event":"","_tribe_events_virtual_show_on_views":"","_tribe_events_virtual_url":"","footnotes":""},"tags":[],"tribe_events_cat":[69,75,78,81,82],"class_list":["post-10000632","tribe_events","type-tribe_events","status-publish","hentry","tribe_events_cat-cursos-i-tallers","tribe_events_cat-gastronomia","tribe_events_cat-salut","tribe_events_cat-turisme","tribe_events_cat-visites-i-rutes","cat_cursos-i-tallers","cat_gastronomia","cat_salut","cat_turisme","cat_visites-i-rutes","tribe-recurring-event","tribe-recurring-event-parent"],"acf":[],"_links":{"self":[{"href":"https:\/\/moianesturisme.cat\/agendacultural\/wp-json\/wp\/v2\/tribe_events\/10000632","targetHints":{"allow":["GET"]}}],"collection":[{"href":"https:\/\/moianesturisme.cat\/agendacultural\/wp-json\/wp\/v2\/tribe_events"}],"about":[{"href":"https:\/\/moianesturisme.cat\/agendacultural\/wp-json\/wp\/v2\/types\/tribe_events"}],"author":[{"embeddable":true,"href":"https:\/\/moianesturisme.cat\/agendacultural\/wp-json\/wp\/v2\/users\/15"}],"version-history":[{"count":0,"href":"https:\/\/moianesturisme.cat\/agendacultural\/wp-json\/wp\/v2\/tribe_events\/10000632\/revisions"}],"wp:attachment":[{"href":"https:\/\/moianesturisme.cat\/agendacultural\/wp-json\/wp\/v2\/media?parent=10000632"}],"wp:term":[{"taxonomy":"post_tag","embeddable":true,"href":"https:\/\/moianesturisme.cat\/agendacultural\/wp-json\/wp\/v2\/tags?post=10000632"},{"taxonomy":"tribe_events_cat","embeddable":true,"href":"https:\/\/moianesturisme.cat\/agendacultural\/wp-json\/wp\/v2\/tribe_events_cat?post=10000632"}],"curies":[{"name":"wp","href":"https:\/\/api.w.org\/{rel}","templated":true}]}}

<p>Recorregut a peu per diversos paratges de Granera (aproximadament 1.30 hora) tot reconeixent plantes silvestres i els seus usos.<br />
Abans de sortir cada diumenge es farà una explicació detallada de les propietats d’una planta determinada i es donaran receptes on en sigui l&#8217;ingredient principal.</p>
<p>S&#8217;entregarà una fitxa que recollirà la descripció de la planta, les propietats, els usos medicinals i gastronòmics i receptes suggerides on s&#8217;utilitzi la planta. A continuació es farà una passejada per diferents indrets de Granera durant la qual es podrà anar identificant aquesta planta i d&#8217;altres, tot gaudint del paisatge i visitant camins i masies de Granera.</p>
<p>Requisits activitat:</p>
<p>Cal inscripció prèvia per whatsapp al 639 640 434. Places limitades</p>

<p>Recorregut a peu per diversos paratges de Granera (aproximadament 1.30 hora) tot reconeixent plantes silvestres i els seus usos. Abans de sortir cada diumenge es farà una explicació detallada de les propietats d’una planta determinada i es donaran receptes on en sigui l&#8217;ingredient principal. S&#8217;entregarà una fitxa que recollirà la descripció de la planta, les</p>
