{"id":5758,"date":"2022-12-22T19:27:51","date_gmt":"2022-12-22T17:27:51","guid":{"rendered":"https:\/\/moianesturisme.cat\/agendacultural\/?page_id=5758"},"modified":"2023-07-19T17:00:44","modified_gmt":"2023-07-19T15:00:44","slug":"proteccio-de-dades","status":"publish","type":"page","link":"https:\/\/moianesturisme.cat\/agendacultural\/proteccio-de-dades\/","title":{"rendered":"Protecci\u00f3 de dades"},"content":{"rendered":"<div class=\"fusion-fullwidth fullwidth-box fusion-builder-row-1 fusion-flex-container nonhundred-percent-fullwidth non-hundred-percent-height-scrolling\" style=\"--awb-border-radius-top-left:0px;--awb-border-radius-top-right:0px;--awb-border-radius-bottom-right:0px;--awb-border-radius-bottom-left:0px;--awb-flex-wrap:wrap;\" ><div class=\"fusion-builder-row fusion-row fusion-flex-align-items-flex-start fusion-flex-content-wrap\" style=\"max-width:1216.8px;margin-left: calc(-4% \/ 2 );margin-right: calc(-4% \/ 2 );\"><div class=\"fusion-layout-column fusion_builder_column fusion-builder-column-0 fusion_builder_column_1_1 1_1 fusion-flex-column\" style=\"--awb-bg-size:cover;--awb-width-large:100%;--awb-margin-top-large:0px;--awb-spacing-right-large:1.92%;--awb-margin-bottom-large:0px;--awb-spacing-left-large:1.92%;--awb-width-medium:100%;--awb-spacing-right-medium:1.92%;--awb-spacing-left-medium:1.92%;--awb-width-small:100%;--awb-spacing-right-small:1.92%;--awb-spacing-left-small:1.92%;\"><div class=\"fusion-column-wrapper fusion-flex-justify-content-flex-start fusion-content-layout-column\"><div class=\"fusion-text fusion-text-1\"><p><strong>Informaci\u00f3 b\u00e0sica de protecci\u00f3 de dades<\/strong><\/p>\n<p><strong>Responsable:<\/strong> Consell Comarcal del Moian\u00e8s i els seus ens dependents: Consorci del Moian\u00e8s<\/p>\n<p><strong>Delegat de protecci\u00f3 de dades: <\/strong><a href=\"mailto:ccmn.consell@ccmoianes.cat\">ccmn.consell@ccmoianes.cat<\/a><\/p>\n<p><strong>Finalitat:<\/strong> Gesti\u00f3 de l&#8217;Agenda d&#8217;Activitats online<\/p>\n<p><strong>+ informaci\u00f3:<\/strong> <a href=\"https:\/\/www.ccmoianes.cat\/altres-continguts\/proteccio-de-dades\/\">https:\/\/www.ccmoianes.cat\/altres-continguts\/proteccio-de-dades\/<\/a><\/p>\n<\/div><\/div><\/div><\/div><\/div>\n","protected":false},"excerpt":{"rendered":"","protected":false},"author":1,"featured_media":0,"parent":0,"menu_order":0,"comment_status":"closed","ping_status":"closed","template":"","meta":{"_acf_changed":false,"footnotes":""},"class_list":["post-5758","page","type-page","status-publish","hentry"],"acf":[],"_links":{"self":[{"href":"https:\/\/moianesturisme.cat\/agendacultural\/wp-json\/wp\/v2\/pages\/5758","targetHints":{"allow":["GET"]}}],"collection":[{"href":"https:\/\/moianesturisme.cat\/agendacultural\/wp-json\/wp\/v2\/pages"}],"about":[{"href":"https:\/\/moianesturisme.cat\/agendacultural\/wp-json\/wp\/v2\/types\/page"}],"author":[{"embeddable":true,"href":"https:\/\/moianesturisme.cat\/agendacultural\/wp-json\/wp\/v2\/users\/1"}],"replies":[{"embeddable":true,"href":"https:\/\/moianesturisme.cat\/agendacultural\/wp-json\/wp\/v2\/comments?post=5758"}],"version-history":[{"count":5,"href":"https:\/\/moianesturisme.cat\/agendacultural\/wp-json\/wp\/v2\/pages\/5758\/revisions"}],"predecessor-version":[{"id":7045,"href":"https:\/\/moianesturisme.cat\/agendacultural\/wp-json\/wp\/v2\/pages\/5758\/revisions\/7045"}],"wp:attachment":[{"href":"https:\/\/moianesturisme.cat\/agendacultural\/wp-json\/wp\/v2\/media?parent=5758"}],"curies":[{"name":"wp","href":"https:\/\/api.w.org\/{rel}","templated":true}]}}

Protecció de dades

<div class="fusion-fullwidth fullwidth-box fusion-builder-row-1 fusion-flex-container nonhundred-percent-fullwidth non-hundred-percent-height-scrolling" style="--awb-border-radius-top-left:0px;--awb-border-radius-top-right:0px;--awb-border-radius-bottom-right:0px;--awb-border-radius-bottom-left:0px;--awb-flex-wrap:wrap;" ><div class="fusion-builder-row fusion-row fusion-flex-align-items-flex-start fusion-flex-content-wrap" style="max-width:1216.8px;margin-left: calc(-4% / 2 );margin-right: calc(-4% / 2 );"><div class="fusion-layout-column fusion_builder_column fusion-builder-column-0 fusion_builder_column_1_1 1_1 fusion-flex-column" style="--awb-bg-size:cover;--awb-width-large:100%;--awb-margin-top-large:0px;--awb-spacing-right-large:1.92%;--awb-margin-bottom-large:0px;--awb-spacing-left-large:1.92%;--awb-width-medium:100%;--awb-spacing-right-medium:1.92%;--awb-spacing-left-medium:1.92%;--awb-width-small:100%;--awb-spacing-right-small:1.92%;--awb-spacing-left-small:1.92%;"><div class="fusion-column-wrapper fusion-flex-justify-content-flex-start fusion-content-layout-column"><div class="fusion-text fusion-text-1"><p><strong>Informació bàsica de protecció de dades</strong></p>
<p><strong>Responsable:</strong> Consell Comarcal del Moianès i els seus ens dependents: Consorci del Moianès</p>
<p><strong>Delegat de protecció de dades: </strong><a href="mailto:ccmn.consell@ccmoianes.cat">ccmn.consell@ccmoianes.cat</a></p>
<p><strong>Finalitat:</strong> Gestió de l&#8217;Agenda d&#8217;Activitats online</p>
<p><strong>+ informació:</strong> <a href="https://www.ccmoianes.cat/altres-continguts/proteccio-de-dades/">https://www.ccmoianes.cat/altres-continguts/proteccio-de-dades/</a></p>
</div></div></div></div></div>
