{"id":5231,"date":"2022-05-12T18:48:21","date_gmt":"2022-05-12T16:48:21","guid":{"rendered":"http:\/\/moianesturisme.cat\/agendacultural\/?page_id=5231"},"modified":"2025-02-14T13:13:09","modified_gmt":"2025-02-14T11:13:09","slug":"subscriu-te-al-butlleti","status":"publish","type":"page","link":"https:\/\/moianesturisme.cat\/agendacultural\/subscriu-te-al-butlleti\/","title":{"rendered":"Subscriu-te al butllet\u00ed"},"content":{"rendered":"<div class=\"fusion-fullwidth fullwidth-box fusion-builder-row-1 fusion-flex-container nonhundred-percent-fullwidth non-hundred-percent-height-scrolling\" style=\"--awb-border-radius-top-left:0px;--awb-border-radius-top-right:0px;--awb-border-radius-bottom-right:0px;--awb-border-radius-bottom-left:0px;--awb-flex-wrap:wrap;\" ><div class=\"fusion-builder-row fusion-row fusion-flex-align-items-flex-start fusion-flex-content-wrap\" style=\"max-width:1216.8px;margin-left: calc(-4% \/ 2 );margin-right: calc(-4% \/ 2 );\"><div class=\"fusion-layout-column fusion_builder_column fusion-builder-column-0 fusion_builder_column_1_1 1_1 fusion-flex-column\" style=\"--awb-bg-size:cover;--awb-width-large:100%;--awb-margin-top-large:0px;--awb-spacing-right-large:1.92%;--awb-margin-bottom-large:20px;--awb-spacing-left-large:1.92%;--awb-width-medium:100%;--awb-order-medium:0;--awb-spacing-right-medium:1.92%;--awb-spacing-left-medium:1.92%;--awb-width-small:100%;--awb-order-small:0;--awb-spacing-right-small:1.92%;--awb-spacing-left-small:1.92%;\"><div class=\"fusion-column-wrapper fusion-column-has-shadow fusion-flex-justify-content-flex-start fusion-content-layout-column\"><div class=\"fusion-text fusion-text-1\" style=\"--awb-font-size:var(--awb-typography4-font-size);--awb-line-height:var(--awb-typography4-line-height);--awb-letter-spacing:var(--awb-typography4-letter-spacing);--awb-text-transform:var(--awb-typography4-text-transform);--awb-text-font-family:var(--awb-typography4-font-family);--awb-text-font-weight:var(--awb-typography4-font-weight);--awb-text-font-style:var(--awb-typography4-font-style);\"><h2>Subscriu-te al butllet\u00ed setmanal!<\/h2>\n<p>Amb la subscripci\u00f3 a aquest butllet\u00ed tur\u00edstic i cultural rebr\u00e0s cada dijous la infomaci\u00f3 dels diferents esdeveniments i activitats: concerts, actuacions, fires i festes, exposicions, rutes&#8230; que es fan a la comarca del Moian\u00e8s formada per els seg\u00fcents municipis: Calders, Castellcir, Castellter\u00e7ol, Collsupina, Granera, L&#8217;Estany, Moi\u00e0, Monistrol de Calders, Sant Quirze Safaja i Santa Maria d\u2019Ol\u00f3.<\/p>\n<ul>\n<li>Butllet\u00ed setmanal, cada dijous, a la teva b\u00fastia de correu amb les activitats m\u00e9s destacades programades (de dijous a dijous de la setmana seg\u00fcent)<\/li>\n<li>Plans Qu\u00e8 puc fer al Moian\u00e8s el cap de setmana?<\/li>\n<li>Oci, cultura i natura<\/li>\n<\/ul>\n<p><em>(<\/em><em>Estem treballant per posar en funcionament el butllet\u00ed tur\u00edstic i cultural)<\/em><\/p>\n<\/div><div class=\"fusion-separator fusion-full-width-sep\" style=\"align-self: center;margin-left: auto;margin-right: auto;margin-top:30px;margin-bottom:30px;width:100%;\"><div class=\"fusion-separator-border sep-single sep-solid\" style=\"--awb-height:20px;--awb-amount:20px;border-color:var(--awb-color2);border-top-width:1px;\"><\/div><\/div><div class=\"fusion-text fusion-text-2\"><p>En compliment de la vigent normativa de protecci\u00f3 de dades, el Reglament General de Protecci\u00f3 de Dades (679\/2016) i la Llei Org\u00e0nica 3\/2018 de 5 de desembre de Protecci\u00f3 de Dades i garantia dels drets digitals, el Consell Comarcal del Moian\u00e8s facilita la seg\u00fcent<strong> informaci\u00f3 b\u00e0sica sobre protecci\u00f3 de dades<\/strong>:<\/p>\n<ul>\n<li><strong>Responsable del tractament<\/strong>: Consell Comarcal del Moian\u00e8s i els seus ens dependents: Consorci del Moian\u00e8s.<\/li>\n<li><strong>Delegat de protecci\u00f3 de dades<\/strong>: <a href=\"mailto:ccmn.consell@ccmoianes.cat\">ccmn.consell@ccmoianes.cat<\/a><\/li>\n<li><strong>Finalitat<\/strong>: Enviament del butllet\u00ed digital amb informaci\u00f3 d&#8217;activitats tur\u00edstiques, culturals i d&#8217;oci.<\/li>\n<li><strong>Legitimaci\u00f3<\/strong>: Exercici de poders p\u00fablics (Article 6.1.e del RGPD 2016\/679 \u2013 Art.8 LOPD)<\/li>\n<li>Les dades no seran cedides a tercers excepte per a la prestaci\u00f3 o per compliment d\u2019una obligaci\u00f3 legal i seran conservades durant el temps de prestaci\u00f3 del servei i en compliment de la normativa aplicable.<\/li>\n<li><strong>Drets dels titulars<\/strong>: En cas de desitjar-ho pot exercir els drets d\u2019acc\u00e9s, rectificaci\u00f3, supressi\u00f3, oposici\u00f3 i limitaci\u00f3 del tractament dirigint-se al Consell Comarcal del Moian\u00e8s, c\/ Joies 11-13 &#8211; 08180 Moi\u00e0.\u00a0\u00a0En cas de considerar que els seus drets de protecci\u00f3 de dades han estat vulnerats pot presentar una reclamaci\u00f3 davant de l\u2019Autoritat Catalana de Protecci\u00f3 de Dades (<a href=\"http:\/\/www.apdcat.cat\">www.apdcat.cat<\/a>).<\/li>\n<\/ul>\n<p>Per saber m\u00e9s sobre la protecci\u00f3 de dades podeu consultar el seg\u00fcent enlla\u00e7 a la web del Consell Comarcal del Moian\u00e8s: <a href=\"http:\/\/www.ccmoianes.cat\/altres-continguts\/proteccio-de-dades\/\">http:\/\/www.ccmoianes.cat\/altres-continguts\/proteccio-de-dades\/<\/a><\/p>\n<\/div><\/div><\/div><\/div><\/div>\n","protected":false},"excerpt":{"rendered":"","protected":false},"author":1,"featured_media":0,"parent":0,"menu_order":4,"comment_status":"closed","ping_status":"closed","template":"","meta":{"_acf_changed":false,"footnotes":""},"class_list":["post-5231","page","type-page","status-publish","hentry"],"acf":[],"_links":{"self":[{"href":"https:\/\/moianesturisme.cat\/agendacultural\/wp-json\/wp\/v2\/pages\/5231","targetHints":{"allow":["GET"]}}],"collection":[{"href":"https:\/\/moianesturisme.cat\/agendacultural\/wp-json\/wp\/v2\/pages"}],"about":[{"href":"https:\/\/moianesturisme.cat\/agendacultural\/wp-json\/wp\/v2\/types\/page"}],"author":[{"embeddable":true,"href":"https:\/\/moianesturisme.cat\/agendacultural\/wp-json\/wp\/v2\/users\/1"}],"replies":[{"embeddable":true,"href":"https:\/\/moianesturisme.cat\/agendacultural\/wp-json\/wp\/v2\/comments?post=5231"}],"version-history":[{"count":19,"href":"https:\/\/moianesturisme.cat\/agendacultural\/wp-json\/wp\/v2\/pages\/5231\/revisions"}],"predecessor-version":[{"id":14621,"href":"https:\/\/moianesturisme.cat\/agendacultural\/wp-json\/wp\/v2\/pages\/5231\/revisions\/14621"}],"wp:attachment":[{"href":"https:\/\/moianesturisme.cat\/agendacultural\/wp-json\/wp\/v2\/media?parent=5231"}],"curies":[{"name":"wp","href":"https:\/\/api.w.org\/{rel}","templated":true}]}}

Subscriu-te al butlletí

<div class="fusion-fullwidth fullwidth-box fusion-builder-row-1 fusion-flex-container nonhundred-percent-fullwidth non-hundred-percent-height-scrolling" style="--awb-border-radius-top-left:0px;--awb-border-radius-top-right:0px;--awb-border-radius-bottom-right:0px;--awb-border-radius-bottom-left:0px;--awb-flex-wrap:wrap;" ><div class="fusion-builder-row fusion-row fusion-flex-align-items-flex-start fusion-flex-content-wrap" style="max-width:1216.8px;margin-left: calc(-4% / 2 );margin-right: calc(-4% / 2 );"><div class="fusion-layout-column fusion_builder_column fusion-builder-column-0 fusion_builder_column_1_1 1_1 fusion-flex-column" style="--awb-bg-size:cover;--awb-width-large:100%;--awb-margin-top-large:0px;--awb-spacing-right-large:1.92%;--awb-margin-bottom-large:20px;--awb-spacing-left-large:1.92%;--awb-width-medium:100%;--awb-order-medium:0;--awb-spacing-right-medium:1.92%;--awb-spacing-left-medium:1.92%;--awb-width-small:100%;--awb-order-small:0;--awb-spacing-right-small:1.92%;--awb-spacing-left-small:1.92%;"><div class="fusion-column-wrapper fusion-column-has-shadow fusion-flex-justify-content-flex-start fusion-content-layout-column"><div class="fusion-text fusion-text-1" style="--awb-font-size:var(--awb-typography4-font-size);--awb-line-height:var(--awb-typography4-line-height);--awb-letter-spacing:var(--awb-typography4-letter-spacing);--awb-text-transform:var(--awb-typography4-text-transform);--awb-text-font-family:var(--awb-typography4-font-family);--awb-text-font-weight:var(--awb-typography4-font-weight);--awb-text-font-style:var(--awb-typography4-font-style);"><h2>Subscriu-te al butlletí setmanal!</h2>
<p>Amb la subscripció a aquest butlletí turístic i cultural rebràs cada dijous la infomació dels diferents esdeveniments i activitats: concerts, actuacions, fires i festes, exposicions, rutes&#8230; que es fan a la comarca del Moianès formada per els següents municipis: Calders, Castellcir, Castellterçol, Collsupina, Granera, L&#8217;Estany, Moià, Monistrol de Calders, Sant Quirze Safaja i Santa Maria d’Oló.</p>
<ul>
<li>Butlletí setmanal, cada dijous, a la teva bústia de correu amb les activitats més destacades programades (de dijous a dijous de la setmana següent)</li>
<li>Plans Què puc fer al Moianès el cap de setmana?</li>
<li>Oci, cultura i natura</li>
</ul>
<p><em>(</em><em>Estem treballant per posar en funcionament el butlletí turístic i cultural)</em></p>
</div><div class="fusion-separator fusion-full-width-sep" style="align-self: center;margin-left: auto;margin-right: auto;margin-top:30px;margin-bottom:30px;width:100%;"><div class="fusion-separator-border sep-single sep-solid" style="--awb-height:20px;--awb-amount:20px;border-color:var(--awb-color2);border-top-width:1px;"></div></div><div class="fusion-text fusion-text-2"><p>En compliment de la vigent normativa de protecció de dades, el Reglament General de Protecció de Dades (679/2016) i la Llei Orgànica 3/2018 de 5 de desembre de Protecció de Dades i garantia dels drets digitals, el Consell Comarcal del Moianès facilita la següent<strong> informació bàsica sobre protecció de dades</strong>:</p>
<ul>
<li><strong>Responsable del tractament</strong>: Consell Comarcal del Moianès i els seus ens dependents: Consorci del Moianès.</li>
<li><strong>Delegat de protecció de dades</strong>: <a href="mailto:ccmn.consell@ccmoianes.cat">ccmn.consell@ccmoianes.cat</a></li>
<li><strong>Finalitat</strong>: Enviament del butlletí digital amb informació d&#8217;activitats turístiques, culturals i d&#8217;oci.</li>
<li><strong>Legitimació</strong>: Exercici de poders públics (Article 6.1.e del RGPD 2016/679 – Art.8 LOPD)</li>
<li>Les dades no seran cedides a tercers excepte per a la prestació o per compliment d’una obligació legal i seran conservades durant el temps de prestació del servei i en compliment de la normativa aplicable.</li>
<li><strong>Drets dels titulars</strong>: En cas de desitjar-ho pot exercir els drets d’accés, rectificació, supressió, oposició i limitació del tractament dirigint-se al Consell Comarcal del Moianès, c/ Joies 11-13 &#8211; 08180 Moià.  En cas de considerar que els seus drets de protecció de dades han estat vulnerats pot presentar una reclamació davant de l’Autoritat Catalana de Protecció de Dades (<a href="http://www.apdcat.cat">www.apdcat.cat</a>).</li>
</ul>
<p>Per saber més sobre la protecció de dades podeu consultar el següent enllaç a la web del Consell Comarcal del Moianès: <a href="http://www.ccmoianes.cat/altres-continguts/proteccio-de-dades/">http://www.ccmoianes.cat/altres-continguts/proteccio-de-dades/</a></p>
</div></div></div></div></div>
