{"id":6706,"date":"2023-06-20T16:11:13","date_gmt":"2023-06-20T14:11:13","guid":{"rendered":"https:\/\/moianesturisme.cat\/agendacultural\/?post_type=equipaments&#038;p=6706"},"modified":"2025-02-04T18:02:48","modified_gmt":"2025-02-04T16:02:48","slug":"a-cobert","status":"publish","type":"equipaments","link":"https:\/\/moianesturisme.cat\/agendacultural\/equipaments\/a-cobert\/","title":{"rendered":"A COBERT"},"content":{"rendered":"<div class=\"fusion-fullwidth fullwidth-box fusion-builder-row-1 fusion-flex-container nonhundred-percent-fullwidth non-hundred-percent-height-scrolling\" style=\"--awb-border-radius-top-left:0px;--awb-border-radius-top-right:0px;--awb-border-radius-bottom-right:0px;--awb-border-radius-bottom-left:0px;--awb-flex-wrap:wrap;\" ><div class=\"fusion-builder-row fusion-row fusion-flex-align-items-flex-start fusion-flex-content-wrap\" style=\"max-width:1216.8px;margin-left: calc(-4% \/ 2 );margin-right: calc(-4% \/ 2 );\"><div class=\"fusion-layout-column fusion_builder_column fusion-builder-column-0 fusion_builder_column_1_1 1_1 fusion-flex-column\" style=\"--awb-bg-size:cover;--awb-width-large:100%;--awb-margin-top-large:0px;--awb-spacing-right-large:1.92%;--awb-margin-bottom-large:0px;--awb-spacing-left-large:1.92%;--awb-width-medium:100%;--awb-spacing-right-medium:1.92%;--awb-spacing-left-medium:1.92%;--awb-width-small:100%;--awb-spacing-right-small:1.92%;--awb-spacing-left-small:1.92%;\"><div class=\"fusion-column-wrapper fusion-flex-justify-content-flex-start fusion-content-layout-column\"><div class=\"fusion-text fusion-text-1\"><p><span data-contrast=\"auto\">A cobert \u00e9s un espai d\u2019introspecci\u00f3, debat, creaci\u00f3 i acolliment, on protegir-se de les viol\u00e8ncies sist\u00e8miques i on buscar respostes, i tamb\u00e9 m\u00e9s preguntes, sobre el qu\u00e8 succeeix al m\u00f3n exterior.\u00a0<\/span><span data-ccp-props=\"{&quot;201341983&quot;:0,&quot;335559739&quot;:160,&quot;335559740&quot;:259}\">\u00a0<\/span><\/p>\n<p><span data-contrast=\"auto\">\u00c9s un espai on tamb\u00e9 s\u2019hi fan resid\u00e8ncies, que tenen com a objectiu oferir un espai i unes condicions adequades per al desenvolupament de projectes art\u00edstics o d\u2019investigaci\u00f3, tanmateix, de servir com a plataforma de difusi\u00f3, suport i assessorament per les artistes apropant-les als circuits art\u00edstics i creant sin\u00e8rgies amb el teixit cultural de la comarca, aix\u00ed com de propiciar el gaudi d\u2019un entorn natural \u00fanic i d\u2019un medi rural que possibilita la concentraci\u00f3 que requereix la producci\u00f3 i la investigaci\u00f3 art\u00edstica.\u00a0<\/span><span data-ccp-props=\"{&quot;201341983&quot;:0,&quot;335559739&quot;:160,&quot;335559740&quot;:259}\">\u00a0<\/span><\/p>\n<\/div><\/div><\/div><\/div><\/div>\n","protected":false},"excerpt":{"rendered":"<p>Espai de pensament cr\u00edtic i creaci\u00f3 art\u00edstica.\u00a0<\/p>\n","protected":false},"featured_media":6707,"menu_order":0,"template":"","meta":{"_acf_changed":false},"c_equipaments":[100,99],"municipis-equipaments":[140],"class_list":["post-6706","equipaments","type-equipaments","status-publish","has-post-thumbnail","hentry","c_equipaments-altres-espais","c_equipaments-sales-dexposicions","municipis-equipaments-equipaments-moia"],"acf":[],"_links":{"self":[{"href":"https:\/\/moianesturisme.cat\/agendacultural\/wp-json\/wp\/v2\/equipaments\/6706","targetHints":{"allow":["GET"]}}],"collection":[{"href":"https:\/\/moianesturisme.cat\/agendacultural\/wp-json\/wp\/v2\/equipaments"}],"about":[{"href":"https:\/\/moianesturisme.cat\/agendacultural\/wp-json\/wp\/v2\/types\/equipaments"}],"wp:featuredmedia":[{"embeddable":true,"href":"https:\/\/moianesturisme.cat\/agendacultural\/wp-json\/wp\/v2\/media\/6707"}],"wp:attachment":[{"href":"https:\/\/moianesturisme.cat\/agendacultural\/wp-json\/wp\/v2\/media?parent=6706"}],"wp:term":[{"taxonomy":"c_equipaments","embeddable":true,"href":"https:\/\/moianesturisme.cat\/agendacultural\/wp-json\/wp\/v2\/c_equipaments?post=6706"},{"taxonomy":"municipis-equipaments","embeddable":true,"href":"https:\/\/moianesturisme.cat\/agendacultural\/wp-json\/wp\/v2\/municipis-equipaments?post=6706"}],"curies":[{"name":"wp","href":"https:\/\/api.w.org\/{rel}","templated":true}]}}

<div class="fusion-fullwidth fullwidth-box fusion-builder-row-1 fusion-flex-container nonhundred-percent-fullwidth non-hundred-percent-height-scrolling" style="--awb-border-radius-top-left:0px;--awb-border-radius-top-right:0px;--awb-border-radius-bottom-right:0px;--awb-border-radius-bottom-left:0px;--awb-flex-wrap:wrap;" ><div class="fusion-builder-row fusion-row fusion-flex-align-items-flex-start fusion-flex-content-wrap" style="max-width:1216.8px;margin-left: calc(-4% / 2 );margin-right: calc(-4% / 2 );"><div class="fusion-layout-column fusion_builder_column fusion-builder-column-0 fusion_builder_column_1_1 1_1 fusion-flex-column" style="--awb-bg-size:cover;--awb-width-large:100%;--awb-margin-top-large:0px;--awb-spacing-right-large:1.92%;--awb-margin-bottom-large:0px;--awb-spacing-left-large:1.92%;--awb-width-medium:100%;--awb-spacing-right-medium:1.92%;--awb-spacing-left-medium:1.92%;--awb-width-small:100%;--awb-spacing-right-small:1.92%;--awb-spacing-left-small:1.92%;"><div class="fusion-column-wrapper fusion-flex-justify-content-flex-start fusion-content-layout-column"><div class="fusion-text fusion-text-1"><p><span data-contrast="auto">A cobert és un espai d’introspecció, debat, creació i acolliment, on protegir-se de les violències sistèmiques i on buscar respostes, i també més preguntes, sobre el què succeeix al món exterior. </span><span data-ccp-props="{&quot;201341983&quot;:0,&quot;335559739&quot;:160,&quot;335559740&quot;:259}"> </span></p>
<p><span data-contrast="auto">És un espai on també s’hi fan residències, que tenen com a objectiu oferir un espai i unes condicions adequades per al desenvolupament de projectes artístics o d’investigació, tanmateix, de servir com a plataforma de difusió, suport i assessorament per les artistes apropant-les als circuits artístics i creant sinèrgies amb el teixit cultural de la comarca, així com de propiciar el gaudi d’un entorn natural únic i d’un medi rural que possibilita la concentració que requereix la producció i la investigació artística. </span><span data-ccp-props="{&quot;201341983&quot;:0,&quot;335559739&quot;:160,&quot;335559740&quot;:259}"> </span></p>
</div></div></div></div></div>

<p>Espai de pensament crític i creació artística. </p>
