{"id":6702,"date":"2023-06-20T16:00:00","date_gmt":"2023-06-20T14:00:00","guid":{"rendered":"https:\/\/moianesturisme.cat\/agendacultural\/?post_type=equipaments&#038;p=6702"},"modified":"2025-08-27T10:22:33","modified_gmt":"2025-08-27T08:22:33","slug":"poues-de-la-ginebreda","status":"publish","type":"equipaments","link":"https:\/\/moianesturisme.cat\/agendacultural\/equipaments\/poues-de-la-ginebreda\/","title":{"rendered":"POUES DE LA GINEBREDA"},"content":{"rendered":"<div class=\"fusion-fullwidth fullwidth-box fusion-builder-row-1 fusion-flex-container nonhundred-percent-fullwidth non-hundred-percent-height-scrolling\" style=\"--awb-border-radius-top-left:0px;--awb-border-radius-top-right:0px;--awb-border-radius-bottom-right:0px;--awb-border-radius-bottom-left:0px;--awb-flex-wrap:wrap;\" ><div class=\"fusion-builder-row fusion-row fusion-flex-align-items-flex-start fusion-flex-content-wrap\" style=\"max-width:1216.8px;margin-left: calc(-4% \/ 2 );margin-right: calc(-4% \/ 2 );\"><div class=\"fusion-layout-column fusion_builder_column fusion-builder-column-0 fusion_builder_column_1_1 1_1 fusion-flex-column\" style=\"--awb-bg-size:cover;--awb-width-large:100%;--awb-margin-top-large:0px;--awb-spacing-right-large:1.92%;--awb-margin-bottom-large:0px;--awb-spacing-left-large:1.92%;--awb-width-medium:100%;--awb-spacing-right-medium:1.92%;--awb-spacing-left-medium:1.92%;--awb-width-small:100%;--awb-spacing-right-small:1.92%;--awb-spacing-left-small:1.92%;\"><div class=\"fusion-column-wrapper fusion-flex-justify-content-flex-start fusion-content-layout-column\"><div class=\"fusion-text fusion-text-1\"><p><span data-contrast=\"auto\">Singularment Castellter\u00e7ol va ser el poble que millor va organitzar la producci\u00f3 i comercialitzaci\u00f3 del gel i, encara avui, el que conserva un major nombre de poues, basses, carregadors, etc.<\/span><span data-ccp-props=\"{&quot;134233117&quot;:false,&quot;134233118&quot;:false,&quot;201341983&quot;:0,&quot;335559738&quot;:0,&quot;335559739&quot;:0,&quot;335559740&quot;:240}\">\u00a0<\/span><\/p>\n<p><span data-ccp-props=\"{&quot;134233117&quot;:false,&quot;134233118&quot;:false,&quot;201341983&quot;:0,&quot;335559738&quot;:0,&quot;335559739&quot;:0,&quot;335559740&quot;:240}\">\u00a0<\/span><\/p>\n<p><span data-contrast=\"auto\">Les poues de la Ginebreda presenten la singularitat \u00fanica a tot el mediterrani d\u2019estar formades per 4 poues annexes sense estar connectades interiorment entre s\u00ed. Formen part del projecte Ecomuseu del Moian\u00e8s i la poua n\u00ba3 ha estat restaurada.<\/span><span data-ccp-props=\"{&quot;134233117&quot;:false,&quot;134233118&quot;:false,&quot;201341983&quot;:0,&quot;335559738&quot;:0,&quot;335559739&quot;:0,&quot;335559740&quot;:240}\">\u00a0<\/span><\/p>\n<p><span data-ccp-props=\"{&quot;134233117&quot;:false,&quot;134233118&quot;:false,&quot;201341983&quot;:0,&quot;335559738&quot;:0,&quot;335559739&quot;:0,&quot;335559740&quot;:240}\">\u00a0<\/span><\/p>\n<p><span data-contrast=\"auto\">Podem con\u00e8ixer com era una poua de gel, com es treballava, com es comercialitzava, descobrir-hi una muni\u00f3 de pous singulars o visitar la capella de l\u2019 \u00fanic gremi de pouers de gel que ha existit mai a Catalunya, la capella de Sant Gaiet\u00e0.<\/span><span data-ccp-props=\"{&quot;134233117&quot;:false,&quot;134233118&quot;:false,&quot;201341983&quot;:0,&quot;335559738&quot;:0,&quot;335559739&quot;:0,&quot;335559740&quot;:240}\">\u00a0<\/span><\/p>\n<p><span data-contrast=\"auto\">A les poues, hom hi guardava el gla\u00e7 i la neu a l\u2019hivern i de cara a la primavera es duia amb carros a ciutat. El gla\u00e7 tenia aplicacions diverses: medicinals, gastron\u00f2miques i curatives. Els principals clients de les poues de gla\u00e7 eren peixateries, hospitals, farm\u00e0cies i fabricants de gelats. La ind\u00fastria manufacturera creada al seu entorn donava feina a un bon nombre de treballadors en l\u2019\u00e8poca d\u2019hivern, en la qual es podien comptabilitzar les feines del camp i de pouer. Al Moian\u00e8s se n\u2019han comptabilitzar unes cinquanta; malgrat el des\u00fas actual, la seva recuperaci\u00f3 \u00e9s de gran inter\u00e8s arqueol\u00f2gic.<\/span><span data-ccp-props=\"{&quot;134233117&quot;:false,&quot;134233118&quot;:false,&quot;201341983&quot;:0,&quot;335559738&quot;:0,&quot;335559739&quot;:0,&quot;335559740&quot;:240}\">\u00a0<\/span><\/p>\n<p><span data-contrast=\"auto\">A Castellter\u00e7ol podreu entrar dins una poua de gla\u00e7, les Poues de la Ginebreda. No us ho perdeu!!.<\/span><span data-ccp-props=\"{&quot;134233117&quot;:false,&quot;134233118&quot;:false,&quot;201341983&quot;:0,&quot;335559738&quot;:0,&quot;335559739&quot;:0,&quot;335559740&quot;:240}\">\u00a0<\/span><\/p>\n<\/div><\/div><\/div><\/div><\/div>\n","protected":false},"excerpt":{"rendered":"<p>Lloc visitable de l\u2019Ecomsueu del Moian\u00e8s amb 4 poues annexes, on podem accedir a l\u2019interior de la poua n\u00ba3 que ha estat rehabilitada. <\/p>\n","protected":false},"featured_media":6703,"menu_order":0,"template":"","meta":{"_acf_changed":false},"c_equipaments":[96],"municipis-equipaments":[136],"class_list":["post-6702","equipaments","type-equipaments","status-publish","has-post-thumbnail","hentry","c_equipaments-ecomuseu-del-moianes","municipis-equipaments-equipaments-castelltercol"],"acf":[],"_links":{"self":[{"href":"https:\/\/moianesturisme.cat\/agendacultural\/wp-json\/wp\/v2\/equipaments\/6702","targetHints":{"allow":["GET"]}}],"collection":[{"href":"https:\/\/moianesturisme.cat\/agendacultural\/wp-json\/wp\/v2\/equipaments"}],"about":[{"href":"https:\/\/moianesturisme.cat\/agendacultural\/wp-json\/wp\/v2\/types\/equipaments"}],"wp:featuredmedia":[{"embeddable":true,"href":"https:\/\/moianesturisme.cat\/agendacultural\/wp-json\/wp\/v2\/media\/6703"}],"wp:attachment":[{"href":"https:\/\/moianesturisme.cat\/agendacultural\/wp-json\/wp\/v2\/media?parent=6702"}],"wp:term":[{"taxonomy":"c_equipaments","embeddable":true,"href":"https:\/\/moianesturisme.cat\/agendacultural\/wp-json\/wp\/v2\/c_equipaments?post=6702"},{"taxonomy":"municipis-equipaments","embeddable":true,"href":"https:\/\/moianesturisme.cat\/agendacultural\/wp-json\/wp\/v2\/municipis-equipaments?post=6702"}],"curies":[{"name":"wp","href":"https:\/\/api.w.org\/{rel}","templated":true}]}}

<div class="fusion-fullwidth fullwidth-box fusion-builder-row-1 fusion-flex-container nonhundred-percent-fullwidth non-hundred-percent-height-scrolling" style="--awb-border-radius-top-left:0px;--awb-border-radius-top-right:0px;--awb-border-radius-bottom-right:0px;--awb-border-radius-bottom-left:0px;--awb-flex-wrap:wrap;" ><div class="fusion-builder-row fusion-row fusion-flex-align-items-flex-start fusion-flex-content-wrap" style="max-width:1216.8px;margin-left: calc(-4% / 2 );margin-right: calc(-4% / 2 );"><div class="fusion-layout-column fusion_builder_column fusion-builder-column-0 fusion_builder_column_1_1 1_1 fusion-flex-column" style="--awb-bg-size:cover;--awb-width-large:100%;--awb-margin-top-large:0px;--awb-spacing-right-large:1.92%;--awb-margin-bottom-large:0px;--awb-spacing-left-large:1.92%;--awb-width-medium:100%;--awb-spacing-right-medium:1.92%;--awb-spacing-left-medium:1.92%;--awb-width-small:100%;--awb-spacing-right-small:1.92%;--awb-spacing-left-small:1.92%;"><div class="fusion-column-wrapper fusion-flex-justify-content-flex-start fusion-content-layout-column"><div class="fusion-text fusion-text-1"><p><span data-contrast="auto">Singularment Castellterçol va ser el poble que millor va organitzar la producció i comercialització del gel i, encara avui, el que conserva un major nombre de poues, basses, carregadors, etc.</span><span data-ccp-props="{&quot;134233117&quot;:false,&quot;134233118&quot;:false,&quot;201341983&quot;:0,&quot;335559738&quot;:0,&quot;335559739&quot;:0,&quot;335559740&quot;:240}"> </span></p>
<p><span data-ccp-props="{&quot;134233117&quot;:false,&quot;134233118&quot;:false,&quot;201341983&quot;:0,&quot;335559738&quot;:0,&quot;335559739&quot;:0,&quot;335559740&quot;:240}"> </span></p>
<p><span data-contrast="auto">Les poues de la Ginebreda presenten la singularitat única a tot el mediterrani d’estar formades per 4 poues annexes sense estar connectades interiorment entre sí. Formen part del projecte Ecomuseu del Moianès i la poua nº3 ha estat restaurada.</span><span data-ccp-props="{&quot;134233117&quot;:false,&quot;134233118&quot;:false,&quot;201341983&quot;:0,&quot;335559738&quot;:0,&quot;335559739&quot;:0,&quot;335559740&quot;:240}"> </span></p>
<p><span data-ccp-props="{&quot;134233117&quot;:false,&quot;134233118&quot;:false,&quot;201341983&quot;:0,&quot;335559738&quot;:0,&quot;335559739&quot;:0,&quot;335559740&quot;:240}"> </span></p>
<p><span data-contrast="auto">Podem conèixer com era una poua de gel, com es treballava, com es comercialitzava, descobrir-hi una munió de pous singulars o visitar la capella de l’ únic gremi de pouers de gel que ha existit mai a Catalunya, la capella de Sant Gaietà.</span><span data-ccp-props="{&quot;134233117&quot;:false,&quot;134233118&quot;:false,&quot;201341983&quot;:0,&quot;335559738&quot;:0,&quot;335559739&quot;:0,&quot;335559740&quot;:240}"> </span></p>
<p><span data-contrast="auto">A les poues, hom hi guardava el glaç i la neu a l’hivern i de cara a la primavera es duia amb carros a ciutat. El glaç tenia aplicacions diverses: medicinals, gastronòmiques i curatives. Els principals clients de les poues de glaç eren peixateries, hospitals, farmàcies i fabricants de gelats. La indústria manufacturera creada al seu entorn donava feina a un bon nombre de treballadors en l’època d’hivern, en la qual es podien comptabilitzar les feines del camp i de pouer. Al Moianès se n’han comptabilitzar unes cinquanta; malgrat el desús actual, la seva recuperació és de gran interès arqueològic.</span><span data-ccp-props="{&quot;134233117&quot;:false,&quot;134233118&quot;:false,&quot;201341983&quot;:0,&quot;335559738&quot;:0,&quot;335559739&quot;:0,&quot;335559740&quot;:240}"> </span></p>
<p><span data-contrast="auto">A Castellterçol podreu entrar dins una poua de glaç, les Poues de la Ginebreda. No us ho perdeu!!.</span><span data-ccp-props="{&quot;134233117&quot;:false,&quot;134233118&quot;:false,&quot;201341983&quot;:0,&quot;335559738&quot;:0,&quot;335559739&quot;:0,&quot;335559740&quot;:240}"> </span></p>
</div></div></div></div></div>

<p>Lloc visitable de l’Ecomsueu del Moianès amb 4 poues annexes, on podem accedir a l’interior de la poua nº3 que ha estat rehabilitada. </p>
