{"id":6700,"date":"2023-06-20T15:56:21","date_gmt":"2023-06-20T13:56:21","guid":{"rendered":"https:\/\/moianesturisme.cat\/agendacultural\/?post_type=equipaments&#038;p=6700"},"modified":"2025-08-27T10:25:49","modified_gmt":"2025-08-27T08:25:49","slug":"arxiu-municipal-10","status":"publish","type":"equipaments","link":"https:\/\/moianesturisme.cat\/agendacultural\/equipaments\/arxiu-municipal-10\/","title":{"rendered":"ESPLUGUES"},"content":{"rendered":"<div class=\"fusion-fullwidth fullwidth-box fusion-builder-row-1 fusion-flex-container nonhundred-percent-fullwidth non-hundred-percent-height-scrolling\" style=\"--awb-border-radius-top-left:0px;--awb-border-radius-top-right:0px;--awb-border-radius-bottom-right:0px;--awb-border-radius-bottom-left:0px;--awb-flex-wrap:wrap;\" ><div class=\"fusion-builder-row fusion-row fusion-flex-align-items-flex-start fusion-flex-content-wrap\" style=\"max-width:1216.8px;margin-left: calc(-4% \/ 2 );margin-right: calc(-4% \/ 2 );\"><div class=\"fusion-layout-column fusion_builder_column fusion-builder-column-0 fusion_builder_column_1_1 1_1 fusion-flex-column\" style=\"--awb-bg-size:cover;--awb-width-large:100%;--awb-margin-top-large:0px;--awb-spacing-right-large:1.92%;--awb-margin-bottom-large:0px;--awb-spacing-left-large:1.92%;--awb-width-medium:100%;--awb-spacing-right-medium:1.92%;--awb-spacing-left-medium:1.92%;--awb-width-small:100%;--awb-spacing-right-small:1.92%;--awb-spacing-left-small:1.92%;\"><div class=\"fusion-column-wrapper fusion-flex-justify-content-flex-start fusion-content-layout-column\"><div class=\"fusion-text fusion-text-1\"><p><span data-contrast=\"auto\">Al costat de la riera de Fontscalents, hi trobem Esplugues, una\u202fmasia troglod\u00edtica\u202fconstru\u00efda sota una balma. Actualment acull el radial de l\u2019Ecomuseu del Moian\u00e8s, l\u2019\u00e0mbit tem\u00e0tic del qual es centra en\u202f l\u2019aprofitament per part de l\u2019home dels recursos naturals del bosc i l\u2019autosufici\u00e8ncia d\u2019una casa de pag\u00e8s.<\/span><span data-ccp-props=\"{&quot;134233117&quot;:false,&quot;134233118&quot;:false,&quot;201341983&quot;:0,&quot;335559738&quot;:0,&quot;335559739&quot;:0,&quot;335559740&quot;:240}\">\u00a0<\/span><\/p>\n<p><span data-contrast=\"auto\">Esplugues \u00e9s una construcci\u00f3 molt especial i \u00fanica al Moian\u00e8s. La casa est\u00e0 constru\u00efda sota una balma que li fa de teulada , que data de l\u2019\u00e8poca troglod\u00edtica.\u202f L\u2019edifici consta de planta baixa i dues plantes m\u00e9s. Va ser habitada fins a finals del 2002. Completa el conjunt el cobert i el pont rom\u00e0nic del s. XI.<\/span><span data-ccp-props=\"{&quot;134233117&quot;:false,&quot;134233118&quot;:false,&quot;201341983&quot;:0,&quot;335559738&quot;:0,&quot;335559739&quot;:192,&quot;335559740&quot;:240}\">\u00a0<\/span><\/p>\n<p><span data-contrast=\"auto\">El cobert, restaurat, \u00e9s el punt d\u2019acollida dels visitants, amb la recepci\u00f3, els serveis i una sala polivalent per exposicions, concerts i altres activitats relacionades amb l\u2019Ecomuseu.<\/span><span data-ccp-props=\"{&quot;134233117&quot;:false,&quot;134233118&quot;:false,&quot;201341983&quot;:0,&quot;335559738&quot;:0,&quot;335559739&quot;:192,&quot;335559740&quot;:240}\">\u00a0<\/span><\/p>\n<p><span data-contrast=\"auto\">La masia d\u2019Esplugues est\u00e0 situada a l\u2019extrem sudoest del terme municipal de Castellcir. S\u2019hi accedeix des de la carretera BV-1310 en el pk 3.8, prenent un cam\u00ed de terra a l\u2019esquerra. Es baixa pel cam\u00ed, travessant boscos de pi roig i rouredes, fins arribar a la riera de Fontscalents (1,9 km), i a l\u2019altra banda de la riera hi trobem la masia d\u2019Esplugues. \u00c9s molt recomanable deixar el cotxe a l\u2019aparcament de la Quintana i fer el cam\u00ed a peu (20 minuts).<\/span><span data-ccp-props=\"{&quot;134233117&quot;:false,&quot;134233118&quot;:false,&quot;201341983&quot;:0,&quot;335559738&quot;:0,&quot;335559739&quot;:0,&quot;335559740&quot;:240}\">\u00a0<\/span><\/p>\n<\/div><\/div><\/div><\/div><\/div>\n","protected":false},"excerpt":{"rendered":"<p> Masia constru\u00efda sot una balma que actualment acull el radial de l\u2019Ecomuseu del Moian\u00e8s. <\/p>\n","protected":false},"featured_media":6701,"menu_order":0,"template":"","meta":{"_acf_changed":false},"c_equipaments":[96],"municipis-equipaments":[135],"class_list":["post-6700","equipaments","type-equipaments","status-publish","has-post-thumbnail","hentry","c_equipaments-ecomuseu-del-moianes","municipis-equipaments-equipaments-castellcir"],"acf":[],"_links":{"self":[{"href":"https:\/\/moianesturisme.cat\/agendacultural\/wp-json\/wp\/v2\/equipaments\/6700","targetHints":{"allow":["GET"]}}],"collection":[{"href":"https:\/\/moianesturisme.cat\/agendacultural\/wp-json\/wp\/v2\/equipaments"}],"about":[{"href":"https:\/\/moianesturisme.cat\/agendacultural\/wp-json\/wp\/v2\/types\/equipaments"}],"wp:featuredmedia":[{"embeddable":true,"href":"https:\/\/moianesturisme.cat\/agendacultural\/wp-json\/wp\/v2\/media\/6701"}],"wp:attachment":[{"href":"https:\/\/moianesturisme.cat\/agendacultural\/wp-json\/wp\/v2\/media?parent=6700"}],"wp:term":[{"taxonomy":"c_equipaments","embeddable":true,"href":"https:\/\/moianesturisme.cat\/agendacultural\/wp-json\/wp\/v2\/c_equipaments?post=6700"},{"taxonomy":"municipis-equipaments","embeddable":true,"href":"https:\/\/moianesturisme.cat\/agendacultural\/wp-json\/wp\/v2\/municipis-equipaments?post=6700"}],"curies":[{"name":"wp","href":"https:\/\/api.w.org\/{rel}","templated":true}]}}

<div class="fusion-fullwidth fullwidth-box fusion-builder-row-1 fusion-flex-container nonhundred-percent-fullwidth non-hundred-percent-height-scrolling" style="--awb-border-radius-top-left:0px;--awb-border-radius-top-right:0px;--awb-border-radius-bottom-right:0px;--awb-border-radius-bottom-left:0px;--awb-flex-wrap:wrap;" ><div class="fusion-builder-row fusion-row fusion-flex-align-items-flex-start fusion-flex-content-wrap" style="max-width:1216.8px;margin-left: calc(-4% / 2 );margin-right: calc(-4% / 2 );"><div class="fusion-layout-column fusion_builder_column fusion-builder-column-0 fusion_builder_column_1_1 1_1 fusion-flex-column" style="--awb-bg-size:cover;--awb-width-large:100%;--awb-margin-top-large:0px;--awb-spacing-right-large:1.92%;--awb-margin-bottom-large:0px;--awb-spacing-left-large:1.92%;--awb-width-medium:100%;--awb-spacing-right-medium:1.92%;--awb-spacing-left-medium:1.92%;--awb-width-small:100%;--awb-spacing-right-small:1.92%;--awb-spacing-left-small:1.92%;"><div class="fusion-column-wrapper fusion-flex-justify-content-flex-start fusion-content-layout-column"><div class="fusion-text fusion-text-1"><p><span data-contrast="auto">Al costat de la riera de Fontscalents, hi trobem Esplugues, una masia troglodítica construïda sota una balma. Actualment acull el radial de l’Ecomuseu del Moianès, l’àmbit temàtic del qual es centra en  l’aprofitament per part de l’home dels recursos naturals del bosc i l’autosuficiència d’una casa de pagès.</span><span data-ccp-props="{&quot;134233117&quot;:false,&quot;134233118&quot;:false,&quot;201341983&quot;:0,&quot;335559738&quot;:0,&quot;335559739&quot;:0,&quot;335559740&quot;:240}"> </span></p>
<p><span data-contrast="auto">Esplugues és una construcció molt especial i única al Moianès. La casa està construïda sota una balma que li fa de teulada , que data de l’època troglodítica.  L’edifici consta de planta baixa i dues plantes més. Va ser habitada fins a finals del 2002. Completa el conjunt el cobert i el pont romànic del s. XI.</span><span data-ccp-props="{&quot;134233117&quot;:false,&quot;134233118&quot;:false,&quot;201341983&quot;:0,&quot;335559738&quot;:0,&quot;335559739&quot;:192,&quot;335559740&quot;:240}"> </span></p>
<p><span data-contrast="auto">El cobert, restaurat, és el punt d’acollida dels visitants, amb la recepció, els serveis i una sala polivalent per exposicions, concerts i altres activitats relacionades amb l’Ecomuseu.</span><span data-ccp-props="{&quot;134233117&quot;:false,&quot;134233118&quot;:false,&quot;201341983&quot;:0,&quot;335559738&quot;:0,&quot;335559739&quot;:192,&quot;335559740&quot;:240}"> </span></p>
<p><span data-contrast="auto">La masia d’Esplugues està situada a l’extrem sudoest del terme municipal de Castellcir. S’hi accedeix des de la carretera BV-1310 en el pk 3.8, prenent un camí de terra a l’esquerra. Es baixa pel camí, travessant boscos de pi roig i rouredes, fins arribar a la riera de Fontscalents (1,9 km), i a l’altra banda de la riera hi trobem la masia d’Esplugues. És molt recomanable deixar el cotxe a l’aparcament de la Quintana i fer el camí a peu (20 minuts).</span><span data-ccp-props="{&quot;134233117&quot;:false,&quot;134233118&quot;:false,&quot;201341983&quot;:0,&quot;335559738&quot;:0,&quot;335559739&quot;:0,&quot;335559740&quot;:240}"> </span></p>
</div></div></div></div></div>

<p> Masia construïda sot una balma que actualment acull el radial de l’Ecomuseu del Moianès. </p>
