{"id":6691,"date":"2023-06-20T15:37:40","date_gmt":"2023-06-20T13:37:40","guid":{"rendered":"https:\/\/moianesturisme.cat\/agendacultural\/?post_type=equipaments&#038;p=6691"},"modified":"2025-08-27T10:36:31","modified_gmt":"2025-08-27T08:36:31","slug":"arxiu-municipal-calders","status":"publish","type":"equipaments","link":"https:\/\/moianesturisme.cat\/agendacultural\/equipaments\/arxiu-municipal-calders\/","title":{"rendered":"ARXIU MUNICIPAL Calders"},"content":{"rendered":"<div class=\"fusion-fullwidth fullwidth-box fusion-builder-row-1 fusion-flex-container nonhundred-percent-fullwidth non-hundred-percent-height-scrolling\" style=\"--awb-border-radius-top-left:0px;--awb-border-radius-top-right:0px;--awb-border-radius-bottom-right:0px;--awb-border-radius-bottom-left:0px;--awb-flex-wrap:wrap;\" ><div class=\"fusion-builder-row fusion-row fusion-flex-align-items-flex-start fusion-flex-content-wrap\" style=\"max-width:1216.8px;margin-left: calc(-4% \/ 2 );margin-right: calc(-4% \/ 2 );\"><div class=\"fusion-layout-column fusion_builder_column fusion-builder-column-0 fusion_builder_column_1_1 1_1 fusion-flex-column\" style=\"--awb-bg-size:cover;--awb-width-large:100%;--awb-margin-top-large:0px;--awb-spacing-right-large:1.92%;--awb-margin-bottom-large:0px;--awb-spacing-left-large:1.92%;--awb-width-medium:100%;--awb-spacing-right-medium:1.92%;--awb-spacing-left-medium:1.92%;--awb-width-small:100%;--awb-spacing-right-small:1.92%;--awb-spacing-left-small:1.92%;\"><div class=\"fusion-column-wrapper fusion-flex-justify-content-flex-start fusion-content-layout-column\"><div class=\"fusion-text fusion-text-1\"><p><span data-contrast=\"auto\">El Servei d\u2019Arxiu Municipal de Calders \u00e9s el servei de l\u2019ajuntament destinat a l\u2019organitzaci\u00f3, classificaci\u00f3, conservaci\u00f3 i difusi\u00f3 del patrimoni documental local. El servei gestiona els documents que provenen de les oficines municipals i s\u00f3n d\u2019utilitat per a l\u2019administraci\u00f3 municipal i per garantir els drets dels ciutadans, els documents de conservaci\u00f3 permanent, i fons i col\u00b7leccions de particulars, entitats i organismes vinculats al municipi de Calders.\u00a0<\/span><span data-ccp-props=\"{&quot;201341983&quot;:0,&quot;335559739&quot;:160,&quot;335559740&quot;:259}\">\u00a0<\/span><\/p>\n<p><span data-contrast=\"auto\">L\u2019Arxiu Municipal de Calders forma part de la Xarxa d\u2019Arxius Municipals (XAM) de la Diputaci\u00f3 de Barcelona des de l\u2019any 2004.\u00a0<\/span><span data-ccp-props=\"{&quot;201341983&quot;:0,&quot;335559739&quot;:160,&quot;335559740&quot;:259}\">\u00a0<\/span><\/p>\n<p><span data-contrast=\"auto\">L\u2019arxiu municipal de Calders cont\u00e9 bona part dels fons que integren el patrimoni documental del municipi. La part m\u00e9s important \u00e9s la dels fons generats per les diferents administracions municipals al llarg de la hist\u00f2ria, per\u00f2 tamb\u00e9 aplega fons d\u2019institucions, fons d\u2019entitats i fons personals, i recull els testimonis documentals que la ciutadania i les entitats locals hi vulguin dipositar.\u00a0<\/span><span data-ccp-props=\"{&quot;201341983&quot;:0,&quot;335559739&quot;:160,&quot;335559740&quot;:259}\">\u00a0<\/span><\/p>\n<\/div><\/div><\/div><\/div><\/div>\n","protected":false},"excerpt":{"rendered":"<p>L\u2019arxiu municipal de Calders cont\u00e9 bona part dels fons que integren el patrimoni documental del municipi.<\/p>\n","protected":false},"featured_media":6840,"menu_order":0,"template":"","meta":{"_acf_changed":false},"c_equipaments":[95],"municipis-equipaments":[134],"class_list":["post-6691","equipaments","type-equipaments","status-publish","has-post-thumbnail","hentry","c_equipaments-arxius-biblioteques-i-bibliobusos","municipis-equipaments-equipaments-calders"],"acf":[],"_links":{"self":[{"href":"https:\/\/moianesturisme.cat\/agendacultural\/wp-json\/wp\/v2\/equipaments\/6691","targetHints":{"allow":["GET"]}}],"collection":[{"href":"https:\/\/moianesturisme.cat\/agendacultural\/wp-json\/wp\/v2\/equipaments"}],"about":[{"href":"https:\/\/moianesturisme.cat\/agendacultural\/wp-json\/wp\/v2\/types\/equipaments"}],"wp:featuredmedia":[{"embeddable":true,"href":"https:\/\/moianesturisme.cat\/agendacultural\/wp-json\/wp\/v2\/media\/6840"}],"wp:attachment":[{"href":"https:\/\/moianesturisme.cat\/agendacultural\/wp-json\/wp\/v2\/media?parent=6691"}],"wp:term":[{"taxonomy":"c_equipaments","embeddable":true,"href":"https:\/\/moianesturisme.cat\/agendacultural\/wp-json\/wp\/v2\/c_equipaments?post=6691"},{"taxonomy":"municipis-equipaments","embeddable":true,"href":"https:\/\/moianesturisme.cat\/agendacultural\/wp-json\/wp\/v2\/municipis-equipaments?post=6691"}],"curies":[{"name":"wp","href":"https:\/\/api.w.org\/{rel}","templated":true}]}}

<div class="fusion-fullwidth fullwidth-box fusion-builder-row-1 fusion-flex-container nonhundred-percent-fullwidth non-hundred-percent-height-scrolling" style="--awb-border-radius-top-left:0px;--awb-border-radius-top-right:0px;--awb-border-radius-bottom-right:0px;--awb-border-radius-bottom-left:0px;--awb-flex-wrap:wrap;" ><div class="fusion-builder-row fusion-row fusion-flex-align-items-flex-start fusion-flex-content-wrap" style="max-width:1216.8px;margin-left: calc(-4% / 2 );margin-right: calc(-4% / 2 );"><div class="fusion-layout-column fusion_builder_column fusion-builder-column-0 fusion_builder_column_1_1 1_1 fusion-flex-column" style="--awb-bg-size:cover;--awb-width-large:100%;--awb-margin-top-large:0px;--awb-spacing-right-large:1.92%;--awb-margin-bottom-large:0px;--awb-spacing-left-large:1.92%;--awb-width-medium:100%;--awb-spacing-right-medium:1.92%;--awb-spacing-left-medium:1.92%;--awb-width-small:100%;--awb-spacing-right-small:1.92%;--awb-spacing-left-small:1.92%;"><div class="fusion-column-wrapper fusion-flex-justify-content-flex-start fusion-content-layout-column"><div class="fusion-text fusion-text-1"><p><span data-contrast="auto">El Servei d’Arxiu Municipal de Calders és el servei de l’ajuntament destinat a l’organització, classificació, conservació i difusió del patrimoni documental local. El servei gestiona els documents que provenen de les oficines municipals i són d’utilitat per a l’administració municipal i per garantir els drets dels ciutadans, els documents de conservació permanent, i fons i col·leccions de particulars, entitats i organismes vinculats al municipi de Calders. </span><span data-ccp-props="{&quot;201341983&quot;:0,&quot;335559739&quot;:160,&quot;335559740&quot;:259}"> </span></p>
<p><span data-contrast="auto">L’Arxiu Municipal de Calders forma part de la Xarxa d’Arxius Municipals (XAM) de la Diputació de Barcelona des de l’any 2004. </span><span data-ccp-props="{&quot;201341983&quot;:0,&quot;335559739&quot;:160,&quot;335559740&quot;:259}"> </span></p>
<p><span data-contrast="auto">L’arxiu municipal de Calders conté bona part dels fons que integren el patrimoni documental del municipi. La part més important és la dels fons generats per les diferents administracions municipals al llarg de la història, però també aplega fons d’institucions, fons d’entitats i fons personals, i recull els testimonis documentals que la ciutadania i les entitats locals hi vulguin dipositar. </span><span data-ccp-props="{&quot;201341983&quot;:0,&quot;335559739&quot;:160,&quot;335559740&quot;:259}"> </span></p>
</div></div></div></div></div>

<p>L’arxiu municipal de Calders conté bona part dels fons que integren el patrimoni documental del municipi.</p>
