{"id":6633,"date":"2023-06-15T16:58:21","date_gmt":"2023-06-15T14:58:21","guid":{"rendered":"https:\/\/moianesturisme.cat\/agendacultural\/?post_type=equipaments&#038;p=6633"},"modified":"2025-02-04T18:05:11","modified_gmt":"2025-02-04T16:05:11","slug":"auditori-sant-josep","status":"publish","type":"equipaments","link":"https:\/\/moianesturisme.cat\/agendacultural\/equipaments\/auditori-sant-josep\/","title":{"rendered":"AUDITORI SANT JOSEP"},"content":{"rendered":"<div class=\"fusion-fullwidth fullwidth-box fusion-builder-row-1 fusion-flex-container nonhundred-percent-fullwidth non-hundred-percent-height-scrolling\" style=\"--awb-border-radius-top-left:0px;--awb-border-radius-top-right:0px;--awb-border-radius-bottom-right:0px;--awb-border-radius-bottom-left:0px;--awb-flex-wrap:wrap;\" ><div class=\"fusion-builder-row fusion-row fusion-flex-align-items-flex-start fusion-flex-content-wrap\" style=\"max-width:1216.8px;margin-left: calc(-4% \/ 2 );margin-right: calc(-4% \/ 2 );\"><div class=\"fusion-layout-column fusion_builder_column fusion-builder-column-0 fusion_builder_column_1_1 1_1 fusion-flex-column\" style=\"--awb-bg-size:cover;--awb-width-large:100%;--awb-margin-top-large:0px;--awb-spacing-right-large:1.92%;--awb-margin-bottom-large:0px;--awb-spacing-left-large:1.92%;--awb-width-medium:100%;--awb-spacing-right-medium:1.92%;--awb-spacing-left-medium:1.92%;--awb-width-small:100%;--awb-spacing-right-small:1.92%;--awb-spacing-left-small:1.92%;\"><div class=\"fusion-column-wrapper fusion-flex-justify-content-flex-start fusion-content-layout-column\"><div class=\"fusion-text fusion-text-1\"><p><span data-contrast=\"auto\">L\u2019Auditori de Sant Josep \u00e9s una sala de car\u00e0cter polivalent amb capacitat per aproximadament 120 persones que s\u2019utilitza principalment per a actes de petit format (confer\u00e8ncies, presentacions de llibres, actes de car\u00e0cter c\u00edvic i cultural, etc.) i per a concerts. \u00c9s la seu habitual dels cicles de concerts que durant tot l\u2019any promou l\u2019entitat Joventuts Musicals de Moi\u00e0. Tamb\u00e9 s\u2019hi celebren habitualment els casaments civils.\u00a0<\/span><span data-ccp-props=\"{&quot;201341983&quot;:0,&quot;335559739&quot;:160,&quot;335559740&quot;:259}\">\u00a0<\/span><\/p>\n<p><span data-contrast=\"auto\">Fou inaugurat el 1996 i ocupa la nau de l\u2019antiga esgl\u00e9sia de Sant Josep, constru\u00efda origin\u00e0riament el 1620 i ampliada en diferents ocasions. L\u2019esgl\u00e9sia fou destru\u00efda el 1936 i despr\u00e9s de tenir diferents usos al llarg del temps fou adquirida per l\u2019Ajuntament per destinar-la a equipament cultural. En el seu interior s\u2019hi conserven el conjunt de pintures del segle XIX que decoren la volta. En el seu campanar hi ha encara en funcionament el rellotge que s\u2019hi instal\u00b7l\u00e0 el 1780 obra del rellotger moian\u00e8s Josep Senesteva. La portalada principal, d\u2019un estil a cavall entre el renaixement i el primer barroc \u00e9s obra de l\u2019escultor moian\u00e8s Jaume Rubi\u00f3.\u00a0<\/span><span data-ccp-props=\"{&quot;201341983&quot;:0,&quot;335559739&quot;:160,&quot;335559740&quot;:259}\">\u00a0<\/span><\/p>\n<\/div><\/div><\/div><\/div><\/div>\n","protected":false},"excerpt":{"rendered":"<p>Espai polivalent que s\u2019utilitza per a confer\u00e8ncies, presentacions&#8230; i tamb\u00e9 per a concerts.\u00a0<\/p>\n","protected":false},"featured_media":6634,"menu_order":0,"template":"","meta":{"_acf_changed":false},"c_equipaments":[100,97],"municipis-equipaments":[140],"class_list":["post-6633","equipaments","type-equipaments","status-publish","has-post-thumbnail","hentry","c_equipaments-altres-espais","c_equipaments-equipaments-arts-esceniques","municipis-equipaments-equipaments-moia"],"acf":[],"_links":{"self":[{"href":"https:\/\/moianesturisme.cat\/agendacultural\/wp-json\/wp\/v2\/equipaments\/6633","targetHints":{"allow":["GET"]}}],"collection":[{"href":"https:\/\/moianesturisme.cat\/agendacultural\/wp-json\/wp\/v2\/equipaments"}],"about":[{"href":"https:\/\/moianesturisme.cat\/agendacultural\/wp-json\/wp\/v2\/types\/equipaments"}],"wp:featuredmedia":[{"embeddable":true,"href":"https:\/\/moianesturisme.cat\/agendacultural\/wp-json\/wp\/v2\/media\/6634"}],"wp:attachment":[{"href":"https:\/\/moianesturisme.cat\/agendacultural\/wp-json\/wp\/v2\/media?parent=6633"}],"wp:term":[{"taxonomy":"c_equipaments","embeddable":true,"href":"https:\/\/moianesturisme.cat\/agendacultural\/wp-json\/wp\/v2\/c_equipaments?post=6633"},{"taxonomy":"municipis-equipaments","embeddable":true,"href":"https:\/\/moianesturisme.cat\/agendacultural\/wp-json\/wp\/v2\/municipis-equipaments?post=6633"}],"curies":[{"name":"wp","href":"https:\/\/api.w.org\/{rel}","templated":true}]}}

<div class="fusion-fullwidth fullwidth-box fusion-builder-row-1 fusion-flex-container nonhundred-percent-fullwidth non-hundred-percent-height-scrolling" style="--awb-border-radius-top-left:0px;--awb-border-radius-top-right:0px;--awb-border-radius-bottom-right:0px;--awb-border-radius-bottom-left:0px;--awb-flex-wrap:wrap;" ><div class="fusion-builder-row fusion-row fusion-flex-align-items-flex-start fusion-flex-content-wrap" style="max-width:1216.8px;margin-left: calc(-4% / 2 );margin-right: calc(-4% / 2 );"><div class="fusion-layout-column fusion_builder_column fusion-builder-column-0 fusion_builder_column_1_1 1_1 fusion-flex-column" style="--awb-bg-size:cover;--awb-width-large:100%;--awb-margin-top-large:0px;--awb-spacing-right-large:1.92%;--awb-margin-bottom-large:0px;--awb-spacing-left-large:1.92%;--awb-width-medium:100%;--awb-spacing-right-medium:1.92%;--awb-spacing-left-medium:1.92%;--awb-width-small:100%;--awb-spacing-right-small:1.92%;--awb-spacing-left-small:1.92%;"><div class="fusion-column-wrapper fusion-flex-justify-content-flex-start fusion-content-layout-column"><div class="fusion-text fusion-text-1"><p><span data-contrast="auto">L’Auditori de Sant Josep és una sala de caràcter polivalent amb capacitat per aproximadament 120 persones que s’utilitza principalment per a actes de petit format (conferències, presentacions de llibres, actes de caràcter cívic i cultural, etc.) i per a concerts. És la seu habitual dels cicles de concerts que durant tot l’any promou l’entitat Joventuts Musicals de Moià. També s’hi celebren habitualment els casaments civils. </span><span data-ccp-props="{&quot;201341983&quot;:0,&quot;335559739&quot;:160,&quot;335559740&quot;:259}"> </span></p>
<p><span data-contrast="auto">Fou inaugurat el 1996 i ocupa la nau de l’antiga església de Sant Josep, construïda originàriament el 1620 i ampliada en diferents ocasions. L’església fou destruïda el 1936 i després de tenir diferents usos al llarg del temps fou adquirida per l’Ajuntament per destinar-la a equipament cultural. En el seu interior s’hi conserven el conjunt de pintures del segle XIX que decoren la volta. En el seu campanar hi ha encara en funcionament el rellotge que s’hi instal·là el 1780 obra del rellotger moianès Josep Senesteva. La portalada principal, d’un estil a cavall entre el renaixement i el primer barroc és obra de l’escultor moianès Jaume Rubió. </span><span data-ccp-props="{&quot;201341983&quot;:0,&quot;335559739&quot;:160,&quot;335559740&quot;:259}"> </span></p>
</div></div></div></div></div>

<p>Espai polivalent que s’utilitza per a conferències, presentacions&#8230; i també per a concerts. </p>
