{"id":6629,"date":"2023-06-15T16:51:01","date_gmt":"2023-06-15T14:51:01","guid":{"rendered":"https:\/\/moianesturisme.cat\/agendacultural\/?post_type=equipaments&#038;p=6629"},"modified":"2025-08-27T13:30:11","modified_gmt":"2025-08-27T11:30:11","slug":"museu-municipal-de-moia-arqueologic-i-paleontologic-casa-natal-de-rafael-casanova","status":"publish","type":"equipaments","link":"https:\/\/moianesturisme.cat\/agendacultural\/equipaments\/museu-municipal-de-moia-arqueologic-i-paleontologic-casa-natal-de-rafael-casanova\/","title":{"rendered":"MUSEU MUNICIPAL DE MOI\u00c0: ARQUEOL\u00d2GIC I PALEONTOL\u00d2GIC \/ CASA NATAL DE RAFAEL CASANOVA"},"content":{"rendered":"<div class=\"fusion-fullwidth fullwidth-box fusion-builder-row-1 fusion-flex-container nonhundred-percent-fullwidth non-hundred-percent-height-scrolling\" style=\"--awb-border-radius-top-left:0px;--awb-border-radius-top-right:0px;--awb-border-radius-bottom-right:0px;--awb-border-radius-bottom-left:0px;--awb-flex-wrap:wrap;\" ><div class=\"fusion-builder-row fusion-row fusion-flex-align-items-flex-start fusion-flex-content-wrap\" style=\"max-width:1216.8px;margin-left: calc(-4% \/ 2 );margin-right: calc(-4% \/ 2 );\"><div class=\"fusion-layout-column fusion_builder_column fusion-builder-column-0 fusion_builder_column_1_1 1_1 fusion-flex-column\" style=\"--awb-bg-size:cover;--awb-width-large:100%;--awb-margin-top-large:0px;--awb-spacing-right-large:1.92%;--awb-margin-bottom-large:0px;--awb-spacing-left-large:1.92%;--awb-width-medium:100%;--awb-spacing-right-medium:1.92%;--awb-spacing-left-medium:1.92%;--awb-width-small:100%;--awb-spacing-right-small:1.92%;--awb-spacing-left-small:1.92%;\"><div class=\"fusion-column-wrapper fusion-flex-justify-content-flex-start fusion-content-layout-column\"><div class=\"fusion-text fusion-text-1\"><p><span data-contrast=\"auto\">Fundat el 1935, el Museu Municipal de Moi\u00e0 est\u00e0 situat a la Pla\u00e7a Major, a la casa pairal de la fam\u00edlia Casanova, lloc de naixen\u00e7a de Rafael Casanova i Comes (1660), darrer Conseller en Cap de Barcelona i heroi de al defensa d\u2019aquesta durant el setge de la ciutat per les tropes borb\u00f2niques el 1714.\u00a0<\/span><span data-ccp-props=\"{\">\u00a0<\/span><\/p>\n<p><span data-contrast=\"auto\">La primera planta ocupa l\u2019exposici\u00f3 permanent sobre Rafael Casanova i la Guerra de Successi\u00f3 (gestionada per l\u2019Ag\u00e8ncia Catalana de Patrimoni i el Museu d\u2019Hist\u00f2ria de Catalunya) i a la segona planta s\u2019hi troba el Museu Arqueol\u00f2gic i Paleontol\u00f2gic de Moi\u00e0. Al mateix edifici s\u2019hi troba tamb\u00e9 l\u2019Arxiu Hist\u00f2ric de Moi\u00e0. L\u2019equipament disposa de sala d\u2019exposicions temporals.\u00a0<\/span><span data-ccp-props=\"{\">\u00a0<\/span><\/p>\n<p><b><span data-contrast=\"auto\">MUSEU MUNICIPAL DE MOI\u00c0 \u2013 MUSEU ARQUEOL\u00d2GIC I PALEONTOL\u00d2GIC:\u00a0<\/span><\/b><span data-ccp-props=\"{\">\u00a0<\/span><\/p>\n<p><span data-contrast=\"auto\">La majoria de restes arqueol\u00f2giques i paleontol\u00f2giques trobades a la Cova del Toll, aix\u00ed com a la Cova de les Toixoneres i diversos d\u00f2lmens del Moian\u00e8s, es troben exposats en aquest espai del Museu de Moi\u00e0. Recorda que amb l\u2019entrada de la visita guiada a la Cova del Toll tens acc\u00e9s gratu\u00eft al museu.<\/span><span data-ccp-props=\"{\">\u00a0<\/span><\/p>\n<p><span data-contrast=\"auto\">Al llarg de les diverses sales trobar\u00e0s una exposici\u00f3 vertebrada en quatre \u00e0mbits diferenciats: Restes f\u00f2ssils, Fauna del Quaternari, Cultura materia i Restes humanes.\u00a0<\/span><span data-ccp-props=\"{\">\u00a0<\/span><\/p>\n<p><span data-contrast=\"auto\">El Museu Municipal de Moi\u00e0 \u2013 Coves del Toll forma part de la Xarxa de Museus Locals (XML) de la Diputaci\u00f3 de Barcelona.<\/span><span data-ccp-props=\"{\">\u00a0<\/span><\/p>\n<p><b><span data-contrast=\"auto\">CASA MUSEU RAFAEL CASANOVA:\u00a0<\/span><\/b><span data-ccp-props=\"{\">\u00a0<\/span><\/p>\n<p><span data-contrast=\"auto\">En aquesta casa del segle XVI, va n\u00e9ixer, el1660, Rafael Casanova, protagonista de la defensa de Barcelona l&#8217;11 de setembre de 1714. La primera part de la seva vida la pass\u00e0, junt amb els seus pares i deu germans, a l\u2019edifici que actualmente acull el Museu Municipal de Moi\u00e0.\u00a0<\/span><span data-ccp-props=\"{\">\u00a0<\/span><\/p>\n<p><span data-contrast=\"auto\">Fill d&#8217;una fam\u00edlia dedicada al comer\u00e7 del gra i la llana, amb una s\u00f2lida posici\u00f3 a Moi\u00e0, es va instal\u00b7lar a Barcelona per cursar-hi estudis de Dret i exercir-hi la seva carrera professional. Des d&#8217;all\u00e0, com a membre del govern de la ciutat, va seguir el desenvolupament de la guerra de Successi\u00f3, en la qual tindria un paper rellevant.<\/span><span data-ccp-props=\"{\">\u00a0<\/span><\/p>\n<p><span data-contrast=\"auto\">Actualment, la casa acull una exposici\u00f3 que mostra les claus del conflicte: des de l&#8217;esclat d&#8217;una guerra internacional per determinar el successor a la corona espanyola despr\u00e9s de la mort de Carles II sense descend\u00e8ncia fins a la caiguda de la ciutat de Barcelona a mans de les tropes borb\u00f2niques, mentre Rafael Casanova era responsable de la defensa de la ciutat com a conseller en cap i comandant de la Coronela.<\/span><span data-ccp-props=\"{\">\u00a0<\/span><\/p>\n<p><span data-contrast=\"auto\">La primera planta d\u2019aquest es troba dedicada als seus primers anys de vida, sent visitables algunes de les estances que va utilitzar junt amb obres d\u2019art de l\u2019\u00e8poca, aix\u00ed com al desenvolupament de la guerra de Successi\u00f3 i el seu paper fonamental durant el setge de Barcelona el 1714.<\/span><span data-ccp-props=\"{\">\u00a0<\/span><\/p>\n<p><span data-contrast=\"auto\">La Casa Museu Rafael Casanova forma part de la Xarxa de Museus d\u2019Hist\u00f2ria i Monuments de Catalunya: <\/span><a href=\"http:\/\/www.mhcat.cat\/\"><span data-contrast=\"none\">www.mhcat.cat<\/span><\/a><span data-contrast=\"auto\">\u00a0<\/span><span data-ccp-props=\"{\">\u00a0<\/span><\/p>\n<\/div><\/div><\/div><\/div><\/div>\n","protected":false},"excerpt":{"rendered":"<p>Podem visitar la casa de Rafael Casanova i les restes trobades a les coves prehist\u00f2riques del Toll, exposades a Museu arqueol\u00f2gic i paleontol\u00f2gic de Moi\u00e0. <\/p>\n","protected":false},"featured_media":6630,"menu_order":0,"template":"","meta":{"_acf_changed":false},"c_equipaments":[98,99],"municipis-equipaments":[140],"class_list":["post-6629","equipaments","type-equipaments","status-publish","has-post-thumbnail","hentry","c_equipaments-museus","c_equipaments-sales-dexposicions","municipis-equipaments-equipaments-moia"],"acf":[],"_links":{"self":[{"href":"https:\/\/moianesturisme.cat\/agendacultural\/wp-json\/wp\/v2\/equipaments\/6629","targetHints":{"allow":["GET"]}}],"collection":[{"href":"https:\/\/moianesturisme.cat\/agendacultural\/wp-json\/wp\/v2\/equipaments"}],"about":[{"href":"https:\/\/moianesturisme.cat\/agendacultural\/wp-json\/wp\/v2\/types\/equipaments"}],"wp:featuredmedia":[{"embeddable":true,"href":"https:\/\/moianesturisme.cat\/agendacultural\/wp-json\/wp\/v2\/media\/6630"}],"wp:attachment":[{"href":"https:\/\/moianesturisme.cat\/agendacultural\/wp-json\/wp\/v2\/media?parent=6629"}],"wp:term":[{"taxonomy":"c_equipaments","embeddable":true,"href":"https:\/\/moianesturisme.cat\/agendacultural\/wp-json\/wp\/v2\/c_equipaments?post=6629"},{"taxonomy":"municipis-equipaments","embeddable":true,"href":"https:\/\/moianesturisme.cat\/agendacultural\/wp-json\/wp\/v2\/municipis-equipaments?post=6629"}],"curies":[{"name":"wp","href":"https:\/\/api.w.org\/{rel}","templated":true}]}}

MUSEU MUNICIPAL DE MOIÀ: ARQUEOLÒGIC I PALEONTOLÒGIC / CASA NATAL DE RAFAEL CASANOVA

<div class="fusion-fullwidth fullwidth-box fusion-builder-row-1 fusion-flex-container nonhundred-percent-fullwidth non-hundred-percent-height-scrolling" style="--awb-border-radius-top-left:0px;--awb-border-radius-top-right:0px;--awb-border-radius-bottom-right:0px;--awb-border-radius-bottom-left:0px;--awb-flex-wrap:wrap;" ><div class="fusion-builder-row fusion-row fusion-flex-align-items-flex-start fusion-flex-content-wrap" style="max-width:1216.8px;margin-left: calc(-4% / 2 );margin-right: calc(-4% / 2 );"><div class="fusion-layout-column fusion_builder_column fusion-builder-column-0 fusion_builder_column_1_1 1_1 fusion-flex-column" style="--awb-bg-size:cover;--awb-width-large:100%;--awb-margin-top-large:0px;--awb-spacing-right-large:1.92%;--awb-margin-bottom-large:0px;--awb-spacing-left-large:1.92%;--awb-width-medium:100%;--awb-spacing-right-medium:1.92%;--awb-spacing-left-medium:1.92%;--awb-width-small:100%;--awb-spacing-right-small:1.92%;--awb-spacing-left-small:1.92%;"><div class="fusion-column-wrapper fusion-flex-justify-content-flex-start fusion-content-layout-column"><div class="fusion-text fusion-text-1"><p><span data-contrast="auto">Fundat el 1935, el Museu Municipal de Moià està situat a la Plaça Major, a la casa pairal de la família Casanova, lloc de naixença de Rafael Casanova i Comes (1660), darrer Conseller en Cap de Barcelona i heroi de al defensa d’aquesta durant el setge de la ciutat per les tropes borbòniques el 1714. </span><span data-ccp-props="{"> </span></p>
<p><span data-contrast="auto">La primera planta ocupa l’exposició permanent sobre Rafael Casanova i la Guerra de Successió (gestionada per l’Agència Catalana de Patrimoni i el Museu d’Història de Catalunya) i a la segona planta s’hi troba el Museu Arqueològic i Paleontològic de Moià. Al mateix edifici s’hi troba també l’Arxiu Històric de Moià. L’equipament disposa de sala d’exposicions temporals. </span><span data-ccp-props="{"> </span></p>
<p><b><span data-contrast="auto">MUSEU MUNICIPAL DE MOIÀ – MUSEU ARQUEOLÒGIC I PALEONTOLÒGIC: </span></b><span data-ccp-props="{"> </span></p>
<p><span data-contrast="auto">La majoria de restes arqueològiques i paleontològiques trobades a la Cova del Toll, així com a la Cova de les Toixoneres i diversos dòlmens del Moianès, es troben exposats en aquest espai del Museu de Moià. Recorda que amb l’entrada de la visita guiada a la Cova del Toll tens accés gratuït al museu.</span><span data-ccp-props="{"> </span></p>
<p><span data-contrast="auto">Al llarg de les diverses sales trobaràs una exposició vertebrada en quatre àmbits diferenciats: Restes fòssils, Fauna del Quaternari, Cultura materia i Restes humanes. </span><span data-ccp-props="{"> </span></p>
<p><span data-contrast="auto">El Museu Municipal de Moià – Coves del Toll forma part de la Xarxa de Museus Locals (XML) de la Diputació de Barcelona.</span><span data-ccp-props="{"> </span></p>
<p><b><span data-contrast="auto">CASA MUSEU RAFAEL CASANOVA: </span></b><span data-ccp-props="{"> </span></p>
<p><span data-contrast="auto">En aquesta casa del segle XVI, va néixer, el1660, Rafael Casanova, protagonista de la defensa de Barcelona l&#8217;11 de setembre de 1714. La primera part de la seva vida la passà, junt amb els seus pares i deu germans, a l’edifici que actualmente acull el Museu Municipal de Moià. </span><span data-ccp-props="{"> </span></p>
<p><span data-contrast="auto">Fill d&#8217;una família dedicada al comerç del gra i la llana, amb una sòlida posició a Moià, es va instal·lar a Barcelona per cursar-hi estudis de Dret i exercir-hi la seva carrera professional. Des d&#8217;allà, com a membre del govern de la ciutat, va seguir el desenvolupament de la guerra de Successió, en la qual tindria un paper rellevant.</span><span data-ccp-props="{"> </span></p>
<p><span data-contrast="auto">Actualment, la casa acull una exposició que mostra les claus del conflicte: des de l&#8217;esclat d&#8217;una guerra internacional per determinar el successor a la corona espanyola després de la mort de Carles II sense descendència fins a la caiguda de la ciutat de Barcelona a mans de les tropes borbòniques, mentre Rafael Casanova era responsable de la defensa de la ciutat com a conseller en cap i comandant de la Coronela.</span><span data-ccp-props="{"> </span></p>
<p><span data-contrast="auto">La primera planta d’aquest es troba dedicada als seus primers anys de vida, sent visitables algunes de les estances que va utilitzar junt amb obres d’art de l’època, així com al desenvolupament de la guerra de Successió i el seu paper fonamental durant el setge de Barcelona el 1714.</span><span data-ccp-props="{"> </span></p>
<p><span data-contrast="auto">La Casa Museu Rafael Casanova forma part de la Xarxa de Museus d’Història i Monuments de Catalunya: </span><a href="http://www.mhcat.cat/"><span data-contrast="none">www.mhcat.cat</span></a><span data-contrast="auto"> </span><span data-ccp-props="{"> </span></p>
</div></div></div></div></div>

<p>Podem visitar la casa de Rafael Casanova i les restes trobades a les coves prehistòriques del Toll, exposades a Museu arqueològic i paleontològic de Moià. </p>
