{"id":6600,"date":"2023-06-14T15:51:30","date_gmt":"2023-06-14T13:51:30","guid":{"rendered":"https:\/\/moianesturisme.cat\/agendacultural\/?post_type=equipaments&#038;p=6600"},"modified":"2025-02-04T18:03:45","modified_gmt":"2025-02-04T16:03:45","slug":"arxiu-municipal-2","status":"publish","type":"equipaments","link":"https:\/\/moianesturisme.cat\/agendacultural\/equipaments\/arxiu-municipal-2\/","title":{"rendered":"ARXIU MUNICIPAL L&#8217;Estany"},"content":{"rendered":"<div class=\"fusion-fullwidth fullwidth-box fusion-builder-row-1 fusion-flex-container nonhundred-percent-fullwidth non-hundred-percent-height-scrolling\" style=\"--awb-border-radius-top-left:0px;--awb-border-radius-top-right:0px;--awb-border-radius-bottom-right:0px;--awb-border-radius-bottom-left:0px;--awb-flex-wrap:wrap;\" ><div class=\"fusion-builder-row fusion-row fusion-flex-align-items-flex-start fusion-flex-content-wrap\" style=\"max-width:1216.8px;margin-left: calc(-4% \/ 2 );margin-right: calc(-4% \/ 2 );\"><div class=\"fusion-layout-column fusion_builder_column fusion-builder-column-0 fusion_builder_column_1_1 1_1 fusion-flex-column\" style=\"--awb-bg-size:cover;--awb-width-large:100%;--awb-margin-top-large:0px;--awb-spacing-right-large:1.92%;--awb-margin-bottom-large:0px;--awb-spacing-left-large:1.92%;--awb-width-medium:100%;--awb-spacing-right-medium:1.92%;--awb-spacing-left-medium:1.92%;--awb-width-small:100%;--awb-spacing-right-small:1.92%;--awb-spacing-left-small:1.92%;\"><div class=\"fusion-column-wrapper fusion-flex-justify-content-flex-start fusion-content-layout-column\"><div class=\"fusion-text fusion-text-1\"><p><span data-contrast=\"auto\">L&#8217;Arxiu Municipal de l&#8217;Estany conserva el fons documental des de l&#8217;any 1837. La documentaci\u00f3 municipal ha estat sempre conservada en les depend\u00e8ncies de l&#8217;ajuntament en els seus successius empla\u00e7aments fins a la seva ubicaci\u00f3 actual.\u00a0<\/span><span data-ccp-props=\"{&quot;134233118&quot;:true,&quot;201341983&quot;:0,&quot;335559739&quot;:160,&quot;335559740&quot;:240}\">\u00a0<\/span><\/p>\n<p><span data-contrast=\"auto\">No se\u2019n conserven instruments de descripci\u00f3 antics i la seva organitzaci\u00f3 era rudiment\u00e0ria fins que el 2001 es va portar a terme l\u2019organitzaci\u00f3 i catalogaci\u00f3 per part de l\u2019Oficina de Patrimoni Cultural de la Diputaci\u00f3 de Barcelona.\u00a0<\/span><span data-ccp-props=\"{&quot;134233118&quot;:true,&quot;201341983&quot;:0,&quot;335559739&quot;:160,&quot;335559740&quot;:240}\">\u00a0<\/span><\/p>\n<p><span data-contrast=\"auto\">Actualment l\u2019arxiu est\u00e0 integrat a la Xarxa d\u2019Arxius Municipals de la Diputaci\u00f3 de Barcelona que garanteix el manteniment de l\u2019organitzaci\u00f3 del fons.\u00a0<\/span><span data-ccp-props=\"{&quot;134233118&quot;:true,&quot;201341983&quot;:0,&quot;335559739&quot;:160,&quot;335559740&quot;:240}\">\u00a0<\/span><\/p>\n<\/div><\/div><\/div><\/div><\/div>\n","protected":false},"excerpt":{"rendered":"<p>El fons de l\u2019Ajuntament de l\u2019Estany conserva documentaci\u00f3 des de 1837.  <\/p>\n","protected":false},"featured_media":6601,"menu_order":0,"template":"","meta":{"_acf_changed":false},"c_equipaments":[95],"municipis-equipaments":[139],"class_list":["post-6600","equipaments","type-equipaments","status-publish","has-post-thumbnail","hentry","c_equipaments-arxius-biblioteques-i-bibliobusos","municipis-equipaments-equipaments-lestany"],"acf":[],"_links":{"self":[{"href":"https:\/\/moianesturisme.cat\/agendacultural\/wp-json\/wp\/v2\/equipaments\/6600","targetHints":{"allow":["GET"]}}],"collection":[{"href":"https:\/\/moianesturisme.cat\/agendacultural\/wp-json\/wp\/v2\/equipaments"}],"about":[{"href":"https:\/\/moianesturisme.cat\/agendacultural\/wp-json\/wp\/v2\/types\/equipaments"}],"wp:featuredmedia":[{"embeddable":true,"href":"https:\/\/moianesturisme.cat\/agendacultural\/wp-json\/wp\/v2\/media\/6601"}],"wp:attachment":[{"href":"https:\/\/moianesturisme.cat\/agendacultural\/wp-json\/wp\/v2\/media?parent=6600"}],"wp:term":[{"taxonomy":"c_equipaments","embeddable":true,"href":"https:\/\/moianesturisme.cat\/agendacultural\/wp-json\/wp\/v2\/c_equipaments?post=6600"},{"taxonomy":"municipis-equipaments","embeddable":true,"href":"https:\/\/moianesturisme.cat\/agendacultural\/wp-json\/wp\/v2\/municipis-equipaments?post=6600"}],"curies":[{"name":"wp","href":"https:\/\/api.w.org\/{rel}","templated":true}]}}

<div class="fusion-fullwidth fullwidth-box fusion-builder-row-1 fusion-flex-container nonhundred-percent-fullwidth non-hundred-percent-height-scrolling" style="--awb-border-radius-top-left:0px;--awb-border-radius-top-right:0px;--awb-border-radius-bottom-right:0px;--awb-border-radius-bottom-left:0px;--awb-flex-wrap:wrap;" ><div class="fusion-builder-row fusion-row fusion-flex-align-items-flex-start fusion-flex-content-wrap" style="max-width:1216.8px;margin-left: calc(-4% / 2 );margin-right: calc(-4% / 2 );"><div class="fusion-layout-column fusion_builder_column fusion-builder-column-0 fusion_builder_column_1_1 1_1 fusion-flex-column" style="--awb-bg-size:cover;--awb-width-large:100%;--awb-margin-top-large:0px;--awb-spacing-right-large:1.92%;--awb-margin-bottom-large:0px;--awb-spacing-left-large:1.92%;--awb-width-medium:100%;--awb-spacing-right-medium:1.92%;--awb-spacing-left-medium:1.92%;--awb-width-small:100%;--awb-spacing-right-small:1.92%;--awb-spacing-left-small:1.92%;"><div class="fusion-column-wrapper fusion-flex-justify-content-flex-start fusion-content-layout-column"><div class="fusion-text fusion-text-1"><p><span data-contrast="auto">L&#8217;Arxiu Municipal de l&#8217;Estany conserva el fons documental des de l&#8217;any 1837. La documentació municipal ha estat sempre conservada en les dependències de l&#8217;ajuntament en els seus successius emplaçaments fins a la seva ubicació actual. </span><span data-ccp-props="{&quot;134233118&quot;:true,&quot;201341983&quot;:0,&quot;335559739&quot;:160,&quot;335559740&quot;:240}"> </span></p>
<p><span data-contrast="auto">No se’n conserven instruments de descripció antics i la seva organització era rudimentària fins que el 2001 es va portar a terme l’organització i catalogació per part de l’Oficina de Patrimoni Cultural de la Diputació de Barcelona. </span><span data-ccp-props="{&quot;134233118&quot;:true,&quot;201341983&quot;:0,&quot;335559739&quot;:160,&quot;335559740&quot;:240}"> </span></p>
<p><span data-contrast="auto">Actualment l’arxiu està integrat a la Xarxa d’Arxius Municipals de la Diputació de Barcelona que garanteix el manteniment de l’organització del fons. </span><span data-ccp-props="{&quot;134233118&quot;:true,&quot;201341983&quot;:0,&quot;335559739&quot;:160,&quot;335559740&quot;:240}"> </span></p>
</div></div></div></div></div>

<p>El fons de l’Ajuntament de l’Estany conserva documentació des de 1837.  </p>
