{"id":6597,"date":"2023-06-13T18:41:18","date_gmt":"2023-06-13T16:41:18","guid":{"rendered":"https:\/\/moianesturisme.cat\/agendacultural\/?post_type=equipaments&#038;p=6597"},"modified":"2025-08-27T13:18:16","modified_gmt":"2025-08-27T11:18:16","slug":"espai-franch","status":"publish","type":"equipaments","link":"https:\/\/moianesturisme.cat\/agendacultural\/equipaments\/espai-franch\/","title":{"rendered":"ESPAI FRANCH"},"content":{"rendered":"<div class=\"fusion-fullwidth fullwidth-box fusion-builder-row-1 fusion-flex-container nonhundred-percent-fullwidth non-hundred-percent-height-scrolling\" style=\"--awb-border-radius-top-left:0px;--awb-border-radius-top-right:0px;--awb-border-radius-bottom-right:0px;--awb-border-radius-bottom-left:0px;--awb-flex-wrap:wrap;\" ><div class=\"fusion-builder-row fusion-row fusion-flex-align-items-flex-start fusion-flex-content-wrap\" style=\"max-width:1216.8px;margin-left: calc(-4% \/ 2 );margin-right: calc(-4% \/ 2 );\"><div class=\"fusion-layout-column fusion_builder_column fusion-builder-column-0 fusion_builder_column_1_1 1_1 fusion-flex-column\" style=\"--awb-bg-size:cover;--awb-width-large:100%;--awb-margin-top-large:0px;--awb-spacing-right-large:1.92%;--awb-margin-bottom-large:0px;--awb-spacing-left-large:1.92%;--awb-width-medium:100%;--awb-spacing-right-medium:1.92%;--awb-spacing-left-medium:1.92%;--awb-width-small:100%;--awb-spacing-right-small:1.92%;--awb-spacing-left-small:1.92%;\"><div class=\"fusion-column-wrapper fusion-flex-justify-content-flex-start fusion-content-layout-column\"><div class=\"fusion-text fusion-text-1\"><p><b><span data-contrast=\"auto\">Josep Franch Clapers<\/span><\/b><span data-contrast=\"auto\">\u202fva ser un artista multidisciplinari que va deixar un important llegat en forma de\u202f<\/span><b><span data-contrast=\"auto\">grans murals, dibuixos en tinta xinesa<\/span><\/b><span data-contrast=\"auto\">, quadres fets amb diferents t\u00e8cniques,<\/span><b><span data-contrast=\"auto\">\u202fmosaics, vitralls i escultures<\/span><\/b><span data-contrast=\"auto\">. En destaca una col\u00b7lecci\u00f3 d\u2019obres dedicades a explicar la tristor de\u202f<\/span><b><span data-contrast=\"auto\">l\u2019exili republic\u00e0<\/span><\/b><span data-contrast=\"auto\">\u202fen acabar-se la guerra civil espanyola. I la duresa de\u202f<\/span><b><span data-contrast=\"auto\">la vida als camps de concentraci\u00f3 dels Pirineus<\/span><\/b><span data-contrast=\"auto\">. \u202f<\/span><span data-ccp-props=\"{&quot;134233117&quot;:false,&quot;134233118&quot;:true,&quot;201341983&quot;:0,&quot;335551550&quot;:6,&quot;335551620&quot;:6,&quot;335559738&quot;:0,&quot;335559740&quot;:240}\">\u00a0<\/span><\/p>\n<p><span data-contrast=\"auto\">Franch va n\u00e9ixer a Castellter\u00e7ol el 1915. Casa seva era Cal Carreter, se\u2019ls coneixia perqu\u00e8 constru\u00efen carruatges. Ell, per\u00f2, preferia treballar amb altres eines, els pinzells i les pintures. Estava interessat en les arts. I per aix\u00f2, de ben jove, va marxar cap a Barcelona a estudiar a l\u2019Escola de Patrons Decoradors. Va atrevir-se amb moltes t\u00e8cniques. A Olot va treballar per a un taller d\u2019imatgeria religiosa, on practic\u00e0 l\u2019escultura, el daurat i l\u2019ornamentaci\u00f3 de sants. I a Barcelona va pintar amb aquarel\u00b7les.<\/span><span data-ccp-props=\"{&quot;134233117&quot;:false,&quot;134233118&quot;:true,&quot;201341983&quot;:0,&quot;335551550&quot;:6,&quot;335551620&quot;:6,&quot;335559738&quot;:0,&quot;335559740&quot;:240}\">\u00a0<\/span><\/p>\n<p><span data-contrast=\"auto\">Despr\u00e9s va arribar la guerra civil. Va lluitar al front d\u2019Arag\u00f3 i es va unir al gran \u00e8xode de republicans que es van\u202f<\/span><b><span data-contrast=\"auto\">exiliar a Fran\u00e7a<\/span><\/b><span data-contrast=\"auto\">. S\u2019hi qued\u00e0 a viure. I all\u00e0 va treballar l\u2019art mural, els mosaics i els vitralls. Franch, molt influ\u00eft per l\u2019estil cubista, va guanyar reconeixement i va exposar a diversos llocs del\u202f m\u00f3n. Va morir a la Proven\u00e7a, on vivia, el 2005.<\/span><span data-ccp-props=\"{&quot;134233117&quot;:false,&quot;134233118&quot;:true,&quot;201341983&quot;:0,&quot;335551550&quot;:6,&quot;335551620&quot;:6,&quot;335559738&quot;:0,&quot;335559740&quot;:240}\">\u00a0<\/span><\/p>\n<p><span data-contrast=\"auto\">L\u2019exili va marcar Josep Franch. Visqu\u00e9 un aut\u00e8ntic calvari als camps de concentraci\u00f3 de\u202f<\/span><b><span data-contrast=\"auto\">Sant Cebri\u00e0<\/span><\/b><span data-contrast=\"auto\">, al Rossell\u00f3, i de\u202f<\/span><b><span data-contrast=\"auto\">Gurs<\/span><\/b><span data-contrast=\"auto\">, al Pirineu Atl\u00e0ntic, prop de Pau. I despr\u00e9s als camps de treball de\u202f<\/span><b><span data-contrast=\"auto\">Saint Remy<\/span><\/b><span data-contrast=\"auto\">, a la Proven\u00e7a. Aquesta dura experi\u00e8ncia tamb\u00e9 va influir enormement en la seva obra. Va fer m\u00e9s de dues-centes obres narrant la\u202f<\/span><b><span data-contrast=\"auto\">peregrinaci\u00f3 a l\u2019exili<\/span><\/b><span data-contrast=\"auto\">\u202fi\u202f<\/span><b><span data-contrast=\"auto\">l\u2019estada als camps<\/span><\/b><span data-contrast=\"auto\">. Un conjunt sobre la guerra civil, de gran valor art\u00edstic i hist\u00f2ric, que va donar a\u202f<\/span><b><span data-contrast=\"auto\">l\u2019Arxiu Nacional de Catalunya.<\/span><\/b><span data-contrast=\"auto\">\u202f\u202f<\/span><span data-ccp-props=\"{&quot;134233117&quot;:false,&quot;134233118&quot;:true,&quot;201341983&quot;:0,&quot;335551550&quot;:6,&quot;335551620&quot;:6,&quot;335559738&quot;:0,&quot;335559740&quot;:240}\">\u00a0<\/span><\/p>\n<p><span data-contrast=\"auto\">Alguns dels seus mosaics i quadres han estat cedits temporalment a l\u2019Ajuntament de Castellter\u00e7ol. Durant una temporada van estar exposats a\u202f<\/span><b><span data-contrast=\"auto\">l\u2019Espai Franch,<\/span><\/b><span data-contrast=\"auto\">\u202fun petit museu dedicat a recordar l\u2019obra del pintor castellter\u00e7olenc.<\/span><span data-ccp-props=\"{&quot;134233117&quot;:false,&quot;134233118&quot;:true,&quot;201341983&quot;:0,&quot;335551550&quot;:6,&quot;335551620&quot;:6,&quot;335559738&quot;:0,&quot;335559740&quot;:240}\">\u00a0<\/span><\/p>\n<p><span data-contrast=\"auto\">Actualment l\u2019espai \u00e9s utilitzat per diferents entitats que comparteixen la sala en horaris diferenciats per organitzar les seves activitats.\u00a0<\/span><span data-ccp-props=\"{&quot;134233117&quot;:false,&quot;134233118&quot;:true,&quot;201341983&quot;:0,&quot;335551550&quot;:6,&quot;335551620&quot;:6,&quot;335559738&quot;:0,&quot;335559740&quot;:240}\">\u00a0<\/span><\/p>\n<\/div><\/div><\/div><\/div><\/div>\n","protected":false},"excerpt":{"rendered":"<p>Actualment l\u2019espai \u00e9s utilitzat per diferents entitats que comparteixen la sala en horaris diferenciats per organitzar les seves activitats.\u00a0<\/p>\n","protected":false},"featured_media":6598,"menu_order":0,"template":"","meta":{"_acf_changed":false},"c_equipaments":[99],"municipis-equipaments":[136],"class_list":["post-6597","equipaments","type-equipaments","status-publish","has-post-thumbnail","hentry","c_equipaments-sales-dexposicions","municipis-equipaments-equipaments-castelltercol"],"acf":[],"_links":{"self":[{"href":"https:\/\/moianesturisme.cat\/agendacultural\/wp-json\/wp\/v2\/equipaments\/6597","targetHints":{"allow":["GET"]}}],"collection":[{"href":"https:\/\/moianesturisme.cat\/agendacultural\/wp-json\/wp\/v2\/equipaments"}],"about":[{"href":"https:\/\/moianesturisme.cat\/agendacultural\/wp-json\/wp\/v2\/types\/equipaments"}],"wp:featuredmedia":[{"embeddable":true,"href":"https:\/\/moianesturisme.cat\/agendacultural\/wp-json\/wp\/v2\/media\/6598"}],"wp:attachment":[{"href":"https:\/\/moianesturisme.cat\/agendacultural\/wp-json\/wp\/v2\/media?parent=6597"}],"wp:term":[{"taxonomy":"c_equipaments","embeddable":true,"href":"https:\/\/moianesturisme.cat\/agendacultural\/wp-json\/wp\/v2\/c_equipaments?post=6597"},{"taxonomy":"municipis-equipaments","embeddable":true,"href":"https:\/\/moianesturisme.cat\/agendacultural\/wp-json\/wp\/v2\/municipis-equipaments?post=6597"}],"curies":[{"name":"wp","href":"https:\/\/api.w.org\/{rel}","templated":true}]}}

<div class="fusion-fullwidth fullwidth-box fusion-builder-row-1 fusion-flex-container nonhundred-percent-fullwidth non-hundred-percent-height-scrolling" style="--awb-border-radius-top-left:0px;--awb-border-radius-top-right:0px;--awb-border-radius-bottom-right:0px;--awb-border-radius-bottom-left:0px;--awb-flex-wrap:wrap;" ><div class="fusion-builder-row fusion-row fusion-flex-align-items-flex-start fusion-flex-content-wrap" style="max-width:1216.8px;margin-left: calc(-4% / 2 );margin-right: calc(-4% / 2 );"><div class="fusion-layout-column fusion_builder_column fusion-builder-column-0 fusion_builder_column_1_1 1_1 fusion-flex-column" style="--awb-bg-size:cover;--awb-width-large:100%;--awb-margin-top-large:0px;--awb-spacing-right-large:1.92%;--awb-margin-bottom-large:0px;--awb-spacing-left-large:1.92%;--awb-width-medium:100%;--awb-spacing-right-medium:1.92%;--awb-spacing-left-medium:1.92%;--awb-width-small:100%;--awb-spacing-right-small:1.92%;--awb-spacing-left-small:1.92%;"><div class="fusion-column-wrapper fusion-flex-justify-content-flex-start fusion-content-layout-column"><div class="fusion-text fusion-text-1"><p><b><span data-contrast="auto">Josep Franch Clapers</span></b><span data-contrast="auto"> va ser un artista multidisciplinari que va deixar un important llegat en forma de </span><b><span data-contrast="auto">grans murals, dibuixos en tinta xinesa</span></b><span data-contrast="auto">, quadres fets amb diferents tècniques,</span><b><span data-contrast="auto"> mosaics, vitralls i escultures</span></b><span data-contrast="auto">. En destaca una col·lecció d’obres dedicades a explicar la tristor de </span><b><span data-contrast="auto">l’exili republicà</span></b><span data-contrast="auto"> en acabar-se la guerra civil espanyola. I la duresa de </span><b><span data-contrast="auto">la vida als camps de concentració dels Pirineus</span></b><span data-contrast="auto">.  </span><span data-ccp-props="{&quot;134233117&quot;:false,&quot;134233118&quot;:true,&quot;201341983&quot;:0,&quot;335551550&quot;:6,&quot;335551620&quot;:6,&quot;335559738&quot;:0,&quot;335559740&quot;:240}"> </span></p>
<p><span data-contrast="auto">Franch va néixer a Castellterçol el 1915. Casa seva era Cal Carreter, se’ls coneixia perquè construïen carruatges. Ell, però, preferia treballar amb altres eines, els pinzells i les pintures. Estava interessat en les arts. I per això, de ben jove, va marxar cap a Barcelona a estudiar a l’Escola de Patrons Decoradors. Va atrevir-se amb moltes tècniques. A Olot va treballar per a un taller d’imatgeria religiosa, on practicà l’escultura, el daurat i l’ornamentació de sants. I a Barcelona va pintar amb aquarel·les.</span><span data-ccp-props="{&quot;134233117&quot;:false,&quot;134233118&quot;:true,&quot;201341983&quot;:0,&quot;335551550&quot;:6,&quot;335551620&quot;:6,&quot;335559738&quot;:0,&quot;335559740&quot;:240}"> </span></p>
<p><span data-contrast="auto">Després va arribar la guerra civil. Va lluitar al front d’Aragó i es va unir al gran èxode de republicans que es van </span><b><span data-contrast="auto">exiliar a França</span></b><span data-contrast="auto">. S’hi quedà a viure. I allà va treballar l’art mural, els mosaics i els vitralls. Franch, molt influït per l’estil cubista, va guanyar reconeixement i va exposar a diversos llocs del  món. Va morir a la Provença, on vivia, el 2005.</span><span data-ccp-props="{&quot;134233117&quot;:false,&quot;134233118&quot;:true,&quot;201341983&quot;:0,&quot;335551550&quot;:6,&quot;335551620&quot;:6,&quot;335559738&quot;:0,&quot;335559740&quot;:240}"> </span></p>
<p><span data-contrast="auto">L’exili va marcar Josep Franch. Visqué un autèntic calvari als camps de concentració de </span><b><span data-contrast="auto">Sant Cebrià</span></b><span data-contrast="auto">, al Rosselló, i de </span><b><span data-contrast="auto">Gurs</span></b><span data-contrast="auto">, al Pirineu Atlàntic, prop de Pau. I després als camps de treball de </span><b><span data-contrast="auto">Saint Remy</span></b><span data-contrast="auto">, a la Provença. Aquesta dura experiència també va influir enormement en la seva obra. Va fer més de dues-centes obres narrant la </span><b><span data-contrast="auto">peregrinació a l’exili</span></b><span data-contrast="auto"> i </span><b><span data-contrast="auto">l’estada als camps</span></b><span data-contrast="auto">. Un conjunt sobre la guerra civil, de gran valor artístic i històric, que va donar a </span><b><span data-contrast="auto">l’Arxiu Nacional de Catalunya.</span></b><span data-contrast="auto">  </span><span data-ccp-props="{&quot;134233117&quot;:false,&quot;134233118&quot;:true,&quot;201341983&quot;:0,&quot;335551550&quot;:6,&quot;335551620&quot;:6,&quot;335559738&quot;:0,&quot;335559740&quot;:240}"> </span></p>
<p><span data-contrast="auto">Alguns dels seus mosaics i quadres han estat cedits temporalment a l’Ajuntament de Castellterçol. Durant una temporada van estar exposats a </span><b><span data-contrast="auto">l’Espai Franch,</span></b><span data-contrast="auto"> un petit museu dedicat a recordar l’obra del pintor castellterçolenc.</span><span data-ccp-props="{&quot;134233117&quot;:false,&quot;134233118&quot;:true,&quot;201341983&quot;:0,&quot;335551550&quot;:6,&quot;335551620&quot;:6,&quot;335559738&quot;:0,&quot;335559740&quot;:240}"> </span></p>
<p><span data-contrast="auto">Actualment l’espai és utilitzat per diferents entitats que comparteixen la sala en horaris diferenciats per organitzar les seves activitats. </span><span data-ccp-props="{&quot;134233117&quot;:false,&quot;134233118&quot;:true,&quot;201341983&quot;:0,&quot;335551550&quot;:6,&quot;335551620&quot;:6,&quot;335559738&quot;:0,&quot;335559740&quot;:240}"> </span></p>
</div></div></div></div></div>

<p>Actualment l’espai és utilitzat per diferents entitats que comparteixen la sala en horaris diferenciats per organitzar les seves activitats. </p>
