{"id":6591,"date":"2023-06-13T18:31:11","date_gmt":"2023-06-13T16:31:11","guid":{"rendered":"https:\/\/moianesturisme.cat\/agendacultural\/?post_type=equipaments&#038;p=6591"},"modified":"2025-02-04T18:06:55","modified_gmt":"2025-02-04T16:06:55","slug":"cal-recader","status":"publish","type":"equipaments","link":"https:\/\/moianesturisme.cat\/agendacultural\/equipaments\/cal-recader\/","title":{"rendered":"CAL RECADER"},"content":{"rendered":"<div class=\"fusion-fullwidth fullwidth-box fusion-builder-row-1 fusion-flex-container nonhundred-percent-fullwidth non-hundred-percent-height-scrolling\" style=\"--awb-border-radius-top-left:0px;--awb-border-radius-top-right:0px;--awb-border-radius-bottom-right:0px;--awb-border-radius-bottom-left:0px;--awb-flex-wrap:wrap;\" ><div class=\"fusion-builder-row fusion-row fusion-flex-align-items-flex-start fusion-flex-content-wrap\" style=\"max-width:1216.8px;margin-left: calc(-4% \/ 2 );margin-right: calc(-4% \/ 2 );\"><div class=\"fusion-layout-column fusion_builder_column fusion-builder-column-0 fusion_builder_column_1_1 1_1 fusion-flex-column\" style=\"--awb-bg-size:cover;--awb-width-large:100%;--awb-margin-top-large:0px;--awb-spacing-right-large:1.92%;--awb-margin-bottom-large:0px;--awb-spacing-left-large:1.92%;--awb-width-medium:100%;--awb-spacing-right-medium:1.92%;--awb-spacing-left-medium:1.92%;--awb-width-small:100%;--awb-spacing-right-small:1.92%;--awb-spacing-left-small:1.92%;\"><div class=\"fusion-column-wrapper fusion-flex-justify-content-flex-start fusion-content-layout-column\"><div class=\"fusion-text fusion-text-1\"><p><span data-contrast=\"auto\">Aquest edifici\u00a0 \u00e9s un espai polivalent que acull propostes diverses, dona cabuda a entitats i la seva activitat. Cal Recader \u00e9s un edifici de dues plantes amb un espai exterior de jard\u00ed.<\/span><span data-ccp-props=\"{&quot;201341983&quot;:0,&quot;335559739&quot;:160,&quot;335559740&quot;:259}\">\u00a0<\/span><\/p>\n<p><span data-contrast=\"auto\">A la Sala de Ferran Mir\u00f3, s\u2019hi guarden els Gegants i Nans de Castellter\u00e7ol.\u00a0<\/span><span data-ccp-props=\"{&quot;201341983&quot;:0,&quot;335559739&quot;:160,&quot;335559740&quot;:259}\">\u00a0<\/span><\/p>\n<p><span data-contrast=\"auto\">Tamb\u00e9 hi ha l\u2019espai expositiu permanent: Espai Dansa (inaugurat l\u2019any 2017), on es conserven un gran nombre d\u2019elements relacionats amb la Dansa de Castellter\u00e7ol i amb el Ball del Ciri. Entre els elements m\u00e9s destacats s\u2019hi troben diferents vestits que s\u2019han utilitzat al llarg dels anys, aix\u00ed com diverses almorratxes i ciris. Tamb\u00e9 es custodien els pentagrames relacionats amb aquests balls, fruit de les troballes a mans de particulars.\u00a0\u00a0<\/span><span data-ccp-props=\"{&quot;201341983&quot;:0,&quot;335559739&quot;:160,&quot;335559740&quot;:259}\">\u00a0<\/span><\/p>\n<p><span data-contrast=\"auto\">Finalment tamb\u00e9 acull l\u2019Escola de M\u00fasica i Dansa Municipal, gestionada per l\u2019AMPA , i la Coral Castellter\u00e7ol.\u00a0<\/span><span data-ccp-props=\"{&quot;201341983&quot;:0,&quot;335559739&quot;:160,&quot;335559740&quot;:259}\">\u00a0<\/span><\/p>\n<\/div><\/div><\/div><\/div><\/div>\n","protected":false},"excerpt":{"rendered":"<p>Espai polivalent que acull l\u2019Escola de M\u00fasica i Dansa, s\u2019hi guarden els Gegants i Nans i compta tamb\u00e9 amb l\u2019espai expositiu: Espai Dansa, entre d\u2019altres.   <\/p>\n","protected":false},"featured_media":6592,"menu_order":0,"template":"","meta":{"_acf_changed":false},"c_equipaments":[100,99],"municipis-equipaments":[136],"class_list":["post-6591","equipaments","type-equipaments","status-publish","has-post-thumbnail","hentry","c_equipaments-altres-espais","c_equipaments-sales-dexposicions","municipis-equipaments-equipaments-castelltercol"],"acf":[],"_links":{"self":[{"href":"https:\/\/moianesturisme.cat\/agendacultural\/wp-json\/wp\/v2\/equipaments\/6591","targetHints":{"allow":["GET"]}}],"collection":[{"href":"https:\/\/moianesturisme.cat\/agendacultural\/wp-json\/wp\/v2\/equipaments"}],"about":[{"href":"https:\/\/moianesturisme.cat\/agendacultural\/wp-json\/wp\/v2\/types\/equipaments"}],"wp:featuredmedia":[{"embeddable":true,"href":"https:\/\/moianesturisme.cat\/agendacultural\/wp-json\/wp\/v2\/media\/6592"}],"wp:attachment":[{"href":"https:\/\/moianesturisme.cat\/agendacultural\/wp-json\/wp\/v2\/media?parent=6591"}],"wp:term":[{"taxonomy":"c_equipaments","embeddable":true,"href":"https:\/\/moianesturisme.cat\/agendacultural\/wp-json\/wp\/v2\/c_equipaments?post=6591"},{"taxonomy":"municipis-equipaments","embeddable":true,"href":"https:\/\/moianesturisme.cat\/agendacultural\/wp-json\/wp\/v2\/municipis-equipaments?post=6591"}],"curies":[{"name":"wp","href":"https:\/\/api.w.org\/{rel}","templated":true}]}}

<div class="fusion-fullwidth fullwidth-box fusion-builder-row-1 fusion-flex-container nonhundred-percent-fullwidth non-hundred-percent-height-scrolling" style="--awb-border-radius-top-left:0px;--awb-border-radius-top-right:0px;--awb-border-radius-bottom-right:0px;--awb-border-radius-bottom-left:0px;--awb-flex-wrap:wrap;" ><div class="fusion-builder-row fusion-row fusion-flex-align-items-flex-start fusion-flex-content-wrap" style="max-width:1216.8px;margin-left: calc(-4% / 2 );margin-right: calc(-4% / 2 );"><div class="fusion-layout-column fusion_builder_column fusion-builder-column-0 fusion_builder_column_1_1 1_1 fusion-flex-column" style="--awb-bg-size:cover;--awb-width-large:100%;--awb-margin-top-large:0px;--awb-spacing-right-large:1.92%;--awb-margin-bottom-large:0px;--awb-spacing-left-large:1.92%;--awb-width-medium:100%;--awb-spacing-right-medium:1.92%;--awb-spacing-left-medium:1.92%;--awb-width-small:100%;--awb-spacing-right-small:1.92%;--awb-spacing-left-small:1.92%;"><div class="fusion-column-wrapper fusion-flex-justify-content-flex-start fusion-content-layout-column"><div class="fusion-text fusion-text-1"><p><span data-contrast="auto">Aquest edifici  és un espai polivalent que acull propostes diverses, dona cabuda a entitats i la seva activitat. Cal Recader és un edifici de dues plantes amb un espai exterior de jardí.</span><span data-ccp-props="{&quot;201341983&quot;:0,&quot;335559739&quot;:160,&quot;335559740&quot;:259}"> </span></p>
<p><span data-contrast="auto">A la Sala de Ferran Miró, s’hi guarden els Gegants i Nans de Castellterçol. </span><span data-ccp-props="{&quot;201341983&quot;:0,&quot;335559739&quot;:160,&quot;335559740&quot;:259}"> </span></p>
<p><span data-contrast="auto">També hi ha l’espai expositiu permanent: Espai Dansa (inaugurat l’any 2017), on es conserven un gran nombre d’elements relacionats amb la Dansa de Castellterçol i amb el Ball del Ciri. Entre els elements més destacats s’hi troben diferents vestits que s’han utilitzat al llarg dels anys, així com diverses almorratxes i ciris. També es custodien els pentagrames relacionats amb aquests balls, fruit de les troballes a mans de particulars.  </span><span data-ccp-props="{&quot;201341983&quot;:0,&quot;335559739&quot;:160,&quot;335559740&quot;:259}"> </span></p>
<p><span data-contrast="auto">Finalment també acull l’Escola de Música i Dansa Municipal, gestionada per l’AMPA , i la Coral Castellterçol. </span><span data-ccp-props="{&quot;201341983&quot;:0,&quot;335559739&quot;:160,&quot;335559740&quot;:259}"> </span></p>
</div></div></div></div></div>

<p>Espai polivalent que acull l’Escola de Música i Dansa, s’hi guarden els Gegants i Nans i compta també amb l’espai expositiu: Espai Dansa, entre d’altres.   </p>
