{"id":6585,"date":"2023-06-12T16:52:02","date_gmt":"2023-06-12T14:52:02","guid":{"rendered":"https:\/\/moianesturisme.cat\/agendacultural\/?post_type=equipaments&#038;p=6585"},"modified":"2025-02-04T18:10:13","modified_gmt":"2025-02-04T16:10:13","slug":"centre-espai-escenic","status":"publish","type":"equipaments","link":"https:\/\/moianesturisme.cat\/agendacultural\/equipaments\/centre-espai-escenic\/","title":{"rendered":"CENTRE ESPAI ESC\u00c8NIC"},"content":{"rendered":"<div class=\"fusion-fullwidth fullwidth-box fusion-builder-row-1 fusion-flex-container nonhundred-percent-fullwidth non-hundred-percent-height-scrolling\" style=\"--awb-border-radius-top-left:0px;--awb-border-radius-top-right:0px;--awb-border-radius-bottom-right:0px;--awb-border-radius-bottom-left:0px;--awb-flex-wrap:wrap;\" ><div class=\"fusion-builder-row fusion-row fusion-flex-align-items-flex-start fusion-flex-content-wrap\" style=\"max-width:1216.8px;margin-left: calc(-4% \/ 2 );margin-right: calc(-4% \/ 2 );\"><div class=\"fusion-layout-column fusion_builder_column fusion-builder-column-0 fusion_builder_column_1_1 1_1 fusion-flex-column\" style=\"--awb-bg-size:cover;--awb-width-large:100%;--awb-margin-top-large:0px;--awb-spacing-right-large:1.92%;--awb-margin-bottom-large:0px;--awb-spacing-left-large:1.92%;--awb-width-medium:100%;--awb-spacing-right-medium:1.92%;--awb-spacing-left-medium:1.92%;--awb-width-small:100%;--awb-spacing-right-small:1.92%;--awb-spacing-left-small:1.92%;\"><div class=\"fusion-column-wrapper fusion-flex-justify-content-flex-start fusion-content-layout-column\"><div class=\"fusion-text fusion-text-1\"><p><span data-contrast=\"auto\">El Centre, Espai Esc\u00e8nic, \u00e9s\u202fl\u2019\u00e0gora cultural\u202fde Castellter\u00e7ol. Es tracta d\u2019un petit teatre que t\u00e9 un \u00fas m\u00faltiple. Anualment recull una programaci\u00f3 diversa de teatre, m\u00fasica, dansa i cinema. Tamb\u00e9 l\u2019utilitzen les entitats del poble per a fer-hi activitats, com espectacles, xerrades o presentacions.<\/span><span data-ccp-props=\"{&quot;134233117&quot;:false,&quot;134233118&quot;:true,&quot;201341983&quot;:0,&quot;335559738&quot;:0,&quot;335559740&quot;:240}\">\u00a0<\/span><\/p>\n<p><span data-contrast=\"auto\">La seu del CENTRE es remunta a molts anys enrere, quan al 1862 es va crear un Centre Moral per la poblaci\u00f3 de Castellter\u00e7ol. Des d\u2019aleshores fins al 1996 es va mantenir amb \u00e8xit per\u00f2 arran de les noves tecnologies que arribaven a les cases, el Centre va haver de tancar, mantenint per\u00f2 el bar. Anys m\u00e9s tard, l\u2019equip de govern de l\u2019Ajuntament va optar per reconstruir aquella joia hist\u00f2rica i al febrer del 2007 es va tornar a inaugurar.\u00a0<\/span><span data-ccp-props=\"{&quot;201341983&quot;:0,&quot;335559739&quot;:160,&quot;335559740&quot;:240}\">\u00a0<\/span><\/p>\n<p><span data-contrast=\"auto\">Ara \u00e9s un espai on es realitzen\u202f<\/span><b><span data-contrast=\"auto\">activitats programades<\/span><\/b><span data-contrast=\"auto\">\u202fdurant tot l&#8217;any tan per a joves com per adults. No solament es realitzen actes musicals sin\u00f3 tamb\u00e9 infantils, teatrals i altres relacionats amb les arts esc\u00e8niques.\u202fAmb el nom de El Centru, organitza una\u202fprogramaci\u00f3 professional\u202fde teatre m\u00fasica i dansa. Tamb\u00e9 acull la mostra de teatre\u202fAmateur Escena42,\u202f el cicle per a escoles i instituts\u202fAnem al Teatre\u202fi la programaci\u00f3 de cinema del\u202fCineclub.<\/span><span data-ccp-props=\"{&quot;134233117&quot;:false,&quot;134233118&quot;:true,&quot;201341983&quot;:0,&quot;335559738&quot;:0,&quot;335559740&quot;:240}\">\u00a0<\/span><\/p>\n<\/div><\/div><\/div><\/div><\/div>\n","protected":false},"excerpt":{"rendered":"<p>Equipament on es realitzen activitats vinculades, sobretot, amb les arts esc\u00e8niques.    <\/p>\n","protected":false},"featured_media":6586,"menu_order":0,"template":"","meta":{"_acf_changed":false},"c_equipaments":[100,97],"municipis-equipaments":[136],"class_list":["post-6585","equipaments","type-equipaments","status-publish","has-post-thumbnail","hentry","c_equipaments-altres-espais","c_equipaments-equipaments-arts-esceniques","municipis-equipaments-equipaments-castelltercol"],"acf":[],"_links":{"self":[{"href":"https:\/\/moianesturisme.cat\/agendacultural\/wp-json\/wp\/v2\/equipaments\/6585","targetHints":{"allow":["GET"]}}],"collection":[{"href":"https:\/\/moianesturisme.cat\/agendacultural\/wp-json\/wp\/v2\/equipaments"}],"about":[{"href":"https:\/\/moianesturisme.cat\/agendacultural\/wp-json\/wp\/v2\/types\/equipaments"}],"wp:featuredmedia":[{"embeddable":true,"href":"https:\/\/moianesturisme.cat\/agendacultural\/wp-json\/wp\/v2\/media\/6586"}],"wp:attachment":[{"href":"https:\/\/moianesturisme.cat\/agendacultural\/wp-json\/wp\/v2\/media?parent=6585"}],"wp:term":[{"taxonomy":"c_equipaments","embeddable":true,"href":"https:\/\/moianesturisme.cat\/agendacultural\/wp-json\/wp\/v2\/c_equipaments?post=6585"},{"taxonomy":"municipis-equipaments","embeddable":true,"href":"https:\/\/moianesturisme.cat\/agendacultural\/wp-json\/wp\/v2\/municipis-equipaments?post=6585"}],"curies":[{"name":"wp","href":"https:\/\/api.w.org\/{rel}","templated":true}]}}

CENTRE ESPAI ESCÈNIC

<div class="fusion-fullwidth fullwidth-box fusion-builder-row-1 fusion-flex-container nonhundred-percent-fullwidth non-hundred-percent-height-scrolling" style="--awb-border-radius-top-left:0px;--awb-border-radius-top-right:0px;--awb-border-radius-bottom-right:0px;--awb-border-radius-bottom-left:0px;--awb-flex-wrap:wrap;" ><div class="fusion-builder-row fusion-row fusion-flex-align-items-flex-start fusion-flex-content-wrap" style="max-width:1216.8px;margin-left: calc(-4% / 2 );margin-right: calc(-4% / 2 );"><div class="fusion-layout-column fusion_builder_column fusion-builder-column-0 fusion_builder_column_1_1 1_1 fusion-flex-column" style="--awb-bg-size:cover;--awb-width-large:100%;--awb-margin-top-large:0px;--awb-spacing-right-large:1.92%;--awb-margin-bottom-large:0px;--awb-spacing-left-large:1.92%;--awb-width-medium:100%;--awb-spacing-right-medium:1.92%;--awb-spacing-left-medium:1.92%;--awb-width-small:100%;--awb-spacing-right-small:1.92%;--awb-spacing-left-small:1.92%;"><div class="fusion-column-wrapper fusion-flex-justify-content-flex-start fusion-content-layout-column"><div class="fusion-text fusion-text-1"><p><span data-contrast="auto">El Centre, Espai Escènic, és l’àgora cultural de Castellterçol. Es tracta d’un petit teatre que té un ús múltiple. Anualment recull una programació diversa de teatre, música, dansa i cinema. També l’utilitzen les entitats del poble per a fer-hi activitats, com espectacles, xerrades o presentacions.</span><span data-ccp-props="{&quot;134233117&quot;:false,&quot;134233118&quot;:true,&quot;201341983&quot;:0,&quot;335559738&quot;:0,&quot;335559740&quot;:240}"> </span></p>
<p><span data-contrast="auto">La seu del CENTRE es remunta a molts anys enrere, quan al 1862 es va crear un Centre Moral per la població de Castellterçol. Des d’aleshores fins al 1996 es va mantenir amb èxit però arran de les noves tecnologies que arribaven a les cases, el Centre va haver de tancar, mantenint però el bar. Anys més tard, l’equip de govern de l’Ajuntament va optar per reconstruir aquella joia històrica i al febrer del 2007 es va tornar a inaugurar. </span><span data-ccp-props="{&quot;201341983&quot;:0,&quot;335559739&quot;:160,&quot;335559740&quot;:240}"> </span></p>
<p><span data-contrast="auto">Ara és un espai on es realitzen </span><b><span data-contrast="auto">activitats programades</span></b><span data-contrast="auto"> durant tot l&#8217;any tan per a joves com per adults. No solament es realitzen actes musicals sinó també infantils, teatrals i altres relacionats amb les arts escèniques. Amb el nom de El Centru, organitza una programació professional de teatre música i dansa. També acull la mostra de teatre Amateur Escena42,  el cicle per a escoles i instituts Anem al Teatre i la programació de cinema del Cineclub.</span><span data-ccp-props="{&quot;134233117&quot;:false,&quot;134233118&quot;:true,&quot;201341983&quot;:0,&quot;335559738&quot;:0,&quot;335559740&quot;:240}"> </span></p>
</div></div></div></div></div>

<p>Equipament on es realitzen activitats vinculades, sobretot, amb les arts escèniques.    </p>
